000
CXUS51 KBGM 011355 CCA
CF6AVP
PRELIMINARY LOCAL CLIMATOLOGICAL DATA (WS FORM: F-6)
STATION: AVOCA PA
MONTH: SEPTEMBER
YEAR: 2020
LATITUDE: 41 19 N
LONGITUDE: 75 44 W
TEMPERATURE IN F: :PCPN: SNOW: WIND :SUNSHINE: SKY :PK WND
================================================================================
1 2 3 4 5 6A 6B 7 8 9 10 11 12 13 14 15 16 17 18
12Z AVG MX 2MIN
DY MAX MIN AVG DEP HDD CDD WTR SNW DPTH SPD SPD DIR MIN PSBL S-S WX SPD DR
================================================================================
1 77 65 71 4 0 6 T 0.0 M 2.4 9 170 M M 10 17 160
2 80 68 74 7 0 9 0.87 0.0 M 3.6 14 260 M M 9 1 17 240
3 83 67 75 8 0 10 T 0.0 M 3.3 10 250 M M 4 1 13 230
4 81 61 71 5 0 6 0.00 0.0 M 5.8 14 340 M M 5 1 17 340
5 77 51 64 -2 1 0 0.00 0.0 M 4.3 16 250 M M 2 20 260
6 80 59 70 4 0 5 T 0.0 M 2.7 9 220 M M 4 13 220
7 78 63 71 6 0 6 0.00 0.0 M 5.9 14 190 M M 1 25 190
8 86 62 74 9 0 9 0.00 0.0 M 3.8 10 210 M M 0 16 240
9 86 65 76 11 0 11 0.00 0.0 M 3.8 8 90 M M 0 11 250
10 85 69 77 13 0 12 0.50 0.0 M 2.7 10 30 M M 6 1 13 20
11 74 55 65 1 0 0 0.00 0.0 M 7.9 15 360 M M 5 20 20
12 70 55 63 -1 2 0 0.00 0.0 M 5.0 12 120 M M 7 22 130
13 76 56 66 3 0 1 0.08 0.0 M 4.9 17 230 M M 7 1 26 230
14 73 49 61 -2 4 0 0.00 0.0 M 10.1 20 360 M M 3 1 25 360
15 67 42 55 -8 10 0 0.00 0.0 M 2.4 7 240 M M 0 10 230
16 71 44 58 -4 7 0 0.00 0.0 M 4.1 13 190 M M 0 19 190
17 75 51 63 1 2 0 0.00 0.0 M 3.2 12 350 M M 2 14 350
18 70 48 59 -2 6 0 0.00 0.0 M 10.7 21 360 M M 5 28 330
19 64 37 51 -10 14 0 0.00 0.0 M 6.1 14 350 M M 0 18 10
20 64 38 51 -10 14 0 0.00 0.0 M 5.5 14 40 M M 0 20 40
21 68 36 52 -8 13 0 0.00 0.0 M 5.5 10 30 M M 0 14 40
22 73 37 55 -5 10 0 0.00 0.0 M 6.7 16 350 M M 0 23 350
23 82 46 64 5 1 0 0.00 0.0 M 5.7 16 340 M M 0 21 320
24 74 50 62 3 3 0 0.00 0.0 M 3.7 10 240 M M 0 8 13 250
25 82 55 69 10 0 4 0.00 0.0 M 3.7 12 280 M M 0 1 15 280
26 69 55 62 4 3 0 0.03 0.0 M 2.1 8 90 M M 6 12 12 110
27 76 64 70 12 0 5 0.04 0.0 M 3.1 10 190 M M 10 1 16 170
28 79 66 73 16 0 8 0.14 0.0 M 4.8 13 190 M M 5 1 23 210
29 75 57 66 9 0 1 0.89 0.0 M 5.8 15 180 M M 10 1 22 220
30 67 54 61 5 4 0 0.48 0.0 M 8.7 23 250 M M 7 1 30 250
================================================================================
SM 2262 1625 94 93 3.03 0.0 148.0 M 108
================================================================================
AV 75.4 54.2 4.9 FASTST M M 4 MAX(MPH)
MISC ----> # 23 250 # 30 250
================================================================================
NOTES:
# LAST OF SEVERAL OCCURRENCES
COLUMN 17 PEAK WIND IN M.P.H.
PRELIMINARY LOCAL CLIMATOLOGICAL DATA (WS FORM: F-6) , PAGE 2
STATION: AVOCA PA
MONTH: SEPTEMBER
YEAR: 2020
LATITUDE: 41 19 N
LONGITUDE: 75 44 W
[TEMPERATURE DATA] [PRECIPITATION DATA] SYMBOLS USED IN COLUMN 16
AVERAGE MONTHLY: 64.8 TOTAL FOR MONTH: 3.03 1 = FOG OR MIST
DPTR FM NORMAL: 2.6 DPTR FM NORMAL: -1.04 2 = FOG REDUCING VISIBILITY
HIGHEST: 86 ON 9, 8 GRTST 24HR 1.37 ON 29-30 TO 1/4 MILE OR LESS
LOWEST: 36 ON 21 3 = THUNDER
SNOW, ICE PELLETS, HAIL 4 = ICE PELLETS
TOTAL MONTH: 0.0 INCH 5 = HAIL
GRTST 24HR 0.0 6 = FREEZING RAIN OR DRIZZLE
GRTST DEPTH: 0 7 = DUSTSTORM OR SANDSTORM:
VSBY 1/2 MILE OR LESS
8 = SMOKE OR HAZE
[NO. OF DAYS WITH] [WEATHER - DAYS WITH] 9 = BLOWING SNOW
X = TORNADO
MAX 32 OR BELOW: 0 0.01 INCH OR MORE: 8
MAX 90 OR ABOVE: 0 0.10 INCH OR MORE: 5
MIN 32 OR BELOW: 0 0.50 INCH OR MORE: 3
MIN 0 OR BELOW: 0 1.00 INCH OR MORE: 0
[HDD (BASE 65) ]
TOTAL THIS MO. 94 CLEAR (SCALE 0-3) 15
DPTR FM NORMAL -42 PTCLDY (SCALE 4-7) 11
TOTAL FM JUL 1 94 CLOUDY (SCALE 8-10) 4
DPTR FM NORMAL -68
[CDD (BASE 65) ]
TOTAL THIS MO. 93
DPTR FM NORMAL 41 [PRESSURE DATA]
TOTAL FM JAN 1 1049 HIGHEST SLP 30.62 ON 21
DPTR FM NORMAL 473 LOWEST SLP 29.48 ON 30
[REMARKS]
#FINAL-09-20#
CORRECTED GREATEST 24 HOUR PRECIPITATION
CORRECTED 12Z SNOW DEPTH TO MISSING ON ALL DAYS