000
CXUS51 KBGM 031820
CLAAVP
CLIMATE REPORT
NATIONAL WEATHER SERVICE BINGHAMTON, NY
120 PM EST MON JAN 03 2022
...................................
...THE AVOCA PA CLIMATE SUMMARY FOR THE YEAR OF 2021...
CLIMATE NORMAL PERIOD 1991 TO 2020
CLIMATE RECORD PERIOD 1901 TO 2021
WEATHER OBSERVED NORMAL DEPART LAST YEAR`S
VALUE DATE(S) VALUE FROM VALUE DATE(S)
NORMAL
................................................................
TEMPERATURE (F)
RECORD
HIGH 103 07/09/1936
LOW -21 01/21/1994
HIGHEST 97 06/29 59 38 97 07/27
LOWEST 8 02/08 40 -32 5 02/15
02/12
12/19
AVG. MAXIMUM 62.1 61.0 1.1 63.2
AVG. MINIMUM 43.9 41.6 2.3 44.0
MEAN 53.0 51.3 1.7 53.6
DAYS MAX >= 90 18 11.7 6.3 25
DAYS MAX <= 32 22 34.8 -12.8 13
DAYS MIN <= 32 109 121.8 -12.8 94
DAYS MIN <= 0 0 2.6 -2.6 0
PRECIPITATION (INCHES)
RECORD
MAXIMUM 61.08 2018
MINIMUM 26.22 1963
TOTALS 46.35 38.72 7.63 36.71
DAILY AVG. 0.13 0.11 0.02 0.10
DAYS >= .01 151 139.1 11.9 133
DAYS >= .10 96 79.5 16.5 75
DAYS >= .50 29 23.3 5.7 24
DAYS >= 1.00 8 7.7 0.3 6
GREATEST
24 HR. TOTAL 5.09 09/01 TO 09/01 2.54 08/04 TO 08/04
STORM TOTAL 5.09 2.54
(MM/DD(HH)) MM
SNOWFALL (INCHES)
RECORDS
TOTAL 80.2 1994
24 HR TOTAL 22.1 03/14/2017 TO 03/14/2017
TOTALS 40.2 45.1 -4.9 29.3
SINCE 7/1 3.4 11.6 -8.2 16.4
DAYS >= TRACE 62 31.2 30.8 49
DAYS >= 1.0 12 13.5 -1.5 11
GREATEST
24 HR TOTAL 13.5 02/01 TO 02/01 7.0 12/16 TO 12/16
STORM TOTAL 13.5 7.0
(MM/DD(HH)) MM
DEGREE DAYS
HEATING TOTAL 5157 5740 -583 5122
SINCE 7/1 1745 2132 -387 1871
COOLING TOTAL 936 791 145 1058
SINCE 1/1 936 790 146 1058
FREEZE DATES
RECORD
EARLIEST 09/21/1956
LATEST 05/25/1956
EARLIEST 11/03
LATEST 04/22
................................................................
WIND (MPH)
AVERAGE WIND SPEED 5.8
RESULTANT WIND SPEED/DIRECTION 2/290
HIGHEST WIND SPEED/DIRECTION 41/270 DATE 08/12
HIGHEST GUST SPEED/DIRECTION 56/270 DATE 08/12
SKY COVER
POSSIBLE SUNSHINE (PERCENT) MM
AVERAGE SKY COVER 0.51
NUMBER OF DAYS FAIR 125
NUMBER OF DAYS PC 108
NUMBER OF DAYS CLOUDY 92
AVERAGE RH (PERCENT) 67
WEATHER CONDITIONS. NUMBER OF DAYS WITH
THUNDERSTORM 39 MIXED PRECIP 0
HEAVY RAIN 54 RAIN 70
LIGHT RAIN 153 FREEZING RAIN 4
LT FREEZING RAIN 4 HAIL 0
HEAVY SNOW 3 SNOW 13
LIGHT SNOW 59 SLEET 0
FOG 169 FOG W/VIS <= 1/4 MILE 26
HAZE 60
- INDICATES NEGATIVE NUMBERS.
R INDICATES RECORD WAS SET OR TIED.
MM INDICATES DATA IS MISSING.
T INDICATES TRACE AMOUNT.
&&
2ND WARMEST YEAR WARMEST 2020 53.7F
$$
TAC