000
CXUS51 KBGM 010849
CLMAVP
CLIMATE REPORT
NATIONAL WEATHER SERVICE BINGHAMTON, NY
449 AM EDT MON MAY 01 2023
...................................
...THE AVOCA PA CLIMATE SUMMARY FOR THE MONTH OF APRIL 2023...
CLIMATE NORMAL PERIOD 1991 TO 2020
CLIMATE RECORD PERIOD 1901 TO 2023
WEATHER OBSERVED NORMAL DEPART LAST YEAR`S
VALUE DATE(S) VALUE FROM VALUE DATE(S)
NORMAL
................................................................
TEMPERATURE (F)
RECORD
HIGH 94 04/18/1896
LOW 14 04/07/1982
HIGHEST 91 04/14 58 33 80 04/14
LOWEST 28 04/08 38 -10 29 04/18
AVG. MAXIMUM 66.7 61.1 5.6 58.9
AVG. MINIMUM 43.4 39.3 4.1 39.3
MEAN 55.0 50.2 4.8 49.1
DAYS MAX >= 90 1 0.1 0.9 0
DAYS MAX <= 32 0 0.0 0.0 0
DAYS MIN <= 32 5 7.3 -2.3 4
DAYS MIN <= 0 0 0.0 0.0 0
PRECIPITATION (INCHES)
RECORD
MAXIMUM 9.56 1983
MINIMUM 0.96 1997
TOTALS 4.52 3.26 1.26 6.16
DAILY AVG. 0.15 0.11 0.04 0.21
DAYS >= .01 13 12.2 0.8 13
DAYS >= .10 6 6.9 -0.9 10
DAYS >= .50 1 2.0 -1.0 5
DAYS >= 1.00 1 0.8 0.2 1
GREATEST
24 HR. TOTAL 3.06 04/30 TO 04/30
SNOWFALL (INCHES)
RECORDS
TOTAL 26.7 1983
24 HR TOTAL 10.0 04/16/2007 TO 04/16/2007
TOTALS T 0.8 -0.8 2.2
SINCE 7/1 21.3 45.1 -23.8 MM
DAYS >= TRACE 1 1.0 0.0 8
DAYS >= 1.0 0 0.2 -0.2 1
GREATEST
24 HR TOTAL MM
DEGREE DAYS
HEATING TOTAL 321 452 -131 470
SINCE 7/1 4597 5533 -936 MM
COOLING TOTAL 30 8 22 0
SINCE 1/1 30 8 22 MM
................................................................
WIND (MPH)
AVERAGE WIND SPEED 6.9
RESULTANT WIND SPEED/DIRECTION 1/270
HIGHEST WIND SPEED/DIRECTION 35/280 DATE 04/01
HIGHEST GUST SPEED/DIRECTION 46/270 DATE 04/01
SKY COVER
POSSIBLE SUNSHINE (PERCENT) MM
AVERAGE SKY COVER 0.42
NUMBER OF DAYS FAIR 14
NUMBER OF DAYS PC 9
NUMBER OF DAYS CLOUDY 7
AVERAGE RH (PERCENT) 57
WEATHER CONDITIONS. NUMBER OF DAYS WITH
THUNDERSTORM 4 MIXED PRECIP 0
HEAVY RAIN 4 RAIN 7
LIGHT RAIN 14 FREEZING RAIN 0
LT FREEZING RAIN 0 HAIL 0
HEAVY SNOW 0 SNOW 0
LIGHT SNOW 1 SLEET 0
FOG 13 FOG W/VIS <= 1/4 MILE 1
HAZE 5
- INDICATES NEGATIVE NUMBERS.
R INDICATES RECORD WAS SET OR TIED.
MM INDICATES DATA IS MISSING.
T INDICATES TRACE AMOUNT.
$$