000
CXUS51 KBOX 011020
CF6BDL
PRELIMINARY LOCAL CLIMATOLOGICAL DATA (WS FORM: F-6)
STATION: HARTFORD CT
MONTH: JUNE
YEAR: 2020
LATITUDE: 41 55 N
LONGITUDE: 72 41 W
TEMPERATURE IN F: :PCPN: SNOW: WIND :SUNSHINE: SKY :PK WND
================================================================================
1 2 3 4 5 6A 6B 7 8 9 10 11 12 13 14 15 16 17 18
12Z AVG MX 2MIN
DY MAX MIN AVG DEP HDD CDD WTR SNW DPTH SPD SPD DIR MIN PSBL S-S WX SPD DR
================================================================================
1 67 37 52 -12 13 0 0.00 0.0 0 5.8 23 300 M M 5 30 310
2 72 42 57 -7 8 0 T 0.0 0 3.5 17 200 M M 8 24 210
3 83 54 69 4 0 4 T 0.0 0 5.3 18 270 M M 8 23 290
4 90 60 75 10 0 10 0.00 0.0 0 7.5 18 240 M M 5 1 22 220
5 83 66 75 10 0 10 0.02 0.0 0 9.2 17 180 M M 9 1 24 180
6 89 60 75 9 0 10 0.20 0.0 0 9.9 25 330 M M 6 13 34 330
7 74 51 63 -3 2 0 0.00 0.0 0 10.5 21 10 M M 5 28 10
8 80 46 63 -3 2 0 0.00 0.0 0 6.1 18 330 M M 3 28 320
9 88 58 73 6 0 8 0.00 0.0 0 5.6 17 230 M M 7 24 220
10 86 61 74 7 0 9 0.00 0.0 0 9.1 20 180 M M 8 23 170
11 76 68 72 5 0 7 0.20 0.0 0 11.3 21 180 M M 10 13 27 190
12 86 63 75 7 0 10 0.00 0.0 0 7.1 20 240 M M 6 1 30 270
13 73 49 61 -7 4 0 0.00 0.0 0 8.6 17 310 M M 3 21 320
14 75 45 60 -8 5 0 0.00 0.0 0 6.2 15 160 M M 5 17 160
15 77 51 64 -5 1 0 0.00 0.0 0 5.0 13 30 M M 6 18 30
16 81 49 65 -4 0 0 0.00 0.0 0 5.5 13 130 M M 4 18 20
17 85 50 68 -1 0 3 0.00 0.0 0 4.7 18 200 M M 2 1 22 210
18 86 65 76 7 0 11 0.00 0.0 0 7.8 16 200 M M 7 20 210
19 88 68 78 8 0 13 0.00 0.0 0 8.1 17 200 M M 6 22 190
20 92 65 79 9 0 14 0.00 0.0 0 8.1 16 200 M M 4 21 200
21 92 66 79 9 0 14 0.00 0.0 0 6.7 14 170 M M 5 M 190
22 94 68 81 11 0 16 0.00 0.0 0 6.8 17 160 M M 5 24 110
23 91 67 79 8 0 14 0.00 0.0 0 10.2 22 180 M M 4 30 180
24 91 67 79 8 0 14 T 0.0 0 8.1 17 210 M M 7 18 23 230
25 88 58 73 2 0 8 0.00 0.0 0 6.6 20 240 M M 5 25 240
26 88 60 74 3 0 9 0.00 0.0 0 4.7 21 260 M M 4 24 260
27 80 57 69 -3 0 4 0.40 0.0 0 3.9 13 60 M M 7 1 15 60
28 89 60 75 3 0 10 0.00 0.0 0 4.6 17 190 M M 6 123 20 190
29 82 63 73 1 0 8 T 0.0 0 6.8 18 360 M M 6 13 24 10
30 79 63 71 -1 0 6 0.42 0.0 0 5.2 21 50 M M 9 138 23 40
================================================================================
SM 2505 1737 35 212 1.24 0.0 208.5 M 175
================================================================================
AV 83.5 57.9 6.9 FASTST M M 6 MAX(MPH)
MISC ----> # 25 330 # 34 330
================================================================================
NOTES:
# LAST OF SEVERAL OCCURRENCES
COLUMN 17 PEAK WIND IN M.P.H.
PRELIMINARY LOCAL CLIMATOLOGICAL DATA (WS FORM: F-6) , PAGE 2
STATION: HARTFORD CT
MONTH: JUNE
YEAR: 2020
LATITUDE: 41 55 N
LONGITUDE: 72 41 W
[TEMPERATURE DATA] [PRECIPITATION DATA] SYMBOLS USED IN COLUMN 16
AVERAGE MONTHLY: 70.7 TOTAL FOR MONTH: 1.24 1 = FOG OR MIST
DPTR FM NORMAL: 2.2 DPTR FM NORMAL: -3.11 2 = FOG REDUCING VISIBILITY
HIGHEST: 94 ON 22 GRTST 24HR 0.42 ON 30-30 TO 1/4 MILE OR LESS
LOWEST: 37 ON 1 3 = THUNDER
SNOW, ICE PELLETS, HAIL 4 = ICE PELLETS
TOTAL MONTH: 0.0 INCH 5 = HAIL
GRTST 24HR 0.0 6 = FREEZING RAIN OR DRIZZLE
GRTST DEPTH: 0 7 = DUSTSTORM OR SANDSTORM:
VSBY 1/2 MILE OR LESS
8 = SMOKE OR HAZE
[NO. OF DAYS WITH] [WEATHER - DAYS WITH] 9 = BLOWING SNOW
X = TORNADO
MAX 32 OR BELOW: 0 0.01 INCH OR MORE: 5
MAX 90 OR ABOVE: 6 0.10 INCH OR MORE: 4
MIN 32 OR BELOW: 0 0.50 INCH OR MORE: 0
MIN 0 OR BELOW: 0 1.00 INCH OR MORE: 0
[HDD (BASE 65) ]
TOTAL THIS MO. 35 CLEAR (SCALE 0-3) 3
DPTR FM NORMAL -5 PTCLDY (SCALE 4-7) 23
TOTAL FM JUL 1 5512 CLOUDY (SCALE 8-10) 4
DPTR FM NORMAL -486
[CDD (BASE 65) ]
TOTAL THIS MO. 212
DPTR FM NORMAL 68 [PRESSURE DATA]
TOTAL FM JAN 1 253 HIGHEST SLP 30.45 ON 15
DPTR FM NORMAL 70 LOWEST SLP 29.53 ON 3
[REMARKS]
#FINAL-06-20#