000
CXUS51 KOKX 011010
CF6BDR
PRELIMINARY LOCAL CLIMATOLOGICAL DATA (WS FORM: F-6)
STATION: BRIDGEPORT CT
MONTH: NOVEMBER
YEAR: 2021
LATITUDE: 41 10 N
LONGITUDE: 73 8 W
TEMPERATURE IN F: :PCPN: SNOW: WIND :SUNSHINE: SKY :PK WND
================================================================================
1 2 3 4 5 6A 6B 7 8 9 10 11 12 13 14 15 16 17 18
12Z AVG MX 2MIN
DY MAX MIN AVG DEP HDD CDD WTR SNW DPTH SPD SPD DIR MIN PSBL S-S WX SPD DR
================================================================================
1 62 48 55 4 10 0 0.00 0.0 0 11.3 16 280 M M 1 16 280
2 56 45 51 1 14 0 T 0.0 0 8.7 15 250 M M 7 15 250
3 55 37 46 -4 19 0 0.00 0.0 0 7.3 13 340 M M 1 17 340
4 52 35 44 -6 21 0 0.00 0.0 0 4.6 10 30 M M 0 10 30
5 55 37 46 -3 19 0 0.00 0.0 0 9.5 15 30 M M 0 15 30
6 52 34 43 -6 22 0 0.00 0.0 0 4.3 9 20 M M 0 9 20
7 54 34 44 -5 21 0 0.00 0.0 0 3.7 7 120 M M 0 7 120
8 67 39 53 5 12 0 0.00 0.0 0 4.5 31 320 M M 0 33 320
9 64 38 51 3 14 0 0.00 0.0 0 2.6 8 230 M M 1 8 230
10 66 42 54 6 11 0 0.00 0.0 0 9.1 22 350 M M 1 26 360
11 59 36 48 1 17 0 T 0.0 0 9.2 16 130 M M 3 31 110
12 67 47 57 10 8 0 0.45 0.0 0 11.5 23 190 M M 6 1 35 190
13 61 40 51 4 14 0 0.19 0.0 0 12.3 18 300 M M 1 13 28 300
14 49 36 43 -3 22 0 0.02 0.0 0 11.3 22 250 M M 3 31 220
15 48 39 44 -2 21 0 T 0.0 0 13.4 18 290 M M 5 24 290
16 50 36 43 -3 22 0 0.00 0.0 0 8.6 15 300 M M 1 15 300
17 54 29 42 -4 23 0 0.00 0.0 0 5.1 12 190 M M 3 12 190
18 64 41 53 8 12 0 0.03 0.0 0 8.1 22 320 M M 2 18 37 320
19 50 32 41 -4 24 0 0.16 0.0 0 13.3 22 310 M M 3 28 310
20 47 28 38 -6 27 0 0.00 0.0 0 4.6 13 210 M M 0 13 210
21 55 41 48 4 17 0 0.07 0.0 0 6.2 12 240 M M 6 1 12 240
22 56 33 45 1 20 0 0.13 0.0 0 11.1 15 340 M M 5 24 340
23 43 28 36 -8 29 0 0.00 0.0 0 12.7 23 340 M M 1 30 350
24 45 28 37 -6 28 0 0.00 0.0 0 9.1 22 340 M M 0 28 330
25 53 28 41 -2 24 0 0.00 0.0 0 4.0 12 230 M M 4 15 220
26 49 35 42 -1 23 0 0.09 0.0 0 10.8 25 290 M M 9 37 300
27 43 31 37 -5 28 0 0.00 0.0 0 12.3 25 290 M M 0 33 290
28 36 31 34 -8 31 0 0.01 T 0 5.2 14 260 M M 8 20 270
29 41 29 35 -7 30 0 0.00 0.0 0 7.5 23 320 M M 6 29 340
30 41 25 33 -8 32 0 T T 0 6.4 16 230 M M 7 27 250
================================================================================
SM 1594 1062 615 0 1.15 T 248.3 M 84
================================================================================
AV 53.1 35.4 8.3 FASTST M M 3 MAX(MPH)
MISC ----> 31 320 # 37 320
================================================================================
NOTES:
# LAST OF SEVERAL OCCURRENCES
COLUMN 17 PEAK WIND IN M.P.H.
PRELIMINARY LOCAL CLIMATOLOGICAL DATA (WS FORM: F-6) , PAGE 2
STATION: BRIDGEPORT CT
MONTH: NOVEMBER
YEAR: 2021
LATITUDE: 41 10 N
LONGITUDE: 73 8 W
[TEMPERATURE DATA] [PRECIPITATION DATA] SYMBOLS USED IN COLUMN 16
AVERAGE MONTHLY: 44.3 TOTAL FOR MONTH: 1.15 1 = FOG OR MIST
DPTR FM NORMAL: -1.7 DPTR FM NORMAL: -1.96 2 = FOG REDUCING VISIBILITY
HIGHEST: 67 ON 12, 8 GRTST 24HR 0.45 ON 11-12 TO 1/4 MILE OR LESS
LOWEST: 25 ON 30 3 = THUNDER
SNOW, ICE PELLETS, HAIL 4 = ICE PELLETS
TOTAL MONTH: T 5 = HAIL
GRTST 24HR T ON 28-28 6 = FREEZING RAIN OR DRIZZLE
GRTST DEPTH: 0 7 = DUSTSTORM OR SANDSTORM:
VSBY 1/2 MILE OR LESS
8 = SMOKE OR HAZE
[NO. OF DAYS WITH] [WEATHER - DAYS WITH] 9 = BLOWING SNOW
X = TORNADO
MAX 32 OR BELOW: 0 0.01 INCH OR MORE: 9
MAX 90 OR ABOVE: 0 0.10 INCH OR MORE: 4
MIN 32 OR BELOW: 10 0.50 INCH OR MORE: 0
MIN 0 OR BELOW: 0 1.00 INCH OR MORE: 0
[HDD (BASE 65) ]
TOTAL THIS MO. 615 CLEAR (SCALE 0-3) 19
DPTR FM NORMAL 45 PTCLDY (SCALE 4-7) 9
TOTAL FM JUL 1 755 CLOUDY (SCALE 8-10) 2
DPTR FM NORMAL -144
[CDD (BASE 65) ]
TOTAL THIS MO. 0
DPTR FM NORMAL 0 [PRESSURE DATA]
TOTAL FM JAN 1 1101 HIGHEST SLP M ON M
DPTR FM NORMAL 147 LOWEST SLP 29.53 ON 13
[REMARKS]
#FINAL-11-21#