000
CXUS51 KOKX 021727 RRA
CLSBDR
CLIMATE REPORT
NATIONAL WEATHER SERVICE NEW YORK NY
1218 PM EST WED DEC 2 2020
...................................
...THE BRIDGEPORT CT CLIMATE SUMMARY FOR THE SEASON, FROM
9/1/2020 TO 11/30/2020...
CLIMATE NORMAL PERIOD 1981 TO 2010
CLIMATE RECORD PERIOD 1948 TO 2020
WEATHER OBSERVED NORMAL DEPART LAST YEAR`S
VALUE DATE(S) VALUE FROM VALUE
NORMAL
.............................................................
TEMPERATURE (F)
RECORD
HIGH 99 09/02/1953
LOW 13 11/23/2018
HIGHEST 87 09/04 MM MM
LOWEST 25 11/19 MM MM
11/18
AVG. MAXIMUM 66.2 63.5 2.7
AVG. MINIMUM 50.4 47.6 2.8
MEAN 58.3 55.5 2.8
DAYS MAX >= 90 0 0.3 -0.3
DAYS MAX <= 32 0 0.1 -0.1
DAYS MIN <= 32 5 7.2 -2.2
DAYS MIN <= 0 0 0.0 0.0
PRECIPITATION (INCHES)
RECORD
MAXIMUM 22.19 2018
MINIMUM 3.68 1964
TOTALS 12.30 10.51 1.79 8.08
DAILY AVG. 0.14 0.12 0.02
DAYS >= .01 28 27.0 1.0
DAYS >= .10 19 17.2 1.8
DAYS >= .50 9 7.7 1.3
DAYS >= 1.00 3 2.4 0.6
GREATEST
24 HR. TOTAL 1.98 MM
STORM TOTAL MM
(MM/DD(HH)) MM
SNOWFALL (INCHES)
RECORDS
TOTAL 8.4 2012
24 HR TOTAL 6.0 MM
TOTALS T 0.7 -0.7
LIQUID EQUIV MM 0.10 MM
SINCE 7/1 T 0.7 -0.7
LIQUID 7/1 MM
DAYS >= TRACE 2 0.5 1.5
DAYS >= 1.0 0 0.2 -0.2
GREATEST
SNOW DEPTH 0 MM
24 HR TOTAL 0.0 MM
STORM TOTAL MM
(MM/DD(HH)) MM
DEGREE_DAYS
HEATING TOTAL 745 970 -225
SINCE 7/1 745 974 -229
COOLING TOTAL 154 108 46
SINCE 1/1 1175 825 350
..............................................................
WIND (MPH)
AVERAGE WIND SPEED 8.4
HIGHEST WIND SPEED/DIRECTION 46/220 DATE 11/15
HIGHEST GUST SPEED/DIRECTION 61/190 DATE 11/15
SKY COVER
POSSIBLE SUNSHINE (PERCENT) MM
AVERAGE SKY COVER 0.40
NUMBER OF DAYS FAIR 47
NUMBER OF DAYS PC 22
NUMBER OF DAYS CLOUDY 22
AVERAGE RH (PERCENT) 70
WEATHER CONDITIONS. NUMBER OF DAYS WITH
0
19
0
0
0
0
6
HAZE 11
- INDICATES NEGATIVE NUMBERS.
R INDICATES RECORD WAS SET OR TIED.
MM INDICATES DATA IS MISSING.
T INDICATES TRACE AMOUNT.
$$