000
CXUS53 KIWX 010910
CF6BEH
PRELIMINARY LOCAL CLIMATOLOGICAL DATA (WS FORM: F-6)
STATION: BENTON HARBOR
MONTH: FEBRUARY
YEAR: 2023
LATITUDE: 42 7 N
LONGITUDE: 86 26 W
TEMPERATURE IN F: :PCPN: SNOW: WIND :SUNSHINE: SKY :PK WND
================================================================================
1 2 3 4 5 6A 6B 7 8 9 10 11 12 13 14 15 16 17 18
12Z AVG MX 2MIN
DY MAX MIN AVG DEP HDD CDD WTR SNW DPTH SPD SPD DIR MIN PSBL S-S WX SPD DR
================================================================================
1 26 8 17 -10 48 0 0.00 M M 9.6 18 230 M M 3 24 240
2 33 19 26 -1 39 0 0.00 0.0 M 11.6 24 240 M M 4 31 240
3 21 14 18 -9 47 0 T M M 7.1 15 320 M M 10 8 27 300
4 40 13 27 0 38 0 0.00 0.0 M 11.6 21 190 M M 3 8 33 180
5 40 32 36 9 29 0 T M M 10.7 26 230 M M 2 18 34 230
6 40 22 31 4 34 0 0.00 0.0 M 9.2 20 140 M M 3 1 32 140
7 50 30 40 13 25 0 0.00 0.0 0 14.4 29 240 M M 8 18 41 220
8 44 23 34 6 31 0 T M M 2.8 9 130 M M 1 18 13 300
9 55 36 46 18 19 0 1.03 0.0 0 13.6 26 200 M M 10 18 37 220
10 39 31 35 7 30 0 0.00 M M 11.3 20 300 M M 6 27 280
11 47 20 34 6 31 0 0.00 M M 6.2 18 220 M M 0 25 240
12 49 24 37 9 28 0 0.00 M M 6.7 21 230 M M 0 27 240
13 46 28 37 9 28 0 0.00 M M 9.4 22 260 M M 0 28 230
14 55 27 41 12 24 0 T M M 11.5 28 160 M M 3 43 150
15 55 38 47 18 18 0 0.02 M M 17.8 32 230 M M 10 50 220
16 39 27 33 4 32 0 0.17 M M 8.6 18 60 M M 10 168 30 60
17 27 19 23 -6 42 0 0.01 M M 7.7 17 230 M M 7 18 26 350
18 45 23 34 4 31 0 0.00 M M 11.5 25 240 M M 0 33 240
19 51 36 44 14 21 0 0.00 M M 13.2 26 220 M M 3 37 220
20 46 25 36 6 29 0 0.00 M M 2.7 10 310 M M 2 1 20 310
21 41 27 34 4 31 0 0.00 M M 12.3 32 280 M M 6 46 290
22 34 30 32 1 33 0 0.89 M M 14.4 25 100 M M 10 16 39 110
23 50 29 40 9 25 0 0.02 0.0 0 17.4 30 260 M M 10 18 41 280
24 29 25 27 -4 38 0 T M M 7.1 23 280 M M 9 35 280
25 34 25 30 -1 35 0 0.02 M M 7.3 16 260 M M 8 1 23 210
26 40 26 33 1 32 0 0.00 M M 8.8 18 250 M M 1 18 26 230
27 46 29 38 6 27 0 1.07 M M 15.0 29 280 M M 8 13 42 270
28 43 35 39 7 26 0 0.00 M M 8.4 21 290 M M 6 33 280
================================================================================
SM 1165 721 871 0 3.23 0.0 287.9 M 143
================================================================================
AV 41.6 25.8 10.3 FASTST M M 5 MAX(MPH)
MISC ----> # 32 230 50 220
================================================================================
NOTES:
# LAST OF SEVERAL OCCURRENCES
COLUMN 17 PEAK WIND IN M.P.H.
PRELIMINARY LOCAL CLIMATOLOGICAL DATA (WS FORM: F-6) , PAGE 2
STATION: BENTON HARBOR
MONTH: FEBRUARY
YEAR: 2023
LATITUDE: 42 7 N
LONGITUDE: 86 26 W
[TEMPERATURE DATA] [PRECIPITATION DATA] SYMBOLS USED IN COLUMN 16
AVERAGE MONTHLY: 33.7 TOTAL FOR MONTH: 3.23 1 = FOG OR MIST
DPTR FM NORMAL: 4.7 DPTR FM NORMAL: 1.63 2 = FOG REDUCING VISIBILITY
HIGHEST: 55 ON 15,14 GRTST 24HR 1.07 ON 27-27 TO 1/4 MILE OR LESS
LOWEST: 8 ON 1 3 = THUNDER
SNOW, ICE PELLETS, HAIL 4 = ICE PELLETS
TOTAL MONTH: 0.0 INCH 5 = HAIL
GRTST 24HR 0.0 6 = FREEZING RAIN OR DRIZZLE
GRTST DEPTH: 0 7 = DUSTSTORM OR SANDSTORM:
VSBY 1/2 MILE OR LESS
8 = SMOKE OR HAZE
[NO. OF DAYS WITH] [WEATHER - DAYS WITH] 9 = BLOWING SNOW
X = TORNADO
MAX 32 OR BELOW: 4 0.01 INCH OR MORE: 8
MAX 90 OR ABOVE: 0 0.10 INCH OR MORE: 4
MIN 32 OR BELOW: 24 0.50 INCH OR MORE: 3
MIN 0 OR BELOW: 0 1.00 INCH OR MORE: 2
[HDD (BASE 65) ]
TOTAL THIS MO. 871 CLEAR (SCALE 0-3) 12
DPTR FM NORMAL -137 PTCLDY (SCALE 4-7) 7
TOTAL FM JUL 1 3979 CLOUDY (SCALE 8-10) 9
DPTR FM NORMAL -475
[CDD (BASE 65) ]
TOTAL THIS MO. 0
DPTR FM NORMAL 0 [PRESSURE DATA]
TOTAL FM JAN 1 0 HIGHEST SLP 30.67 ON 24
DPTR FM NORMAL 0 LOWEST SLP 29.12 ON 27
[REMARKS]
#FINAL-02-23#