000
CXAK56 PAFC 012015 RRA
CF6BET
PRELIMINARY LOCAL CLIMATOLOGICAL DATA (WS FORM: F-6)
STATION: BETHEL
MONTH: JULY
YEAR: 2021
LATITUDE: 60 46 N
LONGITUDE: 161 48 W
TEMPERATURE IN F: :PCPN: SNOW: WIND :SUNSHINE: SKY :PK WND
================================================================================
1 2 3 4 5 6A 6B 7 8 9 10 11 12 13 14 15 16 17 18
12Z AVG MX 2MIN
DY MAX MIN AVG DEP HDD CDD WTR SNW DPTH SPD SPD DIR MIN PSBL S-S WX SPD DR
================================================================================
1 63 52 58 2 7 0 0.07 M M 8.2 18 110 M M 9 23 100
2 61 48 55 -1 10 0 0.14 M M 8.8 22 180 M M 8 1 28 190
3 53 47 50 -6 15 0 0.03 M M 13.3 20 170 M M 10 18 25 170
4 53 47 50 -6 15 0 0.19 M M 8.7 18 180 M M 10 1 23 190
5 52 48 50 -6 15 0 0.61 M M 13.2 25 190 M M 10 1 34 180
6 52 46 49 -7 16 0 0.21 M M 13.6 21 200 M M 10 1 26 200
7 54 47 51 -5 14 0 0.04 M M 8.9 15 250 M M 10 1 19 230
8 49 45 47 -9 18 0 0.29 M M 14.1 22 180 M M 10 1 29 170
9 51 46 49 -7 16 0 0.30 M M 11.1 24 160 M M 10 1 30 160
10 66 47 57 1 8 0 0.00 M M 8.2 14 30 M M 8 1 17 60
11 63 48 56 0 9 0 T M M 7.3 14 310 M M 6 21 290
12 73 46 60 4 5 0 0.00 M M 5.0 15 240 M M 2 19 230
13 68 46 57 1 8 0 0.00 M M 7.5 12 260 M M 2 12 15 250
14 63 49 56 0 9 0 0.00 M M 7.3 15 240 M M 7 1 18 290
15 68 48 58 2 7 0 0.00 M M 10.0 16 310 M M 4 12 24 310
16 62 50 56 0 9 0 0.00 M M 8.4 14 280 M M 6 19 290
17 70 48 59 3 6 0 0.00 M M 7.8 12 200 M M 5 1 16 240
18 78 54 66 10 0 1 0.00 M M 4.5 12 220 M M 1 14 220
19 72 55 64 8 1 0 0.07 M M 10.3 22 220 M M 5 1 26 220
20 56 51 54 -2 11 0 0.28 M M 15.5 24 170 M M 10 1 36 180
21 58 51 55 -1 10 0 0.04 M M 5.8 12 320 M M 10 1 14 330
22 57 48 53 -3 12 0 0.00 M M 10.1 17 320 M M 10 22 310
23 59 48 54 -2 11 0 0.02 M M 6.8 14 310 M M 8 1 17 300
24 57 49 53 -3 12 0 T M M 5.2 12 340 M M 9 16 320
25 57 48 53 -3 12 0 0.01 M M 7.4 18 180 M M 10 1 22 200
26 59 50 55 -1 10 0 0.02 M M 11.3 20 210 M M 10 1 26 200
27 57 52 55 -1 10 0 0.01 M M 20.0 26 180 M M 10 1 38 190
28 60 52 56 1 9 0 0.03 M M 23.9 35 180 M M 10 18 43 180
29 54 52 53 -2 12 0 0.95 M M 21.0 26 190 M M 10 1 35 180
30 57 53 55 0 10 0 0.10 M M 17.8 25 170 M M 10 1 32 170
31 56 54 55 0 10 0 0.81 M M 18.5 30 180 M M 10 1 41 180
================================================================================
SM 1858 1525 317 1 4.22 M 339.5 M 250
================================================================================
AV 59.9 49.2 11.0 FASTST M M 8 MAX(MPH)
MISC ----> 35 180 43 180
================================================================================
NOTES:
# LAST OF SEVERAL OCCURRENCES
COLUMN 17 PEAK WIND IN M.P.H.
PRELIMINARY LOCAL CLIMATOLOGICAL DATA (WS FORM: F-6) , PAGE 2
STATION: BETHEL
MONTH: JULY
YEAR: 2021
LATITUDE: 60 46 N
LONGITUDE: 161 48 W
[TEMPERATURE DATA] [PRECIPITATION DATA] SYMBOLS USED IN COLUMN 16
AVERAGE MONTHLY: 54.6 TOTAL FOR MONTH: 4.22 1 = FOG OR MIST
DPTR FM NORMAL: -1.5 DPTR FM NORMAL: 1.86 2 = FOG REDUCING VISIBILITY
HIGHEST: 78 ON 18 GRTST 24HR 0.96 ON 28-29 TO 1/4 MILE OR LESS
LOWEST: 45 ON 8 3 = THUNDER
SNOW, ICE PELLETS, HAIL 4 = ICE PELLETS
TOTAL MONTH: M 5 = HAIL
GRTST 24HR M ON M 6 = FREEZING RAIN OR DRIZZLE
GRTST DEPTH: M ON M 7 = DUSTSTORM OR SANDSTORM:
VSBY 1/2 MILE OR LESS
8 = SMOKE OR HAZE
[NO. OF DAYS WITH] [WEATHER - DAYS WITH] 9 = BLOWING SNOW
X = TORNADO
MAX 32 OR BELOW: 0 0.01 INCH OR MORE: 20
MAX 90 OR ABOVE: 0 0.10 INCH OR MORE: 10
MIN 32 OR BELOW: 0 0.50 INCH OR MORE: 3
MIN 0 OR BELOW: 0 1.00 INCH OR MORE: 0
[HDD (BASE 65) ]
TOTAL THIS MO. 317 CLEAR (SCALE 0-3) 3
DPTR FM NORMAL 39 PTCLDY (SCALE 4-7) 6
TOTAL FM JUL 1 317 CLOUDY (SCALE 8-10) 22
DPTR FM NORMAL 33
[CDD (BASE 65) ]
TOTAL THIS MO. 1
DPTR FM NORMAL -1 [PRESSURE DATA]
TOTAL FM JAN 1 1 HIGHEST SLP 30.28 ON 17
DPTR FM NORMAL -2 LOWEST SLP 29.41 ON 9
[REMARKS]
#FINAL-07-21#