000
CXUS51 KCTP 010723
CLMBFD
CLIMATE REPORT
NATIONAL WEATHER SERVICE STATE COLLEGE PA
323 AM EDT MON APR 01 2024
...................................
...THE BRADFORD CLIMATE SUMMARY FOR THE MONTH OF MARCH 2024...
CLIMATE NORMAL PERIOD 1991 TO 2020
CLIMATE RECORD PERIOD 1957 TO 2024
WEATHER OBSERVED NORMAL DEPART LAST YEAR`S
VALUE DATE(S) VALUE FROM VALUE DATE(S)
NORMAL
................................................................
TEMPERATURE (F)
RECORD
HIGH 78 03/23/2012
03/31/1998
03/30/1986
LOW -21 03/02/1980
HIGHEST 70 03/05 59 03/01
03/14
LOWEST 9 03/22 12 03/30
AVG. MAXIMUM 49.9 42.4 7.5 42.5
AVG. MINIMUM 30.5 23.6 6.9 25.1
MEAN 40.2 33.0 7.2 33.8
DAYS MAX >= 90 0 0.0 0.0 0
DAYS MAX <= 32 2 7.6 -5.6 4
DAYS MIN <= 32 17 25.2 -8.2 29
DAYS MIN <= 0 0 1.0 -1.0 0
PRECIPITATION (INCHES)
RECORD
MAXIMUM 6.72 1994
MINIMUM 0.50 1999
TOTALS 2.61 3.04 -0.43 3.59
DAILY AVG. 0.08 0.10 -0.02 0.12
DAYS >= .01 14 14.3 -0.3 16
DAYS >= .10 8 8.1 -0.1 7
DAYS >= .50 1 1.5 -0.5 3
DAYS >= 1.00 0 0.3 -0.3 0
GREATEST
24 HR. TOTAL 0.91 03/05 TO 03/06 0.76 03/06 TO 03/07
DEGREE DAYS
HEATING TOTAL 763 992 -229 958
SINCE 7/1 5016 6192 -1176 MM
COOLING TOTAL 0 0 0 0
SINCE 1/1 0 0 0 MM
................................................................
WIND (MPH)
AVERAGE WIND SPEED 8.5
HIGHEST WIND SPEED/DIRECTION 33/270 DATE 03/16
HIGHEST GUST SPEED/DIRECTION 45/270 DATE 03/16
SKY COVER
POSSIBLE SUNSHINE (PERCENT) MM
AVERAGE SKY COVER 0.59
NUMBER OF DAYS FAIR 10
NUMBER OF DAYS PC 9
NUMBER OF DAYS CLOUDY 12
AVERAGE RH (PERCENT) 65
WEATHER CONDITIONS. NUMBER OF DAYS WITH
THUNDERSTORM 0 MIXED PRECIP 0
HEAVY RAIN 1 RAIN 7
LIGHT RAIN 17 FREEZING RAIN 1
LT FREEZING RAIN 2 HAIL 0
HEAVY SNOW 4 SLEET 0
FOG 17 FOG W/VIS <= 1/4 MILE 5
HAZE 9
- INDICATES NEGATIVE NUMBERS.
R INDICATES RECORD WAS SET OR TIED.
MM INDICATES DATA IS MISSING.
T INDICATES TRACE AMOUNT.
$$