932
CXUS51 KCTP 010724
CLSBFD
CLIMATE REPORT
NATIONAL WEATHER SERVICE STATE COLLEGE PA
324 AM EDT TUE SEP 01 2020
...................................
...THE BRADFORD CLIMATE SUMMARY FOR THE SEASON, FROM
6/1/2020 TO 8/31/2020...
CLIMATE NORMAL PERIOD 1981 TO 2010
CLIMATE RECORD PERIOD 1957 TO 2020
WEATHER OBSERVED NORMAL DEPART LAST YEAR`S
VALUE DATE(S) VALUE FROM VALUE DATE(S)
NORMAL
................................................................
TEMPERATURE (F)
RECORD
HIGH 90 07/09/2020
LOW 25 08/29/1986
06/11/1972
HIGHEST 90R 07/09 87 07/19
LOWEST 33 06/01 31 06/04
AVG. MAXIMUM 79.8 75.5 4.3 76.7
AVG. MINIMUM 54.3 51.6 2.7 53.9
MEAN 67.1 63.5 3.6 65.3
DAYS MAX >= 90 1 MM MM 0
DAYS MAX <= 32 0 MM MM 0
DAYS MIN <= 32 0 MM MM 1
DAYS MIN <= 0 0 MM MM 0
PRECIPITATION (INCHES)
RECORD
MAXIMUM 21.21 1994
MINIMUM 5.77 1966
TOTALS 8.94 13.21 -4.27 13.78
DAILY AVG. 0.10 0.14 -0.04 0.15
DAYS >= .01 31 MM MM 41
DAYS >= .10 19 MM MM 30
DAYS >= .50 8 MM MM 10
DAYS >= 1.00 2 MM MM 1
GREATEST
24 HR. TOTAL 1.13 06/23 TO 06/23 1.12
DEGREE DAYS
HEATING TOTAL 129 298 -169 195
SINCE 7/1 31 87 -56 73
COOLING TOTAL 346 167 179 246
SINCE 1/1 368 177 191 253
FREEZE DATES
RECORD
EARLIEST 08/05/1972
LATEST 06/30/1961
EARLIEST MM
LATEST 05/21
................................................................
WIND (MPH)
AVERAGE WIND SPEED 4.9
RESULTANT WIND SPEED/DIRECTION 1/270
HIGHEST WIND SPEED/DIRECTION 48/310 DATE 08/27
HIGHEST GUST SPEED/DIRECTION 65/290 DATE 08/27
SKY COVER
POSSIBLE SUNSHINE (PERCENT) MM
AVERAGE SKY COVER 0.37
NUMBER OF DAYS FAIR 49
NUMBER OF DAYS PC 32
NUMBER OF DAYS CLOUDY 11
AVERAGE RH (PERCENT) 68
WEATHER CONDITIONS. NUMBER OF DAYS WITH
THUNDERSTORM 19 MIXED PRECIP 0
HEAVY RAIN 14 RAIN 16
LIGHT RAIN 39 FREEZING RAIN 0
LT FREEZING RAIN 0 HAIL 0
HEAVY SNOW 0 SNOW 0
LIGHT SNOW 0 SLEET 0
FOG 72 FOG W/VIS <= 1/4 MILE 25
HAZE 17
- INDICATES NEGATIVE NUMBERS.
R INDICATES RECORD WAS SET OR TIED.
MM INDICATES DATA IS MISSING.
T INDICATES TRACE AMOUNT.
$$