000
CXUS55 KCYS 081656
CF6BFF
PRELIMINARY LOCAL CLIMATOLOGICAL DATA (WS FORM: F-6)...CORRECTED
STATION: SCOTTSBLUFF NE AIRPORT
MONTH: DECEMBER
YEAR: 2021
LATITUDE: 41 52 N
LONGITUDE: 103 36 W
TEMPERATURE IN F: :PCPN: SNOW: WIND :SUNSHINE: SKY :PK WND
================================================================================
1 2 3 4 5 6A 6B 7 8 9 10 11 12 13 14 15 16 17 18
12Z AVG MX 2MIN
DY MAX MIN AVG DEP HDD CDD WTR SNW DPTH SPD SPD DIR MIN PSBL S-S WX SPD DR
================================================================================
1 72 31 52 21 13 0 0.00 0.0 0 12.7 29 270 M M 0 42 280
2 77 41 59 28 6 0 0.00 0.0 0 11.5 24 270 M M 0 34 270
3 56 29 43 13 22 0 0.00 0.0 0 7.9 16 30 M M 0 20 30
4 57 26 42 12 23 0 0.00 0.0 0 6.4 16 110 M M 0 20 270
5 59 23 41 11 24 0 T T 0 19.4 38 330 M M 5 48 320
6 37 13 25 -5 40 0 0.00 0.0 0 10.1 21 190 M M 4 29 170
7 49 19 34 5 31 0 0.00 0.0 0 6.2 18 340 M M 2 26 10
8 58 17 38 9 27 0 0.00 0.0 0 11.2 28 280 M M 0 45 280
9 51 30 41 12 24 0 0.11 1.1 0 10.9 29 280 M M 5 1 43 270
10 31 9 20 -8 45 0 0.14 1.8 2 10.4 18 50 M M 8 18 23 60
11 41 5 23 -5 42 0 0.00 0.0 2 12.6 33 270 M M 0 49 260
12 51 26 39 11 26 0 0.00 0.0 0 5.8 17 280 M M 0 25 270
13 59 24 42 14 23 0 0.00 0.0 0 6.9 14 140 M M 0 18 140
14 41 22 32 4 33 0 0.00 0.0 0 2.4 9 100 M M 0 12 300
15 48 20 34 6 31 0 0.00 0.0 0 15.4 46 310 M M 2 8 64 310
16 46 12 29 2 36 0 0.00 0.0 0 4.6 18 160 M M 3 23 150
17 44 12 28 1 37 0 0.00 0.0 0 13.4 29 350 M M 5 39 360
18 38 3 21 -6 44 0 0.00 0.0 0 4.7 12 300 M M 0 15 200
19 57 18 38 11 27 0 0.00 0.0 0 10.5 30 280 M M 0 44 260
20 38 20 29 2 36 0 0.00 0.0 0 8.4 17 130 M M 5 21 120
21 59 20 40 13 25 0 0.00 0.0 0 9.2 25 300 M M 0 36 310
22 62 24 43 16 22 0 0.00 0.0 0 7.2 28 270 M M 0 38 280
23 58 29 44 17 21 0 0.00 0.0 0 5.9 24 240 M M 0 32 230
24 51 30 41 14 24 0 0.00 0.0 0 9.8 24 290 M M 4 34 290
25 51 23 37 10 28 0 0.00 0.0 0 12.2 28 260 M M 3 41 260
26 51 18 35 8 30 0 0.00 0.0 0 14.7 36 270 M M 1 53 280
27 47 13 30 3 35 0 0.00 0.0 0 11.7 29 190 M M 2 40 260
28 34 14 24 -3 41 0 0.00 0.0 0 8.1 20 310 M M 3 25 310
29 35 13 24 -3 41 0 0.00 0.0 0 9.2 29 300 M M 3 37 320
30 50 16 33 6 32 0 0.00 0.0 0 14.2 39 280 M M 2 58 280
31 35 2 19 -8 46 0 0.03 0.9 1 12.3 28 20 M M 10 8 37 20
================================================================================
SM 1543 602 935 0 0.28 3.8 305.9 M 67
================================================================================
AV 49.8 19.4 9.9 FASTST M M 2 MAX(MPH)
MISC ----> 46 310 64 310
================================================================================
NOTES:
# LAST OF SEVERAL OCCURRENCES
COLUMN 17 PEAK WIND IN M.P.H.
PRELIMINARY LOCAL CLIMATOLOGICAL DATA (WS FORM: F-6) , PAGE 2
STATION: SCOTTSBLUFF NE AIRPORT
MONTH: DECEMBER
YEAR: 2021
LATITUDE: 41 52 N
LONGITUDE: 103 36 W
[TEMPERATURE DATA] [PRECIPITATION DATA] SYMBOLS USED IN COLUMN 16
AVERAGE MONTHLY: 34.6 TOTAL FOR MONTH: 0.28 1 = FOG OR MIST
DPTR FM NORMAL: 6.6 DPTR FM NORMAL: -0.24 2 = FOG REDUCING VISIBILITY
HIGHEST: 77 ON 2 GRTST 24HR 0.24 ON 9-10 TO 1/4 MILE OR LESS
LOWEST: 2 ON 31 3 = THUNDER
SNOW, ICE PELLETS, HAIL 4 = ICE PELLETS
TOTAL MONTH: 3.8 INCHES 5 = HAIL
GRTST 24HR 1.8 ON 10-10 6 = FREEZING RAIN OR DRIZZLE
GRTST DEPTH: 2 ON 11,10 7 = DUSTSTORM OR SANDSTORM:
VSBY 1/2 MILE OR LESS
8 = SMOKE OR HAZE
[NO. OF DAYS WITH] [WEATHER - DAYS WITH] 9 = BLOWING SNOW
X = TORNADO
MAX 32 OR BELOW: 1 0.01 INCH OR MORE: 3
MAX 90 OR ABOVE: 0 0.10 INCH OR MORE: 2
MIN 32 OR BELOW: 30 0.50 INCH OR MORE: 0
MIN 0 OR BELOW: 0 1.00 INCH OR MORE: 0
[HDD (BASE 65) ]
TOTAL THIS MO. 935 CLEAR (SCALE 0-3) 23
DPTR FM NORMAL -212 PTCLDY (SCALE 4-7) 7
TOTAL FM JUL 1 2023 CLOUDY (SCALE 8-10) 1
DPTR FM NORMAL -590
[CDD (BASE 65) ]
TOTAL THIS MO. 0
DPTR FM NORMAL 0 [PRESSURE DATA]
TOTAL FM JAN 1 1094 HIGHEST SLP 30.48 ON 18
DPTR FM NORMAL 241 LOWEST SLP 29.26 ON 15
[REMARKS]
DECEMBER 2...RECORD HIGH 77 DEGREES (PREVIOUS 72 DEGREES IN 1941)
MEAN TEMPERATURE 34.6 DEGREES WAS 7TH WARMEST FOR DECEMBER
#FINAL-12-21#