000
CXUS56 KHNX 020705
CF6BFL
PRELIMINARY LOCAL CLIMATOLOGICAL DATA (WS FORM: F-6)
STATION: BAKERSFIELD CA
MONTH: JULY
YEAR: 2021
LATITUDE: 35 25 N
LONGITUDE: 119 3 W
TEMPERATURE IN F: :PCPN: SNOW: WIND :SUNSHINE: SKY :PK WND
================================================================================
1 2 3 4 5 6A 6B 7 8 9 10 11 12 13 14 15 16 17 18
12Z AVG MX 2MIN
DY MAX MIN AVG DEP HDD CDD WTR SNW DPTH SPD SPD DIR MIN PSBL S-S WX SPD DR
================================================================================
1 102 74 88 5 0 23 0.00 0.0 0 8.2 18 310 M M 0 8 27 320
2 102 76 89 6 0 24 0.00 0.0 0 7.6 16 320 M M 0 8 21 320
3 103 77 90 7 0 25 0.00 0.0 0 8.3 20 320 M M 0 8 22 330
4 102 75 89 5 0 24 0.00 0.0 0 7.9 17 330 M M 0 21 330
5 100 73 87 3 0 22 0.00 0.0 0 6.1 14 310 M M 0 8 17 290
6 100 72 86 2 0 21 0.00 0.0 0 7.5 16 310 M M 0 8 20 320
7 98 74 86 2 0 21 0.00 0.0 0 4.9 16 300 M M 0 8 20 290
8 103 75 89 5 0 24 0.00 0.0 0 4.8 12 310 M M 0 8 15 320
9 110 83 97 13 0 32 0.00 0.0 0 7.2 18 310 M M 1 8 22 320
10 109 83 96 11 0 31 0.00 0.0 0 6.4 15 290 M M 1 20 320
11 111 85 98 13 0 33 0.00 0.0 0 5.9 15 310 M M 2 19 300
12 109 82 96 11 0 31 0.00 0.0 0 6.6 13 320 M M 1 8 16 330
13 107 82 95 10 0 30 T 0.0 0 7.6 22 320 M M 0 8 25 310
14 102 80 91 6 0 26 0.00 0.0 0 9.8 20 330 M M 0 8 24 320
15 100 73 87 2 0 22 0.00 0.0 0 7.4 16 310 M M 0 8 20 310
16 99 73 86 1 0 21 0.00 0.0 0 6.5 14 350 M M 0 8 16 330
17 102 73 88 3 0 23 0.00 0.0 0 6.6 14 330 M M 0 8 18 300
18 101 77 89 4 0 24 T 0.0 0 6.7 16 310 M M 0 20 300
19 105 81 93 8 0 28 0.00 0.0 0 8.0 21 330 M M 1 8 24 320
20 104 78 91 5 0 26 0.00 0.0 0 7.8 18 320 M M 1 8 23 320
21 100 75 88 2 0 23 0.00 0.0 0 6.5 15 310 M M 0 18 310
22 102 74 88 2 0 23 0.00 0.0 0 7.4 14 330 M M 0 8 20 300
23 103 76 90 4 0 25 0.00 0.0 0 7.5 17 310 M M 0 8 24 310
24 101 76 89 3 0 24 0.00 0.0 0 5.7 14 310 M M 0 20 290
25 102 77 90 5 0 25 0.00 0.0 0 7.1 16 310 M M 0 8 20 320
26 91 78 85 0 0 20 T 0.0 0 3.6 15 160 M M 1 8 19 140
27 102 73 88 3 0 23 0.00 0.0 0 7.6 16 320 M M 0 8 23 300
28 101 75 88 3 0 23 0.00 0.0 0 6.1 15 320 M M 0 8 21 300
29 103 78 91 6 0 26 0.00 0.0 0 5.7 16 320 M M 1 8 21 310
30 107 83 95 10 0 30 0.00 0.0 0 7.8 17 290 M M 1 8 21 320
31 105 83 94 9 0 29 0.00 0.0 0 9.7 20 310 M M 1 28 320
================================================================================
SM 3186 2394 0 782 T 0.0 216.5 M 11
================================================================================
AV102.8 77.2 7.0 FASTST M M 0 MAX(MPH)
MISC ----> 22 320 28 320
================================================================================
NOTES:
# LAST OF SEVERAL OCCURRENCES
COLUMN 17 PEAK WIND IN M.P.H.
PRELIMINARY LOCAL CLIMATOLOGICAL DATA (WS FORM: F-6) , PAGE 2
STATION: BAKERSFIELD CA
MONTH: JULY
YEAR: 2021
LATITUDE: 35 25 N
LONGITUDE: 119 3 W
[TEMPERATURE DATA] [PRECIPITATION DATA] SYMBOLS USED IN COLUMN 16
AVERAGE MONTHLY: 90.0 TOTAL FOR MONTH: T 1 = FOG OR MIST
DPTR FM NORMAL: 5.2 DPTR FM NORMAL: -0.00 2 = FOG REDUCING VISIBILITY
HIGHEST: 111 ON 11 GRTST 24HR T ON 13-13 TO 1/4 MILE OR LESS
LOWEST: 72 ON 6 3 = THUNDER
SNOW, ICE PELLETS, HAIL 4 = ICE PELLETS
TOTAL MONTH: 0.0 INCH 5 = HAIL
GRTST 24HR 0.0 6 = FREEZING RAIN OR DRIZZLE
GRTST DEPTH: 0 7 = DUSTSTORM OR SANDSTORM:
VSBY 1/2 MILE OR LESS
8 = SMOKE OR HAZE
[NO. OF DAYS WITH] [WEATHER - DAYS WITH] 9 = BLOWING SNOW
X = TORNADO
MAX 32 OR BELOW: 0 0.01 INCH OR MORE: 0
MAX 90 OR ABOVE: 31 0.10 INCH OR MORE: 0
MIN 32 OR BELOW: 0 0.50 INCH OR MORE: 0
MIN 0 OR BELOW: 0 1.00 INCH OR MORE: 0
[HDD (BASE 65) ]
TOTAL THIS MO. 0 CLEAR (SCALE 0-3) 31
DPTR FM NORMAL 0 PTCLDY (SCALE 4-7) 0
TOTAL FM JUL 1 0 CLOUDY (SCALE 8-10) 0
DPTR FM NORMAL 0
[CDD (BASE 65) ]
TOTAL THIS MO. 782
DPTR FM NORMAL 168 [PRESSURE DATA]
TOTAL FM JAN 1 1737 HIGHEST SLP 30.00 ON 28
DPTR FM NORMAL 420 LOWEST SLP 29.68 ON 11
[REMARKS]
#FINAL-07-21#