000
CXUS54 KAMA 011548
CF6BGD
PRELIMINARY LOCAL CLIMATOLOGICAL DATA (WS FORM: F-6)
STATION: BORGER
MONTH: APRIL
YEAR: 2020
LATITUDE: 35 42 N
LONGITUDE: 101 24 W
TEMPERATURE IN F: :PCPN: SNOW: WIND :SUNSHINE: SKY :PK WND
================================================================================
1 2 3 4 5 6A 6B 7 8 9 10 11 12 13 14 15 16 17 18
12Z AVG MX 2MIN
DY MAX MIN AVG DEP HDD CDD WTR SNW DPTH SPD SPD DIR MIN PSBL S-S WX SPD DR
================================================================================
1 85 52 69 14 0 4 0.00 M M 17.1 29 160 M M 0 39 170
2 71 34 53 -2 12 0 0.00 M M 13.5 28 20 M M 1 35 30
3 54 31 43 -12 22 0 T M M 15.0 24 20 M M 5 168 31 10
4 63 33 48 -7 17 0 0.00 M M 5.4 15 160 M M 0 21 160
5 73 44 59 3 6 0 0.00 M M 14.7 26 170 M M 3 8 34 180
6 85 58 72 16 0 7 0.00 M M 15.2 24 190 M M 2 34 200
7 90 59 75 19 0 10 0.00 M M 10.2 21 240 M M 0 29 220
8 88 58 73 16 0 8 0.00 M M 10.5 22 10 M M 0 30 40
9 65 48 57 0 8 0 0.00 M M 9.5 17 110 M M 0 25 80
10 72 46 59 2 6 0 T M M 13.7 23 180 M M 5 35 190
11 86 55 71 14 0 6 0.00 M M 15.6 25 180 M M 2 35 180
12 63 37 50 -8 15 0 0.00 M M 20.4 36 360 M M 5 42 360
13 37 28 33 -25 32 0 0.10 M M 7.1 23 20 M M 10 8 28 20
14 47 31 39 -19 26 0 0.05 M M 4.5 12 240 M M 8 18 14 250
15 69 32 51 -7 14 0 0.00 M M 10.9 21 250 M M 1 29 250
16 84 39 62 3 3 0 0.00 M M 16.6 36 360 M M 2 51 20
17 61 34 48 -11 17 0 0.00 M M 11.5 28 360 M M 4 35 360
18 81 43 62 3 3 0 0.00 M M 14.0 24 180 M M 0 34 180
19 78 51 65 5 0 0 0.00 M M 6.7 18 30 M M 1 29 190
20 79 50 65 5 0 0 0.01 M M 5.5 23 30 M M 2 3 28 30
21 81 52 67 7 0 2 T M M 9.1 23 160 M M 1 3 31 140
22 73 54 64 4 1 0 0.05 M M 9.2 24 340 M M 4 3 33 350
23 85 51 68 7 0 3 0.00 M M 8.2 18 250 M M 1 25 240
24 73 55 64 3 1 0 0.00 M M 14.3 33 340 M M 0 42 340
25 75 45 60 -1 5 0 0.00 M M 7.2 15 60 M M 2 22 60
26 87 53 70 8 0 5 0.00 M M 13.8 26 200 M M 0 35 210
27 89 59 74 12 0 9 0.00 M M 10.0 21 180 M M 0 28 180
28 90 63 77 15 0 12 0.00 M M 15.1 28 30 M M 2 36 20
29 81 53 67 4 0 2 0.00 M M 11.3 29 350 M M 5 37 360
30 96 49 73 10 0 8 0.00 M M 11.9 25 210 M M 5 36 220
================================================================================
SM 2261 1397 188 76 0.21 M 347.7 M 71
================================================================================
AV 75.4 46.6 11.6 FASTST M M 2 MAX(MPH)
MISC ----> # 36 360 51 20
================================================================================
NOTES:
# LAST OF SEVERAL OCCURRENCES
COLUMN 17 PEAK WIND IN M.P.H.
PRELIMINARY LOCAL CLIMATOLOGICAL DATA (WS FORM: F-6) , PAGE 2
STATION: BORGER
MONTH: APRIL
YEAR: 2020
LATITUDE: 35 42 N
LONGITUDE: 101 24 W
[TEMPERATURE DATA] [PRECIPITATION DATA] SYMBOLS USED IN COLUMN 16
AVERAGE MONTHLY: 61.0 TOTAL FOR MONTH: 0.21 1 = FOG OR MIST
DPTR FM NORMAL: 2.3 DPTR FM NORMAL: -1.33 2 = FOG REDUCING VISIBILITY
HIGHEST: 96 ON 30 GRTST 24HR 0.15 ON 13-14 TO 1/4 MILE OR LESS
LOWEST: 28 ON 13 3 = THUNDER
SNOW, ICE PELLETS, HAIL 4 = ICE PELLETS
TOTAL MONTH: M 5 = HAIL
GRTST 24HR M ON M 6 = FREEZING RAIN OR DRIZZLE
GRTST DEPTH: M ON M 7 = DUSTSTORM OR SANDSTORM:
VSBY 1/2 MILE OR LESS
8 = SMOKE OR HAZE
[NO. OF DAYS WITH] [WEATHER - DAYS WITH] 9 = BLOWING SNOW
X = TORNADO
MAX 32 OR BELOW: 0 0.01 INCH OR MORE: 4
MAX 90 OR ABOVE: 3 0.10 INCH OR MORE: 1
MIN 32 OR BELOW: 4 0.50 INCH OR MORE: 0
MIN 0 OR BELOW: 0 1.00 INCH OR MORE: 0
[HDD (BASE 65) ]
TOTAL THIS MO. 188 CLEAR (SCALE 0-3) 21
DPTR FM NORMAL -38 PTCLDY (SCALE 4-7) 8
TOTAL FM JUL 1 3108 CLOUDY (SCALE 8-10) 1
DPTR FM NORMAL -596
[CDD (BASE 65) ]
TOTAL THIS MO. 76
DPTR FM NORMAL 39 [PRESSURE DATA]
TOTAL FM JAN 1 99 HIGHEST SLP 30.37 ON 14
DPTR FM NORMAL 55 LOWEST SLP 29.33 ON 12
[REMARKS]
#FINAL-04-20#