000
CXUS51 KCAR 010606
CF6BGR
PRELIMINARY LOCAL CLIMATOLOGICAL DATA (WS FORM: F-6)
STATION: BANGOR ME
MONTH: DECEMBER
YEAR: 2020
LATITUDE: 44 47 N
LONGITUDE: 68 49 W
TEMPERATURE IN F: :PCPN: SNOW: WIND :SUNSHINE: SKY :PK WND
================================================================================
1 2 3 4 5 6A 6B 7 8 9 10 11 12 13 14 15 16 17 18
12Z AVG MX 2MIN
DY MAX MIN AVG DEP HDD CDD WTR SNW DPTH SPD SPD DIR MIN PSBL S-S WX SPD DR
================================================================================
1 62 49 56 25 9 0 1.13 0.0 0 20.1 40 170 M M 10 1 56 160
2 49 34 42 12 23 0 0.00 0.0 0 10.3 21 170 M M 7 26 180
3 45 26 36 6 29 0 0.00 0.0 0 4.8 14 230 M M 1 19 230
4 47 26 37 7 28 0 0.00 0.0 0 3.5 12 190 M M 7 16 210
5 38 33 36 7 29 0 1.49 1.0 0 13.4 33 20 M M 10 14 44 10
6 34 26 30 1 35 0 0.22 1.0 1 16.7 31 350 M M 10 14 44 330
7 32 25 29 1 36 0 0.00 0.0 1 9.0 18 320 M M 8 23 300
8 31 26 29 1 36 0 T T 1 10.5 20 350 M M 10 1 24 30
9 28 22 25 -2 40 0 T T 1 3.5 14 310 M M 9 1 17 300
10 37 23 30 3 35 0 0.01 T 1 4.9 18 310 M M 10 1 27 310
11 41 29 35 9 30 0 0.00 0.0 1 3.5 13 180 M M 9 18 220
12 37 27 32 6 33 0 0.30 T T 5.6 13 50 M M 9 1 16 70
13 40 33 37 11 28 0 0.02 0.0 0 3.2 12 10 M M 10 12 14 10
14 34 26 30 5 35 0 T T 0 4.5 15 340 M M 9 17 340
15 29 9 19 -6 46 0 0.00 0.0 0 12.6 24 310 M M 2 34 300
16 16 4 10 -14 55 0 0.00 0.0 0 9.6 20 310 M M 4 26 330
17 17 9 13 -11 52 0 0.15 2.9 0 12.6 20 10 M M 10 1 26 30
18 23 9 16 -8 49 0 0.00 0.0 3 13.2 21 10 M M 7 8 25 360
19 27 7 17 -6 48 0 0.00 0.0 3 2.4 15 10 M M 6 18 10
20 36 13 25 2 40 0 0.03 T 2 2.5 9 170 M M 9 16 12 160
21 34 28 31 9 34 0 T T 1 5.3 14 10 M M 10 12 17 360
22 41 28 35 13 30 0 T 0.3 T 5.0 13 260 M M 9 1 19 230
23 34 20 27 5 38 0 T T T 7.1 16 330 M M 5 22 300
24 53 25 39 18 26 0 T 0.0 T 11.0 22 170 M M 9 1 31 180
25 61 52 57 36 8 0 0.54 0.0 0 20.9 40 180 M M 10 1 52 190
26 56 29 43 22 22 0 0.33 T 0 10.1 28 200 M M 8 1 37 180
27 34 19 27 7 38 0 0.00 0.0 0 4.8 14 270 M M 3 20 250
28 44 19 32 12 33 0 0.06 0.0 0 6.1 18 170 M M 9 1 25 170
29 40 18 29 9 36 0 0.00 0.0 0 12.3 31 320 M M 4 39 330
30 36 15 26 7 39 0 0.03 T 0 6.0 17 210 M M 6 1 25 200
31 40 26 33 14 32 0 0.21 0.5 T 8.4 18 320 M M 7 14 25 330
================================================================================
SM 1176 735 1052 0 4.52 5.7 263.4 M 237
================================================================================
AV 37.9 23.7 8.5 FASTST M M 8 MAX(MPH)
MISC ----> # 40 170 56 160
================================================================================
NOTES:
# LAST OF SEVERAL OCCURRENCES
COLUMN 17 PEAK WIND IN M.P.H.
PRELIMINARY LOCAL CLIMATOLOGICAL DATA (WS FORM: F-6) , PAGE 2
STATION: BANGOR ME
MONTH: DECEMBER
YEAR: 2020
LATITUDE: 44 47 N
LONGITUDE: 68 49 W
[TEMPERATURE DATA] [PRECIPITATION DATA] SYMBOLS USED IN COLUMN 16
AVERAGE MONTHLY: 30.8 TOTAL FOR MONTH: 4.52 1 = FOG OR MIST
DPTR FM NORMAL: 6.2 DPTR FM NORMAL: 1.04 2 = FOG REDUCING VISIBILITY
HIGHEST: 62 ON 1 GRTST 24HR 2.63 ON 30- 1 TO 1/4 MILE OR LESS
LOWEST: 4 ON 16 3 = THUNDER
SNOW, ICE PELLETS, HAIL 4 = ICE PELLETS
TOTAL MONTH: 5.7 INCHES 5 = HAIL
GRTST 24HR 2.9 ON 17-17 6 = FREEZING RAIN OR DRIZZLE
GRTST DEPTH: 3 ON 19,18 7 = DUSTSTORM OR SANDSTORM:
VSBY 1/2 MILE OR LESS
8 = SMOKE OR HAZE
[NO. OF DAYS WITH] [WEATHER - DAYS WITH] 9 = BLOWING SNOW
X = TORNADO
MAX 32 OR BELOW: 8 0.01 INCH OR MORE: 13
MAX 90 OR ABOVE: 0 0.10 INCH OR MORE: 8
MIN 32 OR BELOW: 26 0.50 INCH OR MORE: 3
MIN 0 OR BELOW: 0 1.00 INCH OR MORE: 2
[HDD (BASE 65) ]
TOTAL THIS MO. 1052 CLEAR (SCALE 0-3) 3
DPTR FM NORMAL -200 PTCLDY (SCALE 4-7) 11
TOTAL FM JUL 1 2531 CLOUDY (SCALE 8-10) 17
DPTR FM NORMAL -389
[CDD (BASE 65) ]
TOTAL THIS MO. 0
DPTR FM NORMAL 0 [PRESSURE DATA]
TOTAL FM JAN 1 523 HIGHEST SLP M ON M
DPTR FM NORMAL 205 LOWEST SLP 29.14 ON 6
[REMARKS]
#FINAL-12-20#