000
CXUS55 KBYZ 011000
CF6BHK
PRELIMINARY LOCAL CLIMATOLOGICAL DATA (WS FORM: F-6)
STATION: BAKER MT
MONTH: APRIL
YEAR: 2023
LATITUDE: 46 20 N
LONGITUDE: 104 15 W
TEMPERATURE IN F: :PCPN: SNOW: WIND :SUNSHINE: SKY :PK WND
================================================================================
1 2 3 4 5 6A 6B 7 8 9 10 11 12 13 14 15 16 17 18
12Z AVG MX 2MIN
DY MAX MIN AVG DEP HDD CDD WTR SNW DPTH SPD SPD DIR MIN PSBL S-S WX SPD DR
================================================================================
1 56 20 38 0 27 0 T M M 9.6 30 250 M M 3 35 230
2 45 26 36 -2 29 0 0.00 M M 19.6 33 270 M M 2 43 310
3 38 21 30 -8 35 0 0.00 M M 9.0 16 340 M M 4 20 330
4 27 17 22 -17 43 0 T M M 12.9 18 340 M M 10 1 22 340
5 32 13 23 -16 42 0 T M M 13.7 25 310 M M 4 18 31 320
6 49 19 34 -5 31 0 T M M 7.2 15 260 M M 7 1 20 260
7 60 22 41 1 24 0 0.00 M M 11.8 24 130 M M 0 30 120
8 64 26 45 5 20 0 0.00 M M 8.9 22 300 M M 0 31 310
9 66 35 51 11 14 0 0.00 M M 9.9 23 280 M M 0 31 280
10 75 44 60 19 5 0 0.00 M M 10.8 21 270 M M 0 25 250
11 86 42 64 23 1 0 0.00 M M 11.7 28 250 M M 0 34 240
12 59 37 48 7 17 0 0.00 M M 11.3 25 300 M M 0 32 300
13 49 33 41 -1 24 0 0.00 M M 14.1 23 80 M M 6 1 28 90
14 40 33 37 -5 28 0 T M M 12.8 23 310 M M 10 1 29 320
15 48 23 36 -6 29 0 T M M 8.1 22 330 M M 7 1 25 330
16 60 20 40 -2 25 0 0.00 M M 8.9 18 150 M M 0 23 140
17 66 34 50 7 15 0 0.00 M M 20.6 31 150 M M 1 40 150
18 56 37 47 4 18 0 T M M 11.2 23 110 M M 3 28 110
19 41 27 34 -9 31 0 0.13 M M 18.5 30 260 M M 9 1 37 270
20 32 24 28 -16 37 0 0.01 M M 24.5 36 300 M M 9 1 45 300
21 33 22 28 -16 37 0 T M M 18.3 26 310 M M 10 18 33 310
22 41 21 31 -13 34 0 T M M 8.4 17 330 M M 5 22 330
23 50 16 33 -12 32 0 0.00 M M 6.4 13 120 M M 0 16 150
24 60 21 41 -4 24 0 0.00 M M 18.4 29 110 M M 0 37 140
25 55 29 42 -3 23 0 0.00 M M 19.8 29 130 M M 1 35 130
26 63 32 48 2 17 0 0.00 M M 11.3 24 320 M M 2 32 310
27 61 41 51 5 14 0 0.01 M M 15.6 32 340 M M 9 1 41 320
28 62 34 48 2 17 0 0.00 M M 10.4 24 310 M M 6 32 310
29 60 33 47 1 18 0 0.00 M M 12.7 28 340 M M 0 35 340
30 59 24 42 -5 23 0 0.00 M M 5.5 12 80 M M 0 15 70
================================================================================
SM 1593 826 734 0 0.15 M 381.9 M 108
================================================================================
AV 53.1 27.5 12.7 FASTST M M 4 MAX(MPH)
MISC ----> 36 300 45 300
================================================================================
NOTES:
# LAST OF SEVERAL OCCURRENCES
COLUMN 17 PEAK WIND IN M.P.H.
PRELIMINARY LOCAL CLIMATOLOGICAL DATA (WS FORM: F-6) , PAGE 2
STATION: BAKER MT
MONTH: APRIL
YEAR: 2023
LATITUDE: 46 20 N
LONGITUDE: 104 15 W
[TEMPERATURE DATA] [PRECIPITATION DATA] SYMBOLS USED IN COLUMN 16
AVERAGE MONTHLY: 40.3 TOTAL FOR MONTH: 0.15 1 = FOG OR MIST
DPTR FM NORMAL: -2.0 DPTR FM NORMAL: -1.20 2 = FOG REDUCING VISIBILITY
HIGHEST: 86 ON 11 GRTST 24HR 0.13 ON 18-19 TO 1/4 MILE OR LESS
LOWEST: 13 ON 5 3 = THUNDER
SNOW, ICE PELLETS, HAIL 4 = ICE PELLETS
TOTAL MONTH: M 5 = HAIL
GRTST 24HR M ON M 6 = FREEZING RAIN OR DRIZZLE
GRTST DEPTH: M ON M 7 = DUSTSTORM OR SANDSTORM:
VSBY 1/2 MILE OR LESS
8 = SMOKE OR HAZE
[NO. OF DAYS WITH] [WEATHER - DAYS WITH] 9 = BLOWING SNOW
X = TORNADO
MAX 32 OR BELOW: 3 0.01 INCH OR MORE: 3
MAX 90 OR ABOVE: 0 0.10 INCH OR MORE: 1
MIN 32 OR BELOW: 19 0.50 INCH OR MORE: 0
MIN 0 OR BELOW: 0 1.00 INCH OR MORE: 0
[HDD (BASE 65) ]
TOTAL THIS MO. 734 CLEAR (SCALE 0-3) 15
DPTR FM NORMAL 53 PTCLDY (SCALE 4-7) 9
TOTAL FM JUL 1 8290 CLOUDY (SCALE 8-10) 6
DPTR FM NORMAL 522
[CDD (BASE 65) ]
TOTAL THIS MO. 0
DPTR FM NORMAL 0 [PRESSURE DATA]
TOTAL FM JAN 1 0 HIGHEST SLP 30.38 ON 22
DPTR FM NORMAL 0 LOWEST SLP 29.46 ON 19
[REMARKS]
#FINAL-04-23#