000
CXUS55 KBYZ 011443
CF6BIL
PRELIMINARY LOCAL CLIMATOLOGICAL DATA (WS FORM: F-6)
STATION: BILLINGS MT
MONTH: NOVEMBER
YEAR: 2023
LATITUDE: 45 47 N
LONGITUDE: 108 32 W
TEMPERATURE IN F: :PCPN: SNOW: WIND :SUNSHINE: SKY :PK WND
================================================================================
1 2 3 4 5 6A 6B 7 8 9 10 11 12 13 14 15 16 17 18
12Z AVG MX 2MIN
DY MAX MIN AVG DEP HDD CDD WTR SNW DPTH SPD SPD DIR MIN PSBL S-S WX SPD DR
================================================================================
1 57 33 45 4 20 0 0.00 0.0 0 12.2 18 230 M M 4 23 230
2 52 38 45 4 20 0 0.03 0.0 0 9.9 16 260 M M 8 20 220
3 62 40 51 10 14 0 0.01 0.0 0 8.3 30 290 M M 6 40 300
4 61 36 49 9 16 0 0.00 0.0 0 9.5 17 240 M M 5 23 220
5 62 42 52 12 13 0 T 0.0 0 14.1 29 270 M M 6 37 290
6 58 36 47 7 18 0 T 0.0 0 7.6 32 280 M M 6 47 270
7 58 40 49 10 16 0 0.00 0.0 0 13.8 28 270 M M 3 39 270
8 52 36 44 5 21 0 0.00 0.0 0 15.0 29 310 M M 3 40 260
9 47 31 39 1 26 0 0.00 0.0 0 8.7 20 300 M M 1 26 300
10 53 29 41 3 24 0 0.00 0.0 0 10.5 20 230 M M 5 26 220
11 53 27 40 2 25 0 0.00 0.0 0 12.7 20 260 M M 5 31 270
12 61 34 48 11 17 0 0.00 0.0 0 7.0 23 270 M M 2 30 270
13 62 34 48 11 17 0 0.00 0.0 0 10.9 23 240 M M 6 30 240
14 56 33 45 8 20 0 0.00 0.0 0 6.9 15 240 M M 5 19 240
15 64 35 50 14 15 0 0.00 0.0 0 10.7 20 240 M M 5 28 220
16 57 29 43 7 22 0 T T 0 7.8 28 360 M M 5 1 34 360
17 60 30 45 9 20 0 0.00 0.0 0 12.5 17 230 M M 2 24 220
18 56 33 45 10 20 0 0.00 0.0 0 8.3 16 240 M M 3 20 230
19 56 31 44 9 21 0 T 0.0 0 12.6 28 310 M M 7 40 320
20 50 31 41 6 24 0 0.00 0.0 0 12.9 22 300 M M 3 28 300
21 53 28 41 7 24 0 0.00 0.0 0 20.9 32 230 M M 4 44 240
22 55 40 48 14 17 0 T 0.0 0 11.5 25 260 M M 9 36 250
23 40 20 30 -4 35 0 T T 0 12.4 21 50 M M 10 1 26 40
24 24 18 21 -12 44 0 T T T 7.5 15 50 M M 10 19 40
25 32 14 23 -10 42 0 T T 0 17.9 26 240 M M 4 33 230
26 35 20 28 -4 37 0 0.00 0.0 0 19.0 26 240 M M 5 31 230
27 42 23 33 1 32 0 0.00 0.0 0 18.9 26 230 M M 5 35 240
28 48 28 38 6 27 0 0.00 0.0 0 19.1 25 230 M M 2 35 230
29 52 28 40 8 25 0 0.00 0.0 0 10.4 22 240 M M 3 26 250
30 31 20 26 -5 39 0 0.00 0.0 0 5.1 9 50 M M 6 12 40
================================================================================
SM 1549 917 711 0 0.04 T 354.6 M 148
================================================================================
AV 51.6 30.6 11.8 FASTST M M 5 MAX(MPH)
MISC ----> # 32 280 47 270
================================================================================
NOTES:
# LAST OF SEVERAL OCCURRENCES
COLUMN 17 PEAK WIND IN M.P.H.
PRELIMINARY LOCAL CLIMATOLOGICAL DATA (WS FORM: F-6) , PAGE 2
STATION: BILLINGS MT
MONTH: NOVEMBER
YEAR: 2023
LATITUDE: 45 47 N
LONGITUDE: 108 32 W
[TEMPERATURE DATA] [PRECIPITATION DATA] SYMBOLS USED IN COLUMN 16
AVERAGE MONTHLY: 41.1 TOTAL FOR MONTH: 0.04 1 = FOG OR MIST
DPTR FM NORMAL: 4.9 DPTR FM NORMAL: -0.56 2 = FOG REDUCING VISIBILITY
HIGHEST: 64 ON 15 GRTST 24HR 0.04 ON 2- 3 TO 1/4 MILE OR LESS
LOWEST: 14 ON 25 3 = THUNDER
SNOW, ICE PELLETS, HAIL 4 = ICE PELLETS
TOTAL MONTH: T 5 = HAIL
GRTST 24HR T ON 16-16 6 = FREEZING RAIN OR DRIZZLE
GRTST DEPTH: T 7 = DUSTSTORM OR SANDSTORM:
VSBY 1/2 MILE OR LESS
8 = SMOKE OR HAZE
[NO. OF DAYS WITH] [WEATHER - DAYS WITH] 9 = BLOWING SNOW
X = TORNADO
MAX 32 OR BELOW: 3 0.01 INCH OR MORE: 2
MAX 90 OR ABOVE: 0 0.10 INCH OR MORE: 0
MIN 32 OR BELOW: 16 0.50 INCH OR MORE: 0
MIN 0 OR BELOW: 0 1.00 INCH OR MORE: 0
[HDD (BASE 65) ]
TOTAL THIS MO. 711 CLEAR (SCALE 0-3) 6
DPTR FM NORMAL -153 PTCLDY (SCALE 4-7) 20
TOTAL FM JUL 1 1359 CLOUDY (SCALE 8-10) 4
DPTR FM NORMAL -243
[CDD (BASE 65) ]
TOTAL THIS MO. 0
DPTR FM NORMAL 0 [PRESSURE DATA]
TOTAL FM JAN 1 715 HIGHEST SLP 30.57 ON 23
DPTR FM NORMAL 53 LOWEST SLP 29.57 ON 6
[REMARKS]
#FINAL-11-23#