000
CXUS51 KRLX 011747
CF6BKW
PRELIMINARY LOCAL CLIMATOLOGICAL DATA (WS FORM: F-6)
STATION: BECKLEY WV
MONTH: DECEMBER
YEAR: 2022
LATITUDE: 37 46 N
LONGITUDE: 81 7 W
TEMPERATURE IN F: :PCPN: SNOW: WIND :SUNSHINE: SKY :PK WND
================================================================================
1 2 3 4 5 6A 6B 7 8 9 10 11 12 13 14 15 16 17 18
12Z AVG MX 2MIN
DY MAX MIN AVG DEP HDD CDD WTR SNW DPTH SPD SPD DIR MIN PSBL S-S WX SPD DR
================================================================================
1 39 21 30 -9 35 0 0.00 0.0 0 6.6 18 290 M M 0 26 280
2 61 30 46 7 19 0 0.01 0.0 0 9.5 17 150 M M 4 23 140
3 57 33 45 6 20 0 0.20 0.0 0 12.4 21 320 M M 7 13 27 300
4 42 22 32 -6 33 0 0.00 0.0 0 2.3 9 170 M M 0 11 330
5 46 23 35 -3 30 0 0.01 0.0 0 9.5 16 130 M M 3 26 130
6 58 39 49 11 16 0 0.85 0.0 0 8.1 18 160 M M 10 1 25 140
7 61 52 57 19 8 0 0.37 0.0 0 7.1 16 220 M M 10 12 24 220
8 52 47 50 12 15 0 0.17 0.0 0 3.7 10 20 M M 10 12 12 10
9 49 44 47 10 18 0 0.01 0.0 0 7.0 14 140 M M 10 1 18 140
10 45 40 43 6 22 0 0.01 0.0 0 6.9 10 130 M M 10 1 16 150
11 50 35 43 6 22 0 0.01 0.0 0 5.4 13 320 M M 10 1 15 150
12 38 33 36 -1 29 0 0.00 0.0 0 5.5 12 10 M M 10 16 10
13 47 27 37 1 28 0 0.00 0.0 0 6.2 13 130 M M 0 18 140
14 45 33 39 3 26 0 0.15 0.0 0 8.1 20 130 M M 6 1 27 130
15 40 34 37 1 28 0 0.29 0.0 0 10.6 24 130 M M 10 1 36 130
16 40 31 36 0 29 0 T 0.0 0 8.2 20 250 M M 8 23 250
17 38 30 34 -2 31 0 0.00 0.0 0 9.0 20 260 M M 8 26 250
18 30 18 24 -11 41 0 T T 0 8.8 18 300 M M 8 27 260
19 35 16 26 -9 39 0 0.00 0.0 0 4.0 14 280 M M 0 17 290
20 48 21 35 0 30 0 0.00 0.0 0 2.6 12 150 M M 6 17 150
21 45 22 34 -1 31 0 0.00 0.0 0 7.0 20 140 M M 0 29 170
22 39 32 36 1 29 0 0.22 0.0 0 10.9 22 120 M M 8 16 27 130
23 39 -6 17 -17 48 0 0.10 0.5 T 15.6 31 270 M M 10 138 42 260
24 10 -6 2 -32 63 0 T T 1 15.9 24 260 M M 10 18 32 250
25 21 5 13 -21 52 0 T T 1 10.5 18 260 M M 2 24 220
26 25 7 16 -18 49 0 0.00 0.0 1 4.4 12 230 M M 5 17 200
27 34 22 28 -6 37 0 0.00 0.0 T 5.1 10 250 M M 7 13 260
28 50 22 36 2 29 0 0.00 0.0 0 6.9 14 150 M M 0 20 160
29 61 34 48 14 17 0 0.00 0.0 0 8.4 14 220 M M 0 22 120
30 63 45 54 21 11 0 0.00 0.0 0 8.6 15 150 M M 6 23 150
31 56 50 53 20 12 0 0.42 0.0 0 6.7 13 140 M M 9 1 18 150
================================================================================
SM 1364 856 897 0 2.82 0.5 241.5 M 187
================================================================================
AV 44.0 27.6 7.8 FASTST M M 6 MAX(MPH)
MISC ----> 31 270 42 260
================================================================================
NOTES:
# LAST OF SEVERAL OCCURRENCES
COLUMN 17 PEAK WIND IN M.P.H.
PRELIMINARY LOCAL CLIMATOLOGICAL DATA (WS FORM: F-6) , PAGE 2
STATION: BECKLEY WV
MONTH: DECEMBER
YEAR: 2022
LATITUDE: 37 46 N
LONGITUDE: 81 7 W
[TEMPERATURE DATA] [PRECIPITATION DATA] SYMBOLS USED IN COLUMN 16
AVERAGE MONTHLY: 35.8 TOTAL FOR MONTH: 2.82 1 = FOG OR MIST
DPTR FM NORMAL: -0.2 DPTR FM NORMAL: -0.47 2 = FOG REDUCING VISIBILITY
HIGHEST: 63 ON 30 GRTST 24HR 1.08 ON 6- 7 TO 1/4 MILE OR LESS
LOWEST: -6 ON 24,23 3 = THUNDER
SNOW, ICE PELLETS, HAIL 4 = ICE PELLETS
TOTAL MONTH: 0.5 INCH 5 = HAIL
GRTST 24HR 0.5 ON 23-23 6 = FREEZING RAIN OR DRIZZLE
GRTST DEPTH: 1 ON 26,25 7 = DUSTSTORM OR SANDSTORM:
VSBY 1/2 MILE OR LESS
8 = SMOKE OR HAZE
[NO. OF DAYS WITH] [WEATHER - DAYS WITH] 9 = BLOWING SNOW
X = TORNADO
MAX 32 OR BELOW: 4 0.01 INCH OR MORE: 14
MAX 90 OR ABOVE: 0 0.10 INCH OR MORE: 9
MIN 32 OR BELOW: 18 0.50 INCH OR MORE: 1
MIN 0 OR BELOW: 2 1.00 INCH OR MORE: 0
[HDD (BASE 65) ]
TOTAL THIS MO. 897 CLEAR (SCALE 0-3) 9
DPTR FM NORMAL -3 PTCLDY (SCALE 4-7) 10
TOTAL FM JUL 1 2041 CLOUDY (SCALE 8-10) 12
DPTR FM NORMAL 66
[CDD (BASE 65) ]
TOTAL THIS MO. 0
DPTR FM NORMAL 0 [PRESSURE DATA]
TOTAL FM JAN 1 701 HIGHEST SLP 30.56 ON 1
DPTR FM NORMAL 36 LOWEST SLP 29.35 ON 23
[REMARKS]
#FINAL-12-22#