000
CXUS51 KRNK 011230
CF6BLF
PRELIMINARY LOCAL CLIMATOLOGICAL DATA (WS FORM: F-6)
STATION: BLUEFIELD WV
MONTH: JULY
YEAR: 2023
LATITUDE: 37 17 N
LONGITUDE: 81 12 W
TEMPERATURE IN F: :PCPN: SNOW: WIND :SUNSHINE: SKY :PK WND
================================================================================
1 2 3 4 5 6A 6B 7 8 9 10 11 12 13 14 15 16 17 18
12Z AVG MX 2MIN
DY MAX MIN AVG DEP HDD CDD WTR SNW DPTH SPD SPD DIR MIN PSBL S-S WX SPD DR
================================================================================
1 78 64 71 1 0 6 T 0.0 0 6.0 16 290 M M 1 24 310
2 80 65 73 3 0 8 0.08 0.0 0 8.1 18 260 M M 1 13 28 280
3 81 63 72 2 0 7 0.21 0.0 0 9.0 23 240 M M 4 13 30 240
4 79 63 71 1 0 6 0.00 0.0 0 6.3 14 260 M M 4 1 20 260
5 80 62 71 1 0 6 0.00 0.0 0 1.9 8 240 M M 2 1 10 60
6 81 62 72 2 0 7 T 0.0 0 3.3 8 280 M M 3 3 11 250
7 79 64 72 2 0 7 0.00 0.0 0 5.4 10 300 M M 5 16 310
8 81 62 72 2 0 7 0.00 0.0 0 2.6 10 300 M M 1 1 16 310
9 74 63 69 -1 0 4 0.44 0.0 0 5.6 17 300 M M 5 13 29 300
10 75 58 67 -3 0 2 0.00 0.0 0 4.6 12 10 M M 6 1 17 30
11 77 55 66 -4 0 1 0.00 0.0 0 2.4 10 270 M M 3 15 270
12 82 58 70 0 0 5 0.00 0.0 0 3.8 14 260 M M 1 19 250
13 81 64 73 3 0 8 0.58 0.0 0 7.2 14 280 M M 4 13 19 250
14 81 64 73 3 0 8 1.09 0.0 0 4.9 20 260 M M 3 13 27 280
15 82 62 72 2 0 7 0.83 0.0 0 2.3 16 220 M M 4 123 25 230
16 76 64 70 0 0 5 0.08 0.0 0 7.0 15 290 M M 6 1 21 330
17 79 59 69 -1 0 4 0.30 0.0 0 4.9 22 230 M M 1 1238 27 240
18 80 60 70 0 0 5 0.20 0.0 0 5.5 16 350 M M 4 13 24 350
19 73 63 68 -2 0 3 1.27 0.0 0 5.8 15 350 M M 9 13 21 340
20 81 63 72 2 0 7 0.04 0.0 0 7.6 17 260 M M 6 1 23 250
21 76 61 69 -1 0 4 0.02 0.0 0 7.0 16 290 M M 7 1 24 290
22 74 60 67 -3 0 2 T 0.0 0 2.0 10 20 M M 5 14 10
23 78 59 69 -1 0 4 T 0.0 0 2.1 8 290 M M 6 22 340
24 78 58 68 -2 0 3 0.00 0.0 0 3.3 10 290 M M 1 17 280
25 80 60 70 0 0 5 0.00 0.0 0 5.0 15 260 M M 3 20 250
26 84 61 73 3 0 8 0.00 0.0 0 4.1 14 250 M M 1 16 230
27 84 69 77 7 0 12 0.00 0.0 0 7.7 14 250 M M 2 21 250
28 86 65 76 6 0 11 0.17 0.0 0 6.0 24 330 M M 2 13 44 330
29 84 67 76 6 0 11 0.00 0.0 0 9.0 17 270 M M 3 3 26 280
30 78 63 71 1 0 6 T 0.0 0 3.3 8 280 M M 5 1 12 330
31 77 59 68 -2 0 3 T 0.0 0 5.2 13 350 M M 3 12 18 320
================================================================================
SM 2459 1920 0 182 5.31 0.0 158.9 M 111
================================================================================
AV 79.3 61.9 5.1 FASTST M M 4 MAX(MPH)
MISC ----> 24 330 44 330
================================================================================
NOTES:
# LAST OF SEVERAL OCCURRENCES
COLUMN 17 PEAK WIND IN M.P.H.
PRELIMINARY LOCAL CLIMATOLOGICAL DATA (WS FORM: F-6) , PAGE 2
STATION: BLUEFIELD WV
MONTH: JULY
YEAR: 2023
LATITUDE: 37 17 N
LONGITUDE: 81 12 W
[TEMPERATURE DATA] [PRECIPITATION DATA] SYMBOLS USED IN COLUMN 16
AVERAGE MONTHLY: 70.6 TOTAL FOR MONTH: 5.31 1 = FOG OR MIST
DPTR FM NORMAL: 0.3 DPTR FM NORMAL: 0.95 2 = FOG REDUCING VISIBILITY
HIGHEST: 86 ON 28 GRTST 24HR 1.67 ON 13-14 TO 1/4 MILE OR LESS
LOWEST: 55 ON 11 3 = THUNDER
SNOW, ICE PELLETS, HAIL 4 = ICE PELLETS
TOTAL MONTH: 0.0 INCH 5 = HAIL
GRTST 24HR 0.0 6 = FREEZING RAIN OR DRIZZLE
GRTST DEPTH: 0 7 = DUSTSTORM OR SANDSTORM:
VSBY 1/2 MILE OR LESS
8 = SMOKE OR HAZE
[NO. OF DAYS WITH] [WEATHER - DAYS WITH] 9 = BLOWING SNOW
X = TORNADO
MAX 32 OR BELOW: 0 0.01 INCH OR MORE: 13
MAX 90 OR ABOVE: 0 0.10 INCH OR MORE: 9
MIN 32 OR BELOW: 0 0.50 INCH OR MORE: 4
MIN 0 OR BELOW: 0 1.00 INCH OR MORE: 2
[HDD (BASE 65) ]
TOTAL THIS MO. 0 CLEAR (SCALE 0-3) 16
DPTR FM NORMAL -8 PTCLDY (SCALE 4-7) 14
TOTAL FM JUL 1 0 CLOUDY (SCALE 8-10) 1
DPTR FM NORMAL 0
[CDD (BASE 65) ]
TOTAL THIS MO. 182
DPTR FM NORMAL 8 [PRESSURE DATA]
TOTAL FM JAN 1 221 HIGHEST SLP 30.18 ON 28
DPTR FM NORMAL -106 LOWEST SLP 29.80 ON 9
[REMARKS]
#FINAL-07-23#