000
CXUS51 KRNK 010832
CF6BLF
PRELIMINARY LOCAL CLIMATOLOGICAL DATA (WS FORM: F-6)
STATION: BLUEFIELD WV
MONTH: APRIL
YEAR: 2023
LATITUDE: 37 17 N
LONGITUDE: 81 12 W
TEMPERATURE IN F: :PCPN: SNOW: WIND :SUNSHINE: SKY :PK WND
================================================================================
1 2 3 4 5 6A 6B 7 8 9 10 11 12 13 14 15 16 17 18
12Z AVG MX 2MIN
DY MAX MIN AVG DEP HDD CDD WTR SNW DPTH SPD SPD DIR MIN PSBL S-S WX SPD DR
================================================================================
1 68 36 52 4 13 0 0.72 T 0 17.0 41 240 M M 6 1 56 240
2 54 33 44 -4 21 0 0.00 0.0 0 7.0 20 300 M M 5 30 280
3 67 43 55 7 10 0 0.00 0.0 0 6.5 15 150 M M 2 23 180
4 77 49 63 14 2 0 0.00 0.0 0 6.8 18 250 M M 4 24 250
5 78 60 69 20 0 4 0.00 0.0 0 5.9 14 230 M M 2 22 220
6 70 47 59 10 6 0 T 0.0 0 5.9 14 310 M M 6 19 320
7 48 37 43 -7 22 0 0.81 0.0 0 5.5 13 70 M M 8 1 22 60
8 42 36 39 -11 26 0 0.00 0.0 0 5.8 12 90 M M 8 19 80
9 56 30 43 -7 22 0 0.00 0.0 0 5.8 13 130 M M 0 20 30
10 61 38 50 -1 15 0 0.00 0.0 0 3.5 10 60 M M 0 15 80
11 66 42 54 3 11 0 0.00 0.0 0 5.4 15 280 M M 0 22 270
12 72 44 58 6 7 0 0.00 0.0 0 6.3 15 300 M M 0 21 280
13 77 52 65 13 0 0 0.00 0.0 0 5.4 13 170 M M 0 21 110
14 71 54 63 11 2 0 0.13 0.0 0 5.5 16 160 M M 6 1 23 120
15 68 52 60 7 5 0 0.00 0.0 0 7.4 15 280 M M 7 19 290
16 71 43 57 4 8 0 0.02 0.0 0 7.6 22 280 M M 4 3 33 270
17 58 38 48 -5 17 0 0.00 0.0 0 13.0 28 260 M M 4 39 260
18 66 42 54 0 11 0 0.00 0.0 0 11.5 25 300 M M 1 39 290
19 75 49 62 8 3 0 0.00 0.0 0 7.8 16 240 M M 0 23 250
20 79 57 68 14 0 3 0.00 0.0 0 6.7 20 250 M M 1 28 250
21 78 58 68 13 0 3 0.00 0.0 0 7.6 21 160 M M 1 31 160
22 62 41 52 -3 13 0 0.33 0.0 0 7.9 23 280 M M 5 13 38 270
23 53 36 45 -10 20 0 T 0.0 0 7.2 16 280 M M 7 24 280
24 51 29 40 -16 25 0 0.00 0.0 0 5.8 16 260 M M 2 24 280
25 56 29 43 -13 22 0 0.00 0.0 0 2.8 12 270 M M 1 19 280
26 61 40 51 -5 14 0 0.00 0.0 0 4.2 12 250 M M 1 16 230
27 62 43 53 -3 12 0 0.36 0.0 0 5.5 18 130 M M 5 1 30 130
28 61 51 56 -1 9 0 0.99 0.0 0 4.8 14 120 M M 10 13 27 130
29 70 49 60 3 5 0 0.02 0.0 0 6.0 13 230 M M 5 3 22 270
30 58 37 48 -9 17 0 0.24 0.0 0 7.2 29 270 M M 10 13 46 310
================================================================================
SM 1936 1295 338 10 3.62 T 205.3 M 111
================================================================================
AV 64.5 43.2 6.8 FASTST M M 4 MAX(MPH)
MISC ----> 41 240 56 240
================================================================================
NOTES:
# LAST OF SEVERAL OCCURRENCES
COLUMN 17 PEAK WIND IN M.P.H.
PRELIMINARY LOCAL CLIMATOLOGICAL DATA (WS FORM: F-6) , PAGE 2
STATION: BLUEFIELD WV
MONTH: APRIL
YEAR: 2023
LATITUDE: 37 17 N
LONGITUDE: 81 12 W
[TEMPERATURE DATA] [PRECIPITATION DATA] SYMBOLS USED IN COLUMN 16
AVERAGE MONTHLY: 53.9 TOTAL FOR MONTH: 3.62 1 = FOG OR MIST
DPTR FM NORMAL: 1.1 DPTR FM NORMAL: -0.02 2 = FOG REDUCING VISIBILITY
HIGHEST: 79 ON 20 GRTST 24HR 1.29 ON 31- 1 TO 1/4 MILE OR LESS
LOWEST: 29 ON 25,24 3 = THUNDER
SNOW, ICE PELLETS, HAIL 4 = ICE PELLETS
TOTAL MONTH: T 5 = HAIL
GRTST 24HR T ON 1- 1 6 = FREEZING RAIN OR DRIZZLE
GRTST DEPTH: 0 7 = DUSTSTORM OR SANDSTORM:
VSBY 1/2 MILE OR LESS
8 = SMOKE OR HAZE
[NO. OF DAYS WITH] [WEATHER - DAYS WITH] 9 = BLOWING SNOW
X = TORNADO
MAX 32 OR BELOW: 0 0.01 INCH OR MORE: 9
MAX 90 OR ABOVE: 0 0.10 INCH OR MORE: 7
MIN 32 OR BELOW: 3 0.50 INCH OR MORE: 3
MIN 0 OR BELOW: 0 1.00 INCH OR MORE: 0
[HDD (BASE 65) ]
TOTAL THIS MO. 338 CLEAR (SCALE 0-3) 14
DPTR FM NORMAL -42 PTCLDY (SCALE 4-7) 12
TOTAL FM JUL 1 4520 CLOUDY (SCALE 8-10) 4
DPTR FM NORMAL -476
[CDD (BASE 65) ]
TOTAL THIS MO. 10
DPTR FM NORMAL 0 [PRESSURE DATA]
TOTAL FM JAN 1 10 HIGHEST SLP 30.44 ON 10
DPTR FM NORMAL -1 LOWEST SLP 29.33 ON 30
[REMARKS]
#FINAL-04-23#