000
CXUS51 KRNK 011951
CF6BLF
PRELIMINARY LOCAL CLIMATOLOGICAL DATA (WS FORM: F-6)
STATION: BLUEFIELD WV
MONTH: MARCH
YEAR: 2022
LATITUDE: 37 17 N
LONGITUDE: 81 12 W
TEMPERATURE IN F: :PCPN: SNOW: WIND :SUNSHINE: SKY :PK WND
================================================================================
1 2 3 4 5 6A 6B 7 8 9 10 11 12 13 14 15 16 17 18
12Z AVG MX 2MIN
DY MAX MIN AVG DEP HDD CDD WTR SNW DPTH SPD SPD DIR MIN PSBL S-S WX SPD DR
================================================================================
1 56 33 45 7 20 0 0.00 0.0 0 8.8 17 240 M M 0 23 230
2 60 41 51 13 14 0 0.00 0.0 0 8.0 17 270 M M 0 24 320
3 61 36 49 11 16 0 0.00 0.0 0 10.8 22 280 M M 3 32 280
4 64 30 47 8 18 0 0.00 0.0 0 4.7 13 280 M M 0 19 290
5 71 42 57 18 8 0 0.00 0.0 0 7.0 23 250 M M 0 32 250
6 69 54 62 23 3 0 0.00 0.0 0 11.4 24 240 M M 4 35 230
7 68 38 53 13 12 0 0.56 0.0 0 13.5 31 250 M M 5 1 49 250
8 51 32 42 2 23 0 0.07 T 0 5.3 16 290 M M 7 1 24 170
9 45 33 39 -1 26 0 0.67 0.0 0 7.1 18 280 M M 10 12 29 140
10 48 32 40 0 25 0 0.00 0.0 0 4.4 15 140 M M 10 24 140
11 61 34 48 8 17 0 0.00 0.0 0 6.6 21 250 M M 2 28 280
12 50 11 31 -10 34 0 0.32 3.5 4 14.4 30 300 M M 9 12 46 310
13 40 9 25 -16 40 0 0.00 0.0 0 11.9 23 260 M M 1 32 260
14 58 32 45 4 20 0 0.00 0.0 0 7.4 13 180 M M 0 20 190
15 61 41 51 9 14 0 0.00 0.0 0 5.4 15 250 M M 2 19 240
16 55 40 48 6 17 0 0.09 0.0 0 5.4 18 130 M M 5 1 27 120
17 63 46 55 13 10 0 0.00 0.0 0 4.8 15 250 M M 7 1 20 250
18 64 48 56 13 9 0 T 0.0 0 7.7 31 140 M M 1 57 120
19 66 40 53 10 12 0 T 0.0 0 11.2 30 260 M M 6 38 270
20 50 36 43 0 22 0 0.03 0.0 0 12.7 23 300 M M 6 1 35 290
21 62 36 49 5 16 0 0.00 0.0 0 5.4 13 230 M M 0 16 280
22 68 44 56 12 9 0 0.00 0.0 0 5.6 21 180 M M 0 32 170
23 65 53 59 15 6 0 0.07 0.0 0 10.6 21 140 M M 7 1 36 160
24 62 44 53 8 12 0 0.00 0.0 0 10.7 25 240 M M 2 33 240
25 45 35 40 -5 25 0 0.02 0.0 0 9.7 20 270 M M 6 1 30 270
26 36 27 32 -13 33 0 0.10 T T 12.6 26 270 M M 8 123 37 280
27 35 23 29 -17 36 0 T T T 13.7 22 280 M M 5 32 300
28 38 21 30 -16 35 0 0.00 0.0 0 11.6 23 310 M M 0 32 280
29 49 22 36 -10 29 0 0.00 0.0 0 2.7 10 120 M M 6 16 110
30 73 42 58 11 7 0 0.00 0.0 0 9.2 23 180 M M 1 38 180
31 69 38 54 7 11 0 0.62 0.0 0 13.8 28 260 M M 6 1 44 190
================================================================================
SM 1763 1093 579 0 2.55 3.5 274.1 M 119
================================================================================
AV 56.9 35.3 8.8 FASTST M M 4 MAX(MPH)
MISC ----> # 31 250 57 120
================================================================================
NOTES:
# LAST OF SEVERAL OCCURRENCES
COLUMN 17 PEAK WIND IN M.P.H.
PRELIMINARY LOCAL CLIMATOLOGICAL DATA (WS FORM: F-6) , PAGE 2
STATION: BLUEFIELD WV
MONTH: MARCH
YEAR: 2022
LATITUDE: 37 17 N
LONGITUDE: 81 12 W
[TEMPERATURE DATA] [PRECIPITATION DATA] SYMBOLS USED IN COLUMN 16
AVERAGE MONTHLY: 46.1 TOTAL FOR MONTH: 2.55 1 = FOG OR MIST
DPTR FM NORMAL: 3.9 DPTR FM NORMAL: -1.29 2 = FOG REDUCING VISIBILITY
HIGHEST: 73 ON 30 GRTST 24HR 0.74 ON 8- 9 TO 1/4 MILE OR LESS
LOWEST: 9 ON 13 3 = THUNDER
SNOW, ICE PELLETS, HAIL 4 = ICE PELLETS
TOTAL MONTH: 3.5 INCHES 5 = HAIL
GRTST 24HR 3.5 ON 12-12 6 = FREEZING RAIN OR DRIZZLE
GRTST DEPTH: 4 ON 12 7 = DUSTSTORM OR SANDSTORM:
VSBY 1/2 MILE OR LESS
8 = SMOKE OR HAZE
[NO. OF DAYS WITH] [WEATHER - DAYS WITH] 9 = BLOWING SNOW
X = TORNADO
MAX 32 OR BELOW: 0 0.01 INCH OR MORE: 10
MAX 90 OR ABOVE: 0 0.10 INCH OR MORE: 5
MIN 32 OR BELOW: 10 0.50 INCH OR MORE: 3
MIN 0 OR BELOW: 0 1.00 INCH OR MORE: 0
[HDD (BASE 65) ]
TOTAL THIS MO. 579 CLEAR (SCALE 0-3) 15
DPTR FM NORMAL -129 PTCLDY (SCALE 4-7) 13
TOTAL FM JUL 1 4038 CLOUDY (SCALE 8-10) 3
DPTR FM NORMAL -577
[CDD (BASE 65) ]
TOTAL THIS MO. 0
DPTR FM NORMAL -1 [PRESSURE DATA]
TOTAL FM JAN 1 0 HIGHEST SLP 30.46 ON 14
DPTR FM NORMAL -1 LOWEST SLP 29.41 ON 31
[REMARKS] DUE TO EQUIPMENT FAILURE ON JANUARY 9-10, 2022, ALL
INFORMATION WILL BE CALCULATED WITHOUT DATA FROM THESE DATES.
#FINAL-03-22#