000
CXUS51 KRNK 010645
CLSBLF
CLIMATE REPORT
NATIONAL WEATHER SERVICE BLACKSBURG, VA
245 AM EDT FRI SEP 01 2023
...................................
...THE BLUEFIELD WV CLIMATE SUMMARY FOR THE SEASON, FROM
6/1/2023 TO 8/31/2023...
CLIMATE NORMAL PERIOD: 1991 TO 2020
CLIMATE RECORD PERIOD: 1909 TO 2023
WEATHER OBSERVED NORMAL DEPART LAST YEAR`S
VALUE DATE(S) VALUE FROM VALUE
NORMAL
..............................................................
TEMPERATURE (F)
RECORD
HIGH 99 08/09/1957
07/28/1952
LOW 31 06/17/1917
HIGHEST 86 07/28 87
LOWEST 45 06/09 44
AVG. MAXIMUM 75.8 77.6 -1.8 77.8
AVG. MINIMUM 59.1 60.3 -1.2 61.2
MEAN 67.5 68.9 -1.4 69.5
DAYS MAX >= 90 0 2.0 -2.0 0
DAYS MAX <= 32 0 0.0 0.0 0
DAYS MIN <= 32 0 0.0 0.0 0
DAYS MIN <= 0 0 0.0 0.0 0
PRECIPITATION (INCHES)
RECORD
MAXIMUM 19.16 2006
MINIMUM 6.12 1997
TOTALS 11.27 11.64 -0.37 15.81
DAYS >= .01 42 38.7 3.3 41
DAYS >= .10 27 23.6 3.4 30
DAYS >= .50 6 7.5 -1.5 10
DAYS >= 1.00 3 2.1 0.9 3
GREATEST
24 HR. TOTAL 1.67 2.74
SNOWFALL (INCHES)
TOTALS 0.0 0.0 0.0 0.0
DAYS >= TRACE 0 0.0 0.0 0
DAYS >= 1.0 0 0.0 0.0 0
GREATEST
24 HR TOTAL MM 0.0
DEGREE DAYS
HEATING TOTAL 87 62 25 44
COOLING TOTAL 338 426 -88 473
..............................................................
WIND (MPH)
AVERAGE WIND SPEED 5.2
RESULTANT WIND SPEED/DIRECTION 3/270
HIGHEST WIND SPEED/DIRECTION 24/250 DATE 07/28
HIGHEST GUST SPEED/DIRECTION 44/330 DATE 07/28
SKY COVER
AVERAGE SKY COVER 0.41
AVERAGE RH (PERCENT) 76
WEATHER CONDITIONS. NUMBER OF DAYS WITH
THUNDERSTORM 20 MIXED PRECIP 0
HEAVY RAIN 13 RAIN 26
LIGHT RAIN 51 FREEZING RAIN 0
LT FREEZING RAIN 0 HAIL 0
HEAVY SNOW 0 SNOW 0
LIGHT SNOW 0 SLEET 0
FOG 56 FOG W/VIS <= 1/4 MILE 7
HAZE 4
- INDICATES NEGATIVE NUMBERS.
R INDICATES RECORD WAS SET OR TIED.
MM INDICATES DATA IS MISSING.
T INDICATES TRACE AMOUNT.
$$
RCS