000
CXUS53 KIND 010600
CF6BMG
PRELIMINARY LOCAL CLIMATOLOGICAL DATA (WS FORM: F-6)
STATION: BLOOMINGTON IN
MONTH: MARCH
YEAR: 2022
LATITUDE: 39 7 N
LONGITUDE: 86 37 W
TEMPERATURE IN F: :PCPN: SNOW: WIND :SUNSHINE: SKY :PK WND
================================================================================
1 2 3 4 5 6A 6B 7 8 9 10 11 12 13 14 15 16 17 18
12Z AVG MX 2MIN
DY MAX MIN AVG DEP HDD CDD WTR SNW DPTH SPD SPD DIR MIN PSBL S-S WX SPD DR
================================================================================
1 64 39 52 14 13 0 0.00 M M 8.8 21 220 M M 0 27 220
2 71 31 51 13 14 0 T M M 4.1 17 230 M M 3 25 220
3 56 35 46 8 19 0 0.00 M M 9.5 16 30 M M 2 8 22 40
4 55 30 43 4 22 0 0.00 M M 8.4 14 110 M M 0 20 110
5 76 45 61 22 4 0 0.00 M M 15.0 28 200 M M 3 46 210
6 69 51 60 20 5 0 0.64 M M 11.7 26 210 M M 7 13 42 210
7 60 34 47 7 18 0 1.63 M M 9.9 25 290 M M 10 13 45 330
8 39 31 35 -5 30 0 0.00 M M 2.4 10 340 M M 7 13 340
9 51 31 41 0 24 0 0.00 M M 5.0 14 290 M M 4 19 350
10 53 29 41 0 24 0 0.00 M M 4.1 12 10 M M 2 18 10
11 37 26 32 -9 33 0 T M M 8.9 23 320 M M 9 1 29 340
12 26 14 20 -22 45 0 0.00 M M 9.8 22 280 M M 1 31 280
13 52 15 34 -8 31 0 0.00 M M 12.4 26 230 M M 3 38 220
14 64 33 49 7 16 0 0.00 M M 9.9 23 190 M M 0 30 200
15 68 42 55 12 10 0 T M M 4.2 14 230 M M 4 22 230
16 72 34 53 10 12 0 0.00 M M 3.9 15 150 M M 0 22 150
17 74 39 57 13 8 0 0.00 M M 2.6 14 200 M M 2 19 210
18 62 44 53 9 12 0 0.83 M M 5.1 16 180 M M 6 13 25 190
19 56 41 49 5 16 0 0.11 M M 11.4 20 240 M M 10 18 31 230
20 64 33 49 4 16 0 0.00 M M 4.7 15 240 M M 1 22 230
21 72 37 55 10 10 0 0.00 M M 7.3 17 180 M M 0 24 160
22 59 49 54 8 11 0 1.51 M M 10.4 23 150 M M 9 13 34 140
23 63 44 54 8 11 0 0.63 M M 11.5 33 220 M M 10 13 44 220
24 47 42 45 -1 20 0 0.02 M M 12.2 23 210 M M 10 18 35 220
25 47 38 43 -4 22 0 0.04 M M 9.5 25 290 M M 9 18 40 280
26 43 26 35 -12 30 0 0.00 M M 11.2 22 290 M M 7 34 300
27 43 24 34 -13 31 0 0.00 M M 5.8 17 350 M M 0 23 360
28 45 21 33 -15 32 0 0.00 M M 4.2 13 10 M M 0 18 350
29 44 35 40 -8 25 0 T M M 12.6 23 110 M M 7 36 120
30 78 43 61 13 4 0 0.30 M M 13.5 30 190 M M 5 1 46 180
31 59 36 48 -1 17 0 0.08 M M 12.3 25 200 M M 10 18 40 220
================================================================================
SM 1769 1072 585 0 5.79 M 262.3 M 141
================================================================================
AV 57.1 34.6 8.5 FASTST M M 5 MAX(MPH)
MISC ----> 33 220 # 46 210
================================================================================
NOTES:
# LAST OF SEVERAL OCCURRENCES
COLUMN 17 PEAK WIND IN M.P.H.
PRELIMINARY LOCAL CLIMATOLOGICAL DATA (WS FORM: F-6) , PAGE 2
STATION: BLOOMINGTON IN
MONTH: MARCH
YEAR: 2022
LATITUDE: 39 7 N
LONGITUDE: 86 37 W
[TEMPERATURE DATA] [PRECIPITATION DATA] SYMBOLS USED IN COLUMN 16
AVERAGE MONTHLY: 45.8 TOTAL FOR MONTH: 5.79 1 = FOG OR MIST
DPTR FM NORMAL: 2.5 DPTR FM NORMAL: 1.97 2 = FOG REDUCING VISIBILITY
HIGHEST: 78 ON 30 GRTST 24HR 2.15 ON 6- 7 TO 1/4 MILE OR LESS
LOWEST: 14 ON 12 3 = THUNDER
SNOW, ICE PELLETS, HAIL 4 = ICE PELLETS
TOTAL MONTH: M 5 = HAIL
GRTST 24HR M ON M 6 = FREEZING RAIN OR DRIZZLE
GRTST DEPTH: M ON M 7 = DUSTSTORM OR SANDSTORM:
VSBY 1/2 MILE OR LESS
8 = SMOKE OR HAZE
[NO. OF DAYS WITH] [WEATHER - DAYS WITH] 9 = BLOWING SNOW
X = TORNADO
MAX 32 OR BELOW: 1 0.01 INCH OR MORE: 10
MAX 90 OR ABOVE: 0 0.10 INCH OR MORE: 7
MIN 32 OR BELOW: 11 0.50 INCH OR MORE: 5
MIN 0 OR BELOW: 0 1.00 INCH OR MORE: 2
[HDD (BASE 65) ]
TOTAL THIS MO. 585 CLEAR (SCALE 0-3) 15
DPTR FM NORMAL -93 PTCLDY (SCALE 4-7) 8
TOTAL FM JUL 1 4222 CLOUDY (SCALE 8-10) 8
DPTR FM NORMAL -389
[CDD (BASE 65) ]
TOTAL THIS MO. 0
DPTR FM NORMAL -3 [PRESSURE DATA]
TOTAL FM JAN 1 0 HIGHEST SLP M ON M
DPTR FM NORMAL -3 LOWEST SLP 29.24 ON 30
[REMARKS]
#FINAL-03-22#