000
CXUS53 KIND 010700
CF6BMG
PRELIMINARY LOCAL CLIMATOLOGICAL DATA (WS FORM: F-6)
STATION: BLOOMINGTON IN
MONTH: NOVEMBER
YEAR: 2021
LATITUDE: 39 7 N
LONGITUDE: 86 37 W
TEMPERATURE IN F: :PCPN: SNOW: WIND :SUNSHINE: SKY :PK WND
================================================================================
1 2 3 4 5 6A 6B 7 8 9 10 11 12 13 14 15 16 17 18
12Z AVG MX 2MIN
DY MAX MIN AVG DEP HDD CDD WTR SNW DPTH SPD SPD DIR MIN PSBL S-S WX SPD DR
================================================================================
1 51 34 43 -6 22 0 0.00 M M 3.5 10 280 M M 5 17 290
2 49 29 39 -10 26 0 0.00 M M 4.0 14 360 M M 3 23 350
3 51 26 39 -9 26 0 0.00 M M 1.7 7 10 M M 1 11 360
4 52 26 39 -9 26 0 0.00 M M 1.8 12 20 M M 0 8 16 40
5 53 26 40 -8 25 0 0.00 M M 1.9 13 120 M M 0 18 130
6 60 26 43 -4 22 0 0.00 M M 0.9 9 200 M M 0 18 13 230
7 65 30 48 1 17 0 0.00 M M 2.1 8 230 M M 0 15 190
8 71 35 53 7 12 0 0.00 M M 6.6 17 220 M M 0 23 220
9 64 39 52 6 13 0 0.00 M M 3.5 12 240 M M 1 18 18 240
10 69 40 55 9 10 0 0.00 M M 4.4 13 140 M M 3 128 17 150
11 59 40 50 5 15 0 0.40 M M 8.3 18 260 M M 6 1 35 280
12 52 36 44 -1 21 0 T M M 11.0 26 220 M M 4 40 230
13 38 34 36 -8 29 0 T M M 8.1 16 280 M M 10 18 24 280
14 42 33 38 -6 27 0 0.17 M M 11.0 23 290 M M 10 1 38 300
15 41 27 34 -10 31 0 0.00 M M 5.8 13 180 M M 6 16 190
16 61 31 46 3 19 0 0.00 M M 4.8 13 150 M M 1 17 180
17 65 45 55 12 10 0 0.26 M M 12.3 25 210 M M 8 18 35 190
18 46 31 39 -4 26 0 0.15 M M 9.0 20 280 M M 3 1 30 290
19 42 22 32 -10 33 0 0.00 M M 4.3 12 150 M M 0 8 15 150
20 52 30 41 -1 24 0 0.00 M M 5.9 17 220 M M 2 8 26 200
21 48 37 43 1 22 0 0.37 M M 6.7 12 320 M M 8 1 23 310
22 39 22 31 -10 34 0 0.00 M M 5.6 14 330 M M 0 22 330
23 44 20 32 -9 33 0 0.00 M M 4.5 14 160 M M 0 8 14 160
24 58 32 45 5 20 0 0.00 M M 11.9 24 190 M M 2 32 180
25 55 30 43 3 22 0 0.27 M M 10.9 20 210 M M 10 128 33 180
26 33 22 28 -12 37 0 0.00 M M 4.8 14 290 M M 5 26 290
27 50 29 40 0 25 0 0.00 M M 7.1 14 220 M M 4 19 190
28 46 27 37 -2 28 0 0.00 M M 7.1 20 290 M M 0 30 290
29 46 20 33 -6 32 0 0.00 M M 6.8 22 220 M M 5 33 230
30 54 29 42 3 23 0 0.00 M M 5.3 23 230 M M 0 8 34 230
================================================================================
SM 1556 908 710 0 1.62 M 181.6 M 97
================================================================================
AV 51.9 30.3 6.1 FASTST M M 3 MAX(MPH)
MISC ----> 26 220 40 230
================================================================================
NOTES:
# LAST OF SEVERAL OCCURRENCES
COLUMN 17 PEAK WIND IN M.P.H.
PRELIMINARY LOCAL CLIMATOLOGICAL DATA (WS FORM: F-6) , PAGE 2
STATION: BLOOMINGTON IN
MONTH: NOVEMBER
YEAR: 2021
LATITUDE: 39 7 N
LONGITUDE: 86 37 W
[TEMPERATURE DATA] [PRECIPITATION DATA] SYMBOLS USED IN COLUMN 16
AVERAGE MONTHLY: 41.1 TOTAL FOR MONTH: 1.62 1 = FOG OR MIST
DPTR FM NORMAL: -2.6 DPTR FM NORMAL: -2.11 2 = FOG REDUCING VISIBILITY
HIGHEST: 71 ON 8 GRTST 24HR 0.41 ON 17-18 TO 1/4 MILE OR LESS
LOWEST: 20 ON 29,23 3 = THUNDER
SNOW, ICE PELLETS, HAIL 4 = ICE PELLETS
TOTAL MONTH: M 5 = HAIL
GRTST 24HR M ON M 6 = FREEZING RAIN OR DRIZZLE
GRTST DEPTH: M ON M 7 = DUSTSTORM OR SANDSTORM:
VSBY 1/2 MILE OR LESS
8 = SMOKE OR HAZE
[NO. OF DAYS WITH] [WEATHER - DAYS WITH] 9 = BLOWING SNOW
X = TORNADO
MAX 32 OR BELOW: 0 0.01 INCH OR MORE: 6
MAX 90 OR ABOVE: 0 0.10 INCH OR MORE: 6
MIN 32 OR BELOW: 20 0.50 INCH OR MORE: 0
MIN 0 OR BELOW: 0 1.00 INCH OR MORE: 0
[HDD (BASE 65) ]
TOTAL THIS MO. 710 CLEAR (SCALE 0-3) 17
DPTR FM NORMAL 71 PTCLDY (SCALE 4-7) 10
TOTAL FM JUL 1 897 CLOUDY (SCALE 8-10) 3
DPTR FM NORMAL -137
[CDD (BASE 65) ]
TOTAL THIS MO. 0
DPTR FM NORMAL 0 [PRESSURE DATA]
TOTAL FM JAN 1 1274 HIGHEST SLP M ON M
DPTR FM NORMAL 250 LOWEST SLP 29.71 ON 11
[REMARKS]
#FINAL-11-21#