677
CXUS53 KILX 012300
CF6BMI
PRELIMINARY LOCAL CLIMATOLOGICAL DATA (WS FORM: F-6)
STATION: BLOOMINGTON IL AIRPORT
MONTH: APRIL
YEAR: 2020
LATITUDE: 40 28 N
LONGITUDE: 88 56 W
TEMPERATURE IN F: :PCPN: SNOW: WIND :SUNSHINE: SKY :PK WND
================================================================================
1 2 3 4 5 6A 6B 7 8 9 10 11 12 13 14 15 16 17 18
12Z AVG MX 2MIN
DY MAX MIN AVG DEP HDD CDD WTR SNW DPTH SPD SPD DIR MIN PSBL S-S WX SPD DR
================================================================================
1 58 30 44 M 21 0 0.00 M M 5.9 12 30 M M 2 M M
2 64 37 51 M 14 0 T M M 10.4 16 160 M M 0 20 150
3 70 41 56 M 9 0 T M M 10.8 17 320 M M 8 20 170
4 46 35 41 M 24 0 0.01 M M 11.5 16 340 M M 8 1 M M
5 60 32 46 M 19 0 0.00 M M 9.5 14 50 M M 1 22 50
6 68 32 50 M 15 0 T M 0 8.2 16 180 M M 6 20 180
7 80 54 67 M 0 2 0.00 M M 13.3 20 220 M M 3 28 230
8 81 47 64 M 1 0 0.03 M M 12.2 21 360 M M 2 138 40 360
9 51 34 43 M 22 0 T M M 20.3 24 310 M M 3 47 300
10 54 29 42 M 23 0 0.00 M M 11.6 16 280 M M 1 23 260
11 68 42 55 M 10 0 0.16 M M 13.1 25 190 M M 5 3 32 180
12 63 46 55 M 10 0 0.02 M M 13.3 21 200 M M 9 1 35 300
13 46 31 39 M 26 0 0.01 M M 21.3 32 310 M M 6 1 41 310
14 45 27 36 M 29 0 0.00 M M 13.2 24 280 M M 3 37 270
15 43 25 34 M 31 0 0.03 M M 11.1 18 320 M M 7 1 23 290
16 42 27 35 M 30 0 0.16 M M 6.3 14 70 M M 6 1 M M
17 37 32 35 M 30 0 0.19 M M 13.0 22 50 M M 8 1 M M
18 57 27 42 M 23 0 0.00 M M 15.5 23 210 M M 0 31 210
19 65 39 52 M 13 0 0.00 M M 12.6 20 210 M M 0 23 360
20 63 34 49 M 16 0 T M M 10.7 23 260 M M 3 31 280
21 56 37 47 M 18 0 0.00 M M 14.4 22 320 M M 1 32 290
22 76 35 56 M 9 0 0.00 M M 13.3 22 210 M M 3 30 200
23 61 47 54 M 11 0 0.22 M M 6.0 13 210 M M 8 12 M M
24 58 43 51 M 14 0 0.09 M M 8.9 18 40 M M 10 12 M M
25 47 42 45 M 20 0 2.67 M M 19.4 29 20 M M 10 1 40 30
26 62 42 52 M 13 0 0.03 M M 11.6 18 360 M M 3 23 20
27 66 39 53 M 12 0 T M M 14.9 27 180 M M 3 36 180
28 76 52 64 M 1 0 0.39 M M 14.5 24 190 M M 3 13 31 190
29 58 48 53 M 12 0 1.07 M M 16.2 23 340 M M 10 1 31 340
30 64 44 54 M 11 0 0.00 M M 18.0 29 340 M M 5 40 320
================================================================================
SM 1785 1130 487 2 5.08 M 381.0 M 137
================================================================================
AV 59.5 37.7 12.7 FASTST M M 5 MAX(MPH)
MISC ----> # 32 310 # 47 300
================================================================================
NOTES:
# LAST OF SEVERAL OCCURRENCES
COLUMN 17 PEAK WIND IN M.P.H.
PRELIMINARY LOCAL CLIMATOLOGICAL DATA (WS FORM: F-6) , PAGE 2
STATION: BLOOMINGTON IL AIRPORT
MONTH: APRIL
YEAR: 2020
LATITUDE: 40 28 N
LONGITUDE: 88 56 W
[TEMPERATURE DATA] [PRECIPITATION DATA] SYMBOLS USED IN COLUMN 16
AVERAGE MONTHLY: 48.6 TOTAL FOR MONTH: 5.08 1 = FOG OR MIST
DPTR FM NORMAL: M DPTR FM NORMAL: M 2 = FOG REDUCING VISIBILITY
HIGHEST: 81 ON 8 GRTST 24HR 2.67 ON 25-25 TO 1/4 MILE OR LESS
LOWEST: 25 ON 15 3 = THUNDER
SNOW, ICE PELLETS, HAIL 4 = ICE PELLETS
TOTAL MONTH: M 5 = HAIL
GRTST 24HR M ON M 6 = FREEZING RAIN OR DRIZZLE
GRTST DEPTH: 0 7 = DUSTSTORM OR SANDSTORM:
VSBY 1/2 MILE OR LESS
8 = SMOKE OR HAZE
[NO. OF DAYS WITH] [WEATHER - DAYS WITH] 9 = BLOWING SNOW
X = TORNADO
MAX 32 OR BELOW: 0 0.01 INCH OR MORE: 14
MAX 90 OR ABOVE: 0 0.10 INCH OR MORE: 7
MIN 32 OR BELOW: 10 0.50 INCH OR MORE: 2
MIN 0 OR BELOW: 0 1.00 INCH OR MORE: 2
[HDD (BASE 65) ]
TOTAL THIS MO. 487 CLEAR (SCALE 0-3) 14
DPTR FM NORMAL M PTCLDY (SCALE 4-7) 12
TOTAL FM JUL 1 5466 CLOUDY (SCALE 8-10) 4
DPTR FM NORMAL M
[CDD (BASE 65) ]
TOTAL THIS MO. 2
DPTR FM NORMAL M [PRESSURE DATA]
TOTAL FM JAN 1 2 HIGHEST SLP M ON M
DPTR FM NORMAL M LOWEST SLP M ON M
[REMARKS]
#FINAL-04-20#