000
CXUS55 KBOI 011735
CLMBOI
CLIMATE REPORT
NATIONAL WEATHER SERVICE BOISE ID
1035 AM MST FRI DEC 01 2023
...................................
...THE BOISE ID CLIMATE SUMMARY FOR THE MONTH OF NOVEMBER 2023...
CLIMATE NORMAL PERIOD 1991 TO 2020
CLIMATE RECORD PERIOD 1875 TO 2023
WEATHER OBSERVED NORMAL DEPART LAST YEAR`S
VALUE DATE(S) VALUE FROM VALUE
NORMAL
..............................................................
TEMPERATURE (F)
HIGHEST 67 11/15
LOWEST 19 11/25
11/27
11/29
AVG. MAXIMUM 52.1 48.8 3.3
AVG. MINIMUM 33.7 31.7 2.0
MEAN 42.9 40.3 2.6
DAYS MAX >= 90 0
DAYS MAX <= 32 0
DAYS MIN <= 32 13
DAYS MIN <= 0 0
PRECIPITATION (INCHES)
RECORD
MAXIMUM 4.43 1874
TOTALS 1.19 1.18 0.01
DAYS >= .01 9
DAYS >= .10 4
DAYS >= .50 1
DAYS >= 1.00 0
GREATEST
24 HR. TOTAL 0.52 11/18 TO 11/19
SNOWFALL (INCHES)
TOTALS 0.1
SINCE 7/1 0.1
GREATEST
SNOW DEPTH 0
24 HR TOTAL MM
DEGREE DAYS
HEATING TOTAL 657 742 -85 918
SINCE 7/1 987 1212 -225
COOLING TOTAL 0 0 0 0
SINCE 1/1 1342 1044 298
..............................................................
WIND (MPH)
AVERAGE WIND SPEED 5.6
HIGHEST WIND SPEED/DIRECTION 32/310 DATE 11/19
HIGHEST GUST SPEED/DIRECTION 46/310 DATE 11/19
AVERAGE RH (PERCENT) 64
- INDICATES NEGATIVE NUMBERS.
R INDICATES RECORD WAS SET OR TIED.
MM INDICATES DATA IS MISSING.
T INDICATES TRACE AMOUNT.
$$