000
CXUS54 KMAF 011110
CF6BPG
PRELIMINARY LOCAL CLIMATOLOGICAL DATA (WS FORM: F-6)
STATION: BIG SPRING MCMAHON-WRINKLE FI
MONTH: SEPTEMBER
YEAR: 2022
LATITUDE: 32 12 N
LONGITUDE: 101 31 W
TEMPERATURE IN F: :PCPN: SNOW: WIND :SUNSHINE: SKY :PK WND
================================================================================
1 2 3 4 5 6A 6B 7 8 9 10 11 12 13 14 15 16 17 18
12Z AVG MX 2MIN
DY MAX MIN AVG DEP HDD CDD WTR SNW DPTH SPD SPD DIR MIN PSBL S-S WX SPD DR
================================================================================
1 81 69 75 M 0 10 M M M 6.3 16 140 M M 7 24 140
2 87 70 79 M 0 14 0.38 M M 6.7 12 180 M M 5 13 28 100
3 86 67 77 M 0 12 M M M 4.7 18 120 M M 3 23 130
4 91 66 79 M 0 14 M M M 4.4 9 80 M M 1 16 100
5 93 68 81 M 0 16 M M M 8.8 16 160 M M 3 22 140
6 95 68 82 M 0 17 M M M 7.6 15 60 M M 3 M M
7 92 64 78 M 0 13 M M M 9.6 18 30 M M 0 28 60
8 92 66 79 M 0 14 M M M 5.9 13 70 M M 0 21 80
9 94 64 79 M 0 14 M M M 6.8 10 120 M M 0 21 110
10 93 67 80 M 0 15 M M M 9.0 16 70 M M 2 30 70
11 78 62 70 M 0 5 M M M 11.9 22 50 M M 5 24 30
12 90 65 78 M 0 13 M M M 7.1 15 210 M M 4 24 210
13 92 67 80 M 0 15 M M M 11.2 18 140 M M 0 22 140
14 89 68 79 M 0 14 0.03 M M 11.8 23 140 M M 3 29 140
15 91 67 79 M 0 14 M M M 12.5 20 140 M M 1 26 150
16 94 70 82 M 0 17 M M M 13.9 22 170 M M 3 26 170
17 93 69 81 M 0 16 M M M 14.7 23 190 M M 0 29 170
18 95 71 83 M 0 18 M M M 13.5 22 180 M M 2 29 170
19 93 71 82 M 0 17 M M M 11.7 17 180 M M 2 25 190
20 94 70 82 M 0 17 M M M 11.0 16 170 M M 1 22 170
21 94 69 82 M 0 17 M M M 9.4 16 180 M M 1 20 180
22 92 65 79 M 0 14 M M M 6.1 14 120 M M 2 18 120
23 92 60 76 M 0 11 M M M 9.1 21 200 M M 0 26 200
24 93 65 79 M 0 14 M M M 10.1 17 190 M M 0 23 190
25 88 63 76 M 0 11 M M M 7.4 20 50 M M 3 M M
26 87 64 76 M 0 11 M M M 11.9 20 50 M M 0 16 90
27 89 58 74 M 0 9 M M M 7.3 15 190 M M 1 20 190
28 90 55 73 M 0 8 M M M 6.6 13 190 M M 1 18 120
29 89 58 74 M 0 9 M M M 6.4 15 180 M M 0 23 230
30 90 57 74 M 0 9 M M M 7.5 18 150 M M 0 22 150
================================================================================
SM 2717 1963 0 398 0.41 M 270.8 M 53
================================================================================
AV 90.6 65.4 9.0 FASTST M M 2 MAX(MPH)
MISC ----> # 23 140 30 70
================================================================================
NOTES:
# LAST OF SEVERAL OCCURRENCES
COLUMN 17 PEAK WIND IN M.P.H.
PRELIMINARY LOCAL CLIMATOLOGICAL DATA (WS FORM: F-6) , PAGE 2
STATION: BIG SPRING MCMAHON-WRINKLE FI
MONTH: SEPTEMBER
YEAR: 2022
LATITUDE: 32 12 N
LONGITUDE: 101 31 W
[TEMPERATURE DATA] [PRECIPITATION DATA] SYMBOLS USED IN COLUMN 16
AVERAGE MONTHLY: 78.0 TOTAL FOR MONTH: 0.41 1 = FOG OR MIST
DPTR FM NORMAL: 0.0 DPTR FM NORMAL: M 2 = FOG REDUCING VISIBILITY
HIGHEST: 95 ON 18, 6 GRTST 24HR 0.38 ON 2- 2 TO 1/4 MILE OR LESS
LOWEST: 55 ON 28 3 = THUNDER
SNOW, ICE PELLETS, HAIL 4 = ICE PELLETS
TOTAL MONTH: M 5 = HAIL
GRTST 24HR M ON M 6 = FREEZING RAIN OR DRIZZLE
GRTST DEPTH: M ON M 7 = DUSTSTORM OR SANDSTORM:
VSBY 1/2 MILE OR LESS
8 = SMOKE OR HAZE
[NO. OF DAYS WITH] [WEATHER - DAYS WITH] 9 = BLOWING SNOW
X = TORNADO
MAX 32 OR BELOW: 0 0.01 INCH OR MORE: 2
MAX 90 OR ABOVE: 21 0.10 INCH OR MORE: 1
MIN 32 OR BELOW: 0 0.50 INCH OR MORE: 0
MIN 0 OR BELOW: 0 1.00 INCH OR MORE: 0
[HDD (BASE 65) ]
TOTAL THIS MO. 0 CLEAR (SCALE 0-3) 24
DPTR FM NORMAL M PTCLDY (SCALE 4-7) 6
TOTAL FM JUL 1 0 CLOUDY (SCALE 8-10) 0
DPTR FM NORMAL M
[CDD (BASE 65) ]
TOTAL THIS MO. 398
DPTR FM NORMAL M [PRESSURE DATA]
TOTAL FM JAN 1 3028 HIGHEST SLP M ON M
DPTR FM NORMAL M LOWEST SLP M ON M
[REMARKS]
#FINAL-09-22#