000
CXUS55 KRIW 011010
CF6BPI
PRELIMINARY LOCAL CLIMATOLOGICAL DATA (WS FORM: F-6)
STATION: BIG PINEY WY
MONTH: MAY
YEAR: 2023
LATITUDE: 42 34 N
LONGITUDE: 110 6 W
TEMPERATURE IN F: :PCPN: SNOW: WIND :SUNSHINE: SKY :PK WND
================================================================================
1 2 3 4 5 6A 6B 7 8 9 10 11 12 13 14 15 16 17 18
12Z AVG MX 2MIN
DY MAX MIN AVG DEP HDD CDD WTR SNW DPTH SPD SPD DIR MIN PSBL S-S WX SPD DR
================================================================================
1 73 29 51 11 14 0 0.00 M M 6.8 32 200 M M 2 3 44 200
2 68 35 52 11 13 0 0.00 M M 8.4 28 200 M M 2 39 210
3 69 30 50 9 15 0 0.00 M M 4.8 12 40 M M 0 16 200
4 55 31 43 2 22 0 0.30 M M 8.9 25 220 M M 5 13 33 220
5 53 31 42 0 23 0 0.00 M M 7.7 28 220 M M 4 34 220
6 52 32 42 0 23 0 T M M 9.1 22 280 M M 6 1 36 250
7 54 30 42 0 23 0 0.00 M M 10.5 23 290 M M 5 31 250
8 56 24 40 -3 25 0 0.05 M M 5.6 26 260 M M 4 3 35 260
9 61 29 45 2 20 0 0.00 M M 6.0 22 260 M M 3 3 30 200
10 66 30 48 5 17 0 0.02 M M 10.1 29 350 M M 3 3 38 360
11 62 32 47 3 18 0 0.00 M M 11.8 22 330 M M 1 33 320
12 62 29 46 2 19 0 0.08 M M 6.1 20 120 M M 5 1 25 130
13 57 39 48 4 17 0 0.10 M M 6.0 16 230 M M 8 1 20 230
14 64 36 50 5 15 0 T M M 13.7 28 140 M M 7 37 130
15 66 41 54 9 11 0 0.00 M M 8.1 23 300 M M 5 31 290
16 70 40 55 9 10 0 0.00 M M 7.6 25 340 M M 3 33 330
17 67 32 50 4 15 0 T M M 9.3 33 320 M M 3 41 330
18 63 39 51 5 14 0 0.14 M M 6.1 29 80 M M 7 13 39 70
19 68 33 51 5 14 0 0.00 M M 3.3 12 150 M M 1 18 17 230
20 74 34 54 7 11 0 0.00 M M 5.7 23 20 M M 3 37 20
21 73 39 56 9 9 0 0.00 M M 6.3 24 310 M M 1 35 330
22 72 41 57 10 8 0 T M M 9.0 30 330 M M 4 3 41 330
23 66 38 52 4 13 0 0.03 M M 7.7 25 290 M M 5 13 32 290
24 72 39 56 8 9 0 0.14 M M 8.7 29 200 M M 4 13 40 200
25 69 39 54 6 11 0 0.05 M M 7.3 33 260 M M 4 3 45 270
26 52 41 47 -2 18 0 0.21 M M 7.4 20 330 M M 6 1 25 340
27 60 33 47 -2 18 0 0.06 M M 6.5 29 260 M M 3 13 39 260
28 65 33 49 0 16 0 T M M 6.7 29 250 M M 3 3 38 250
29 64 35 50 0 15 0 0.24 M M 8.2 29 330 M M 5 13 37 330
30 66 36 51 1 14 0 T M M 8.0 24 310 M M 3 3 36 320
31 70 35 53 3 12 0 0.00 M M 7.2 30 320 M M 1 42 310
================================================================================
SM 1989 1065 482 0 1.42 M 238.6 M 116
================================================================================
AV 64.2 34.4 7.7 FASTST M M 4 MAX(MPH)
MISC ----> # 33 320 45 270
================================================================================
NOTES:
# LAST OF SEVERAL OCCURRENCES
COLUMN 17 PEAK WIND IN M.P.H.
PRELIMINARY LOCAL CLIMATOLOGICAL DATA (WS FORM: F-6) , PAGE 2
STATION: BIG PINEY WY
MONTH: MAY
YEAR: 2023
LATITUDE: 42 34 N
LONGITUDE: 110 6 W
[TEMPERATURE DATA] [PRECIPITATION DATA] SYMBOLS USED IN COLUMN 16
AVERAGE MONTHLY: 49.3 TOTAL FOR MONTH: 1.42 1 = FOG OR MIST
DPTR FM NORMAL: 4.0 DPTR FM NORMAL: 0.20 2 = FOG REDUCING VISIBILITY
HIGHEST: 74 ON 20 GRTST 24HR 0.30 ON 4- 4 TO 1/4 MILE OR LESS
LOWEST: 24 ON 8 3 = THUNDER
SNOW, ICE PELLETS, HAIL 4 = ICE PELLETS
TOTAL MONTH: M 5 = HAIL
GRTST 24HR M ON M 6 = FREEZING RAIN OR DRIZZLE
GRTST DEPTH: M ON M 7 = DUSTSTORM OR SANDSTORM:
VSBY 1/2 MILE OR LESS
8 = SMOKE OR HAZE
[NO. OF DAYS WITH] [WEATHER - DAYS WITH] 9 = BLOWING SNOW
X = TORNADO
MAX 32 OR BELOW: 0 0.01 INCH OR MORE: 12
MAX 90 OR ABOVE: 0 0.10 INCH OR MORE: 6
MIN 32 OR BELOW: 12 0.50 INCH OR MORE: 0
MIN 0 OR BELOW: 0 1.00 INCH OR MORE: 0
[HDD (BASE 65) ]
TOTAL THIS MO. 482 CLEAR (SCALE 0-3) 13
DPTR FM NORMAL -127 PTCLDY (SCALE 4-7) 18
TOTAL FM JUL 1 10984 CLOUDY (SCALE 8-10) 0
DPTR FM NORMAL 904
[CDD (BASE 65) ]
TOTAL THIS MO. 0
DPTR FM NORMAL 0 [PRESSURE DATA]
TOTAL FM JAN 1 0 HIGHEST SLP 30.30 ON 15
DPTR FM NORMAL 0 LOWEST SLP 29.64 ON 1
[REMARKS]
#FINAL-05-23#