000
CXUS55 KRIW 011010
CF6BPI
PRELIMINARY LOCAL CLIMATOLOGICAL DATA (WS FORM: F-6)
STATION: BIG PINEY WY
MONTH: SEPTEMBER
YEAR: 2022
LATITUDE: 42 34 N
LONGITUDE: 110 6 W
TEMPERATURE IN F: :PCPN: SNOW: WIND :SUNSHINE: SKY :PK WND
================================================================================
1 2 3 4 5 6A 6B 7 8 9 10 11 12 13 14 15 16 17 18
12Z AVG MX 2MIN
DY MAX MIN AVG DEP HDD CDD WTR SNW DPTH SPD SPD DIR MIN PSBL S-S WX SPD DR
================================================================================
1 89 43 66 10 0 1 T M M 7.7 23 320 M M 0 31 320
2 84 40 62 6 3 0 0.00 M M 4.7 15 220 M M 0 22 120
3 87 41 64 9 1 0 0.00 M M 5.5 15 200 M M 0 18 180
4 91 42 67 12 0 2 0.00 M M 7.3 28 310 M M 0 39 320
5 90 41 66 12 0 1 0.00 M M 9.8 25 330 M M 0 36 360
6 91 40 66 12 0 1 0.00 M M 7.1 23 10 M M 0 33 30
7 91 42 67 13 0 2 0.00 M M 5.9 23 320 M M 0 31 320
8 83 47 65 11 0 0 0.00 M M 12.2 33 310 M M 1 44 300
9 70 35 53 0 12 0 0.00 M M 8.0 21 140 M M 0 26 150
10 66 29 48 -5 17 0 0.00 M M 4.7 10 190 M M 0 17 200
11 78 31 55 3 10 0 0.00 M M 3.5 14 10 M M 0 15 360
12 79 32 56 4 9 0 0.00 M M 2.9 12 340 M M 0 8 13 340
13 69 31 50 -2 15 0 0.02 M M 4.7 21 180 M M 5 29 190
14 63 49 56 4 9 0 0.14 M M 4.5 13 10 M M 7 1 18 10
15 65 42 54 3 11 0 0.05 M M 4.5 21 270 M M 7 13 28 270
16 58 36 47 -4 18 0 0.35 M M 4.6 21 220 M M 7 1 27 220
17 59 31 45 -5 20 0 0.22 M M 5.3 28 280 M M 4 13 37 280
18 69 37 53 3 12 0 0.06 M M 5.8 17 190 M M 2 1 24 210
19 75 33 54 4 11 0 0.00 M M 7.7 23 270 M M 0 33 250
20 75 32 54 5 11 0 T M M 5.5 24 200 M M 3 32 200
21 73 39 56 7 9 0 0.43 M M 6.9 25 300 M M 3 13 39 290
22 60 42 51 3 14 0 0.01 M M 10.0 35 280 M M 4 44 270
23 64 35 50 2 15 0 0.00 M M 7.4 17 340 M M 0 24 360
24 70 30 50 2 15 0 0.00 M M 6.7 22 340 M M 0 29 350
25 71 34 53 6 12 0 0.00 M M 3.9 12 70 M M 0 14 70
26 75 35 55 8 10 0 0.00 M M 4.2 13 30 M M 0 14 30
27 75 35 55 9 10 0 0.00 M M 4.6 15 280 M M 0 19 280
28 75 31 53 7 12 0 0.00 M M 6.7 20 180 M M 2 26 210
29 73 44 59 13 6 0 0.19 M M 8.8 36 270 M M 2 13 50 270
30 60 38 49 4 16 0 0.13 M M 6.6 21 10 M M 4 13 27 20
================================================================================
SM 2228 1117 278 7 1.60 M 187.7 M 51
================================================================================
AV 74.3 37.2 6.3 FASTST M M 2 MAX(MPH)
MISC ----> 36 270 50 270
================================================================================
NOTES:
# LAST OF SEVERAL OCCURRENCES
COLUMN 17 PEAK WIND IN M.P.H.
PRELIMINARY LOCAL CLIMATOLOGICAL DATA (WS FORM: F-6) , PAGE 2
STATION: BIG PINEY WY
MONTH: SEPTEMBER
YEAR: 2022
LATITUDE: 42 34 N
LONGITUDE: 110 6 W
[TEMPERATURE DATA] [PRECIPITATION DATA] SYMBOLS USED IN COLUMN 16
AVERAGE MONTHLY: 55.8 TOTAL FOR MONTH: 1.60 1 = FOG OR MIST
DPTR FM NORMAL: 5.0 DPTR FM NORMAL: 0.96 2 = FOG REDUCING VISIBILITY
HIGHEST: 91 ON 7, 6 GRTST 24HR 0.44 ON 21-22 TO 1/4 MILE OR LESS
LOWEST: 29 ON 10 3 = THUNDER
SNOW, ICE PELLETS, HAIL 4 = ICE PELLETS
TOTAL MONTH: M 5 = HAIL
GRTST 24HR M ON M 6 = FREEZING RAIN OR DRIZZLE
GRTST DEPTH: M ON M 7 = DUSTSTORM OR SANDSTORM:
VSBY 1/2 MILE OR LESS
8 = SMOKE OR HAZE
[NO. OF DAYS WITH] [WEATHER - DAYS WITH] 9 = BLOWING SNOW
X = TORNADO
MAX 32 OR BELOW: 0 0.01 INCH OR MORE: 10
MAX 90 OR ABOVE: 4 0.10 INCH OR MORE: 6
MIN 32 OR BELOW: 8 0.50 INCH OR MORE: 0
MIN 0 OR BELOW: 0 1.00 INCH OR MORE: 0
[HDD (BASE 65) ]
TOTAL THIS MO. 278 CLEAR (SCALE 0-3) 22
DPTR FM NORMAL -150 PTCLDY (SCALE 4-7) 8
TOTAL FM JUL 1 349 CLOUDY (SCALE 8-10) 0
DPTR FM NORMAL -356
[CDD (BASE 65) ]
TOTAL THIS MO. 7
DPTR FM NORMAL 7 [PRESSURE DATA]
TOTAL FM JAN 1 67 HIGHEST SLP 30.37 ON 25
DPTR FM NORMAL 37 LOWEST SLP 29.74 ON 8
[REMARKS]
#FINAL-09-22#