000
CXUS55 KRIW 011010
CF6BPI
PRELIMINARY LOCAL CLIMATOLOGICAL DATA (WS FORM: F-6)
STATION: BIG PINEY WY
MONTH: JUNE
YEAR: 2022
LATITUDE: 42 34 N
LONGITUDE: 110 6 W
TEMPERATURE IN F: :PCPN: SNOW: WIND :SUNSHINE: SKY :PK WND
================================================================================
1 2 3 4 5 6A 6B 7 8 9 10 11 12 13 14 15 16 17 18
12Z AVG MX 2MIN
DY MAX MIN AVG DEP HDD CDD WTR SNW DPTH SPD SPD DIR MIN PSBL S-S WX SPD DR
================================================================================
1 58 30 44 -6 21 0 0.00 M M 4.0 12 150 M M 3 15 160
2 68 32 50 -1 15 0 0.00 M M 4.1 16 50 M M 2 21 180
3 72 36 54 3 11 0 0.01 M M 5.4 29 260 M M 1 3 40 250
4 72 38 55 4 10 0 T M M 7.8 30 260 M M 5 3 42 250
5 64 40 52 1 13 0 0.01 M M 7.6 24 320 M M 4 1 35 300
6 66 38 52 0 13 0 0.07 M M 9.0 22 280 M M 1 1 29 300
7 66 29 48 -4 17 0 0.00 M M 10.6 24 270 M M 1 36 270
8 72 31 52 0 13 0 0.00 M M 5.5 25 330 M M 2 35 300
9 78 42 60 8 5 0 0.00 M M 8.9 23 290 M M 1 32 330
10 81 42 62 9 3 0 0.00 M M 7.3 25 300 M M 1 32 300
11 82 43 63 10 2 0 0.00 M M 10.2 29 270 M M 0 39 280
12 83 45 64 11 1 0 0.00 M M 14.6 40 240 M M 1 55 240
13 55 37 46 -7 19 0 0.04 M M 11.4 23 320 M M 5 1 32 310
14 53 25 39 -15 26 0 0.00 M M 12.1 31 270 M M 4 43 280
15 68 24 46 -8 19 0 0.00 M M 5.5 15 290 M M 0 21 290
16 83 28 56 2 9 0 0.00 M M 5.6 21 200 M M 0 27 200
17 86 36 61 7 4 0 T M M 12.0 36 200 M M 1 49 200
18 81 45 63 8 2 0 0.00 M M M M M M M M M M
19 63 36 50 -5 15 0 0.06 M M 8.3 23 280 M M 4 13 31 280
20 58 30 44 -11 21 0 T M M 8.2 30 320 M M 3 43 320
21 70 25 48 -8 17 0 0.00 M M 4.7 14 350 M M 0 17 310
22 80 33 57 1 8 0 0.00 M M 5.7 16 320 M M 0 22 310
23 79 34 57 1 8 0 T M M 6.8 16 270 M M 2 26 200
24 75 42 59 2 6 0 T M M 9.8 31 320 M M 5 8 44 320
25 74 31 53 -4 12 0 0.00 M M 6.0 15 160 M M 0 21 140
26 78 38 58 1 7 0 0.00 M M 5.8 14 40 M M 1 18 30
27 84 38 61 3 4 0 0.00 M M 7.1 21 330 M M 0 34 310
28 82 39 61 3 4 0 T M M 6.9 28 20 M M 1 3 37 280
29 81 46 64 6 1 0 0.00 M M 10.5 30 260 M M 2 42 270
30 80 45 63 5 2 0 0.00 M M 7.6 21 330 M M 3 28 330
================================================================================
SM 2192 1078 308 0 0.19 M 229.0 M 53
================================================================================
AV 73.1 35.9 7.9 FASTST M M 2 MAX(MPH)
MISC ----> 40 240 55 240
================================================================================
NOTES:
# LAST OF SEVERAL OCCURRENCES
COLUMN 17 PEAK WIND IN M.P.H.
PRELIMINARY LOCAL CLIMATOLOGICAL DATA (WS FORM: F-6) , PAGE 2
STATION: BIG PINEY WY
MONTH: JUNE
YEAR: 2022
LATITUDE: 42 34 N
LONGITUDE: 110 6 W
[TEMPERATURE DATA] [PRECIPITATION DATA] SYMBOLS USED IN COLUMN 16
AVERAGE MONTHLY: 54.5 TOTAL FOR MONTH: 0.19 1 = FOG OR MIST
DPTR FM NORMAL: 0.3 DPTR FM NORMAL: -0.82 2 = FOG REDUCING VISIBILITY
HIGHEST: 86 ON 17 GRTST 24HR 0.13 ON 31- 1 TO 1/4 MILE OR LESS
LOWEST: 24 ON 15 3 = THUNDER
SNOW, ICE PELLETS, HAIL 4 = ICE PELLETS
TOTAL MONTH: M 5 = HAIL
GRTST 24HR M ON M 6 = FREEZING RAIN OR DRIZZLE
GRTST DEPTH: M ON M 7 = DUSTSTORM OR SANDSTORM:
VSBY 1/2 MILE OR LESS
8 = SMOKE OR HAZE
[NO. OF DAYS WITH] [WEATHER - DAYS WITH] 9 = BLOWING SNOW
X = TORNADO
MAX 32 OR BELOW: 0 0.01 INCH OR MORE: 5
MAX 90 OR ABOVE: 0 0.10 INCH OR MORE: 0
MIN 32 OR BELOW: 10 0.50 INCH OR MORE: 0
MIN 0 OR BELOW: 0 1.00 INCH OR MORE: 0
[HDD (BASE 65) ]
TOTAL THIS MO. 308 CLEAR (SCALE 0-3) 22
DPTR FM NORMAL -17 PTCLDY (SCALE 4-7) 7
TOTAL FM JUL 1 9840 CLOUDY (SCALE 8-10) 1
DPTR FM NORMAL -563
[CDD (BASE 65) ]
TOTAL THIS MO. 0
DPTR FM NORMAL -1 [PRESSURE DATA]
TOTAL FM JAN 1 0 HIGHEST SLP 30.41 ON 21
DPTR FM NORMAL -1 LOWEST SLP 29.40 ON 12
[REMARKS]
#FINAL-06-22#