000
CXUS55 KRIW 011010
CF6BPI
PRELIMINARY LOCAL CLIMATOLOGICAL DATA (WS FORM: F-6)
STATION: BIG PINEY WY
MONTH: AUGUST
YEAR: 2021
LATITUDE: 42 34 N
LONGITUDE: 110 6 W
TEMPERATURE IN F: :PCPN: SNOW: WIND :SUNSHINE: SKY :PK WND
================================================================================
1 2 3 4 5 6A 6B 7 8 9 10 11 12 13 14 15 16 17 18
12Z AVG MX 2MIN
DY MAX MIN AVG DEP HDD CDD WTR SNW DPTH SPD SPD DIR MIN PSBL S-S WX SPD DR
================================================================================
1 82 51 67 4 0 2 0.00 M M 5.7 17 150 M M 2 25 180
2 79 59 69 6 0 4 T M M 8.8 20 340 M M 9 26 340
3 80 50 65 2 0 0 0.00 M M 13.7 26 350 M M 0 36 340
4 84 44 64 1 1 0 0.00 M M 7.2 18 300 M M 1 30 320
5 85 42 64 1 1 0 T M M 7.8 28 70 M M 2 3 38 280
6 76 45 61 -1 4 0 T M M 9.1 28 350 M M 4 8 36 340
7 79 40 60 -2 5 0 0.00 M M 9.0 18 340 M M 1 8 27 350
8 86 40 63 1 2 0 0.00 M M 8.8 25 280 M M 2 8 34 280
9 80 41 61 -1 4 0 0.00 M M 9.7 23 320 M M 0 37 280
10 84 31 58 -4 7 0 0.00 M M 8.1 22 310 M M 0 28 310
11 86 38 62 0 3 0 0.00 M M 8.4 24 340 M M 0 32 320
12 87 46 67 6 0 2 0.00 M M 5.5 13 170 M M 0 17 300
13 88 47 68 7 0 3 0.00 M M 5.9 14 350 M M 1 20 260
14 90 47 69 8 0 4 0.00 M M 8.2 20 320 M M 0 26 310
15 84 47 66 5 0 1 0.01 M M 7.8 40 60 M M 1 3 64 60
16 87 38 63 3 2 0 0.00 M M 6.5 15 330 M M 1 8 19 30
17 84 54 69 9 0 4 0.00 M M 6.8 30 280 M M 1 8 38 280
18 67 51 59 -1 6 0 T M M 9.2 20 10 M M 8 18 25 10
19 58 44 51 -9 14 0 0.39 M M 8.7 21 200 M M 9 18 27 210
20 65 40 53 -6 12 0 T M M 6.9 18 340 M M 7 30 20
21 70 36 53 -6 12 0 0.48 M M 7.1 38 260 M M 4 13 49 260
22 70 42 56 -3 9 0 T M M 7.1 24 280 M M 5 18 34 270
23 79 41 60 2 5 0 0.00 M M 7.6 24 270 M M 1 18 33 280
24 80 42 61 3 4 0 0.00 M M 5.5 21 290 M M 0 26 280
25 80 38 59 1 6 0 T M M 7.9 24 260 M M 0 35 260
26 78 40 59 1 6 0 0.00 M M 7.6 21 280 M M 0 29 280
27 74 34 54 -3 11 0 0.00 M M 5.7 18 320 M M 0 24 290
28 75 35 55 -2 10 0 0.00 M M 6.6 16 340 M M 0 23 330
29 78 31 55 -2 10 0 0.00 M M 4.9 16 270 M M 0 24 270
30 79 34 57 1 8 0 0.00 M M 6.0 16 270 M M 4 8 22 210
31 81 35 58 2 7 0 0.00 M M 6.7 22 260 M M 6 8 29 270
================================================================================
SM 2455 1303 149 20 0.88 M 234.5 M 69
================================================================================
AV 79.2 42.0 7.6 FASTST M M 2 MAX(MPH)
MISC ----> 40 60 64 60
================================================================================
NOTES:
# LAST OF SEVERAL OCCURRENCES
COLUMN 17 PEAK WIND IN M.P.H.
PRELIMINARY LOCAL CLIMATOLOGICAL DATA (WS FORM: F-6) , PAGE 2
STATION: BIG PINEY WY
MONTH: AUGUST
YEAR: 2021
LATITUDE: 42 34 N
LONGITUDE: 110 6 W
[TEMPERATURE DATA] [PRECIPITATION DATA] SYMBOLS USED IN COLUMN 16
AVERAGE MONTHLY: 60.6 TOTAL FOR MONTH: 0.88 1 = FOG OR MIST
DPTR FM NORMAL: 0.5 DPTR FM NORMAL: 0.01 2 = FOG REDUCING VISIBILITY
HIGHEST: 90 ON 14 GRTST 24HR 0.48 ON 21-21 TO 1/4 MILE OR LESS
LOWEST: 31 ON 29,10 3 = THUNDER
SNOW, ICE PELLETS, HAIL 4 = ICE PELLETS
TOTAL MONTH: M 5 = HAIL
GRTST 24HR M ON M 6 = FREEZING RAIN OR DRIZZLE
GRTST DEPTH: M ON M 7 = DUSTSTORM OR SANDSTORM:
VSBY 1/2 MILE OR LESS
8 = SMOKE OR HAZE
[NO. OF DAYS WITH] [WEATHER - DAYS WITH] 9 = BLOWING SNOW
X = TORNADO
MAX 32 OR BELOW: 0 0.01 INCH OR MORE: 3
MAX 90 OR ABOVE: 1 0.10 INCH OR MORE: 2
MIN 32 OR BELOW: 2 0.50 INCH OR MORE: 0
MIN 0 OR BELOW: 0 1.00 INCH OR MORE: 0
[HDD (BASE 65) ]
TOTAL THIS MO. 149 CLEAR (SCALE 0-3) 22
DPTR FM NORMAL -15 PTCLDY (SCALE 4-7) 7
TOTAL FM JUL 1 159 CLOUDY (SCALE 8-10) 2
DPTR FM NORMAL -118
[CDD (BASE 65) ]
TOTAL THIS MO. 20
DPTR FM NORMAL 8 [PRESSURE DATA]
TOTAL FM JAN 1 107 HIGHEST SLP 30.23 ON 1
DPTR FM NORMAL 77 LOWEST SLP 29.55 ON 17
[REMARKS]
#FINAL-08-21#