000
CXUS55 KRIW 011010
CF6BPI
PRELIMINARY LOCAL CLIMATOLOGICAL DATA (WS FORM: F-6)
STATION: BIG PINEY WY
MONTH: JULY
YEAR: 2021
LATITUDE: 42 34 N
LONGITUDE: 110 6 W
TEMPERATURE IN F: :PCPN: SNOW: WIND :SUNSHINE: SKY :PK WND
================================================================================
1 2 3 4 5 6A 6B 7 8 9 10 11 12 13 14 15 16 17 18
12Z AVG MX 2MIN
DY MAX MIN AVG DEP HDD CDD WTR SNW DPTH SPD SPD DIR MIN PSBL S-S WX SPD DR
================================================================================
1 81 50 66 7 0 1 T M M 6.2 26 50 M M 1 34 50
2 84 42 63 4 2 0 T M M 6.9 24 350 M M 1 3 32 340
3 84 45 65 6 0 0 0.01 M M 4.9 25 330 M M 2 35 330
4 89 47 68 8 0 3 T M M 7.3 21 340 M M 0 3 27 330
5 80 50 65 5 0 0 0.01 M M 10.9 30 320 M M 4 44 320
6 86 40 63 3 2 0 0.00 M M 6.6 17 340 M M 0 24 10
7 92 44 68 8 0 3 0.00 M M 7.6 23 300 M M 0 37 320
8 91 51 71 10 0 6 0.00 M M 9.8 28 300 M M 0 40 320
9 89 45 67 6 0 2 0.00 M M 11.5 29 350 M M 0 8 42 340
10 85 40 63 2 2 0 0.00 M M 6.4 18 360 M M 0 26 340
11 87 42 65 3 0 0 0.00 M M 4.1 12 340 M M 0 8 13 340
12 93 43 68 6 0 3 0.01 M M 6.0 45 270 M M 0 3 65 280
13 92 47 70 8 0 5 T M M 9.4 29 290 M M 1 3 37 270
14 85 44 65 3 0 0 0.00 M M 7.9 22 350 M M 0 30 320
15 80 43 62 0 3 0 0.11 M M 6.6 26 350 M M 2 3 38 340
16 86 43 65 3 0 0 0.04 M M 7.6 35 30 M M 2 3 60 10
17 87 42 65 2 0 0 0.00 M M 5.0 15 150 M M 0 21 150
18 92 48 70 7 0 5 0.00 M M 5.9 14 20 M M 1 25 70
19 94 47 71 8 0 6 0.00 M M 7.1 25 280 M M 1 34 280
20 86 55 71 8 0 6 T M M 6.8 28 30 M M 3 3 35 40
21 88 47 68 5 0 3 0.00 M M 5.6 15 340 M M 1 24 20
22 86 56 71 8 0 6 0.01 M M 9.3 30 30 M M 5 3 38 30
23 87 46 67 4 0 2 0.00 M M 8.2 23 330 M M 1 30 350
24 86 42 64 1 1 0 0.00 M M 4.7 12 100 M M 0 21 100
25 88 46 67 4 0 2 0.00 M M 6.6 18 360 M M 2 8 26 10
26 90 46 68 5 0 3 0.00 M M 4.9 15 350 M M 3 8 19 350
27 89 49 69 6 0 4 T M M 6.8 18 260 M M 1 25 260
28 87 59 73 10 0 8 0.01 M M 7.1 25 20 M M 4 3 38 360
29 83 51 67 4 0 2 0.00 M M 8.2 21 320 M M 3 3 30 310
30 79 57 68 5 0 3 0.10 M M 8.8 22 10 M M 7 13 28 10
31 74 55 65 2 0 0 T M M 5.6 21 120 M M 6 26 140
================================================================================
SM 2680 1462 10 73 0.30 M 220.3 M 51
================================================================================
AV 86.5 47.2 7.1 FASTST M M 2 MAX(MPH)
MISC ----> 45 270 65 280
================================================================================
NOTES:
# LAST OF SEVERAL OCCURRENCES
COLUMN 17 PEAK WIND IN M.P.H.
PRELIMINARY LOCAL CLIMATOLOGICAL DATA (WS FORM: F-6) , PAGE 2
STATION: BIG PINEY WY
MONTH: JULY
YEAR: 2021
LATITUDE: 42 34 N
LONGITUDE: 110 6 W
[TEMPERATURE DATA] [PRECIPITATION DATA] SYMBOLS USED IN COLUMN 16
AVERAGE MONTHLY: 66.8 TOTAL FOR MONTH: 0.30 1 = FOG OR MIST
DPTR FM NORMAL: 4.9 DPTR FM NORMAL: -0.59 2 = FOG REDUCING VISIBILITY
HIGHEST: 94 ON 19 GRTST 24HR 0.11 ON 15-15 TO 1/4 MILE OR LESS
LOWEST: 40 ON 10, 6 3 = THUNDER
SNOW, ICE PELLETS, HAIL 4 = ICE PELLETS
TOTAL MONTH: M 5 = HAIL
GRTST 24HR M ON M 6 = FREEZING RAIN OR DRIZZLE
GRTST DEPTH: M ON M 7 = DUSTSTORM OR SANDSTORM:
VSBY 1/2 MILE OR LESS
8 = SMOKE OR HAZE
[NO. OF DAYS WITH] [WEATHER - DAYS WITH] 9 = BLOWING SNOW
X = TORNADO
MAX 32 OR BELOW: 0 0.01 INCH OR MORE: 8
MAX 90 OR ABOVE: 7 0.10 INCH OR MORE: 2
MIN 32 OR BELOW: 0 0.50 INCH OR MORE: 0
MIN 0 OR BELOW: 0 1.00 INCH OR MORE: 0
[HDD (BASE 65) ]
TOTAL THIS MO. 10 CLEAR (SCALE 0-3) 25
DPTR FM NORMAL -102 PTCLDY (SCALE 4-7) 6
TOTAL FM JUL 1 10 CLOUDY (SCALE 8-10) 0
DPTR FM NORMAL -98
[CDD (BASE 65) ]
TOTAL THIS MO. 73
DPTR FM NORMAL 56 [PRESSURE DATA]
TOTAL FM JAN 1 87 HIGHEST SLP 30.23 ON 31
DPTR FM NORMAL 69 LOWEST SLP 29.75 ON 13
[REMARKS]
#FINAL-07-21#