000
CXUS55 KRIW 051203
CF6BPI
PRELIMINARY LOCAL CLIMATOLOGICAL DATA (WS FORM: F-6)
STATION: BIG PINEY WY
MONTH: JULY
YEAR: 2020
LATITUDE: 42 34 N
LONGITUDE: 110 6 W
TEMPERATURE IN F: :PCPN: SNOW: WIND :SUNSHINE: SKY :PK WND
================================================================================
1 2 3 4 5 6A 6B 7 8 9 10 11 12 13 14 15 16 17 18
12Z AVG MX 2MIN
DY MAX MIN AVG DEP HDD CDD WTR SNW DPTH SPD SPD DIR MIN PSBL S-S WX SPD DR
================================================================================
1 72 33 53 -7 12 0 0.00 M M 8.9 28 260 M M 3 38 260
2 80 43 62 2 3 0 0.00 M M 8.0 21 270 M M 1 27 270
3 83 42 63 3 2 0 0.00 M M 7.3 18 270 M M 1 27 270
4 85 40 63 3 2 0 0.00 M M 8.3 25 290 M M 0 36 300
5 84 40 62 2 3 0 0.00 M M 8.8 25 270 M M 0 36 260
6 86 38 62 1 3 0 0.00 M M 9.0 25 300 M M 0 36 300
7 83 44 64 3 1 0 0.00 M M 12.0 31 280 M M 0 40 280
8 77 37 57 -4 8 0 0.00 M M 9.2 22 290 M M 0 34 300
9 83 33 58 -3 7 0 0.00 M M 8.3 23 290 M M 0 29 290
10 83 37 60 -2 5 0 0.00 M M 10.0 26 300 M M 0 36 310
11 86 38 62 0 3 0 0.00 M M 6.1 17 260 M M 0 26 240
12 88 39 64 2 1 0 0.00 M M 8.1 24 290 M M 1 33 280
13 82 39 61 -1 4 0 0.00 M M 8.2 25 310 M M 1 38 250
14 80 35 58 -4 7 0 0.00 M M 8.1 20 300 M M 0 26 320
15 82 32 57 -5 8 0 0.00 M M 7.2 20 230 M M 0 28 240
16 86 33 60 -2 5 0 0.00 M M 7.2 22 280 M M 0 29 260
17 89 39 64 1 1 0 0.00 M M 8.1 26 280 M M 0 34 280
18 84 45 65 2 0 0 0.00 M M 9.2 26 290 M M 0 36 280
19 84 36 60 -3 5 0 0.00 M M 7.9 23 340 M M 0 33 330
20 85 39 62 -1 3 0 0.00 M M 7.0 17 330 M M 0 25 350
21 85 44 65 2 0 0 0.00 M M 6.9 16 330 M M 1 21 320
22 83 43 63 0 2 0 0.05 M M 5.6 30 200 M M 4 1 44 200
23 83 48 66 3 0 1 T M M 6.5 29 260 M M 1 1 40 260
24 82 42 62 -1 3 0 0.00 M M 8.4 29 330 M M 1 39 330
25 81 38 60 -3 5 0 0.00 M M 7.3 21 350 M M 1 26 350
26 85 41 63 0 2 0 0.00 M M 6.5 21 30 M M 1 35 360
27 86 45 66 3 0 1 0.00 M M 8.0 29 70 M M 1 3 38 320
28 73 50 62 -1 3 0 0.07 M M 9.4 25 270 M M 5 13 35 260
29 81 44 63 0 2 0 0.00 M M 10.1 25 360 M M 1 33 350
30 86 41 64 1 1 0 0.00 M M 7.6 21 340 M M 0 32 310
31 87 42 65 2 0 0 0.00 M M 5.6 12 340 M M 0 15 220
================================================================================
SM 2574 1240 101 2 0.12 M 248.8 M 23
================================================================================
AV 83.0 40.0 8.0 FASTST M M 1 MAX(MPH)
MISC ----> # 31 280 # 44 200
================================================================================
NOTES:
# LAST OF SEVERAL OCCURRENCES
COLUMN 17 PEAK WIND IN M.P.H.
PRELIMINARY LOCAL CLIMATOLOGICAL DATA (WS FORM: F-6) , PAGE 2
STATION: BIG PINEY WY
MONTH: JULY
YEAR: 2020
LATITUDE: 42 34 N
LONGITUDE: 110 6 W
[TEMPERATURE DATA] [PRECIPITATION DATA] SYMBOLS USED IN COLUMN 16
AVERAGE MONTHLY: 61.5 TOTAL FOR MONTH: 0.12 1 = FOG OR MIST
DPTR FM NORMAL: -0.4 DPTR FM NORMAL: -0.59 2 = FOG REDUCING VISIBILITY
HIGHEST: 89 ON 17 GRTST 24HR 0.07 ON 28-28 TO 1/4 MILE OR LESS
LOWEST: 32 ON 15 3 = THUNDER
SNOW, ICE PELLETS, HAIL 4 = ICE PELLETS
TOTAL MONTH: M 5 = HAIL
GRTST 24HR M ON M 6 = FREEZING RAIN OR DRIZZLE
GRTST DEPTH: M ON M 7 = DUSTSTORM OR SANDSTORM:
VSBY 1/2 MILE OR LESS
8 = SMOKE OR HAZE
[NO. OF DAYS WITH] [WEATHER - DAYS WITH] 9 = BLOWING SNOW
X = TORNADO
MAX 32 OR BELOW: 0 0.01 INCH OR MORE: 2
MAX 90 OR ABOVE: 0 0.10 INCH OR MORE: 0
MIN 32 OR BELOW: 1 0.50 INCH OR MORE: 0
MIN 0 OR BELOW: 0 1.00 INCH OR MORE: 0
[HDD (BASE 65) ]
TOTAL THIS MO. 101 CLEAR (SCALE 0-3) 29
DPTR FM NORMAL -16 PTCLDY (SCALE 4-7) 2
TOTAL FM JUL 1 101 CLOUDY (SCALE 8-10) 0
DPTR FM NORMAL -16
[CDD (BASE 65) ]
TOTAL THIS MO. 2
DPTR FM NORMAL -20 [PRESSURE DATA]
TOTAL FM JAN 1 2 HIGHEST SLP 30.20 ON 11
DPTR FM NORMAL -22 LOWEST SLP 29.71 ON 7
[REMARKS]
#FINAL-07-20#