000
CXUS55 KRIW 010945
CF6BPI
PRELIMINARY LOCAL CLIMATOLOGICAL DATA (WS FORM: F-6)
STATION: BIG PINEY WY
MONTH: MARCH
YEAR: 2020
LATITUDE: 42 34 N
LONGITUDE: 110 6 W
TEMPERATURE IN F: :PCPN: SNOW: WIND :SUNSHINE: SKY :PK WND
================================================================================
1 2 3 4 5 6A 6B 7 8 9 10 11 12 13 14 15 16 17 18
12Z AVG MX 2MIN
DY MAX MIN AVG DEP HDD CDD WTR SNW DPTH SPD SPD DIR MIN PSBL S-S WX SPD DR
================================================================================
1 26 10 18 -2 47 0 0.01 M M 7.1 18 220 M M 8 1 22 220
2 27 -8 10 -11 55 0 0.00 M M 6.9 32 360 M M 2 128 38 360
3 36 1 19 -2 46 0 0.00 M M 8.6 22 350 M M 1 26 350
4 39 -1 19 -3 46 0 0.00 M M 5.0 16 120 M M 0 24 80
5 34 6 20 -2 45 0 0.00 M M 5.1 15 330 M M 0 16 330
6 32 2 17 -6 48 0 0.00 M M 2.3 9 80 M M 0 1 10 360
7 36 4 20 -3 45 0 T M M 3.6 18 160 M M 3 12 24 170
8 39 19 29 5 36 0 0.00 M M 7.9 18 250 M M 3 21 250
9 34 12 23 -1 42 0 0.01 M M 4.1 12 60 M M 7 12 14 40
10 36 12 24 -1 41 0 T M M 4.0 12 340 M M 5 12 14 350
11 40 4 22 -3 43 0 0.00 M M 7.7 23 280 M M 2 29 290
12 38 13 26 0 39 0 0.00 M M 7.6 17 10 M M 3 8 23 300
13 31 3 17 -9 48 0 0.00 M M 5.8 16 20 M M 2 19 30
14 39 24 32 5 33 0 T M M 10.0 17 190 M M 9 1 21 180
15 42 26 34 7 31 0 T M M 10.0 20 230 M M 3 1 26 230
16 43 17 30 2 35 0 0.00 M M 4.9 12 350 M M 2 14 40
17 48 16 32 4 33 0 0.00 M M 3.5 13 30 M M 2 16 110
18 38 20 29 1 36 0 T M M 7.0 17 250 M M 5 1 23 250
19 41 22 32 3 33 0 T M M 8.7 21 190 M M 9 1 27 180
20 35 19 27 -2 38 0 T M M 5.3 12 210 M M 8 18 14 200
21 41 16 29 -1 36 0 0.00 M M 4.4 15 220 M M 5 12 19 230
22 42 18 30 0 35 0 T M M 6.8 22 300 M M 3 1 28 310
23 44 14 29 -1 36 0 T M M 5.2 22 260 M M 3 18 28 270
24 44 22 33 2 32 0 0.01 M M 6.1 20 280 M M 8 12 27 270
25 39 19 29 -2 36 0 0.01 M M 6.5 22 260 M M 9 12 30 260
26 34 14 24 -7 41 0 T M M 7.5 22 360 M M 7 8 28 10
27 34 9 22 -10 43 0 0.00 M M 8.7 20 340 M M 1 25 330
28 40 14 27 -5 38 0 0.00 M M 10.7 23 350 M M 2 33 350
29 42 12 27 -5 38 0 0.00 M M 4.7 13 200 M M 3 17 210
30 46 17 32 -1 33 0 T M M 6.9 21 280 M M 3 8 27 260
31 49 29 39 6 26 0 T M M 12.7 31 270 M M 6 1 42 270
================================================================================
SM 1189 405 1214 0 0.04 M 205.3 M 124
================================================================================
AV 38.4 13.1 6.6 FASTST M M 4 MAX(MPH)
MISC ----> # 32 360 # 42 270
================================================================================
NOTES:
# LAST OF SEVERAL OCCURRENCES
COLUMN 17 PEAK WIND IN M.P.H.
PRELIMINARY LOCAL CLIMATOLOGICAL DATA (WS FORM: F-6) , PAGE 2
STATION: BIG PINEY WY
MONTH: MARCH
YEAR: 2020
LATITUDE: 42 34 N
LONGITUDE: 110 6 W
[TEMPERATURE DATA] [PRECIPITATION DATA] SYMBOLS USED IN COLUMN 16
AVERAGE MONTHLY: 25.7 TOTAL FOR MONTH: 0.04 1 = FOG OR MIST
DPTR FM NORMAL: -1.5 DPTR FM NORMAL: -0.40 2 = FOG REDUCING VISIBILITY
HIGHEST: 49 ON 31 GRTST 24HR 0.01 ON 25-25 TO 1/4 MILE OR LESS
LOWEST: -8 ON 2 3 = THUNDER
SNOW, ICE PELLETS, HAIL 4 = ICE PELLETS
TOTAL MONTH: M 5 = HAIL
GRTST 24HR M ON M 6 = FREEZING RAIN OR DRIZZLE
GRTST DEPTH: M ON M 7 = DUSTSTORM OR SANDSTORM:
VSBY 1/2 MILE OR LESS
8 = SMOKE OR HAZE
[NO. OF DAYS WITH] [WEATHER - DAYS WITH] 9 = BLOWING SNOW
X = TORNADO
MAX 32 OR BELOW: 4 0.01 INCH OR MORE: 4
MAX 90 OR ABOVE: 0 0.10 INCH OR MORE: 0
MIN 32 OR BELOW: 31 0.50 INCH OR MORE: 0
MIN 0 OR BELOW: 2 1.00 INCH OR MORE: 0
[HDD (BASE 65) ]
TOTAL THIS MO. 1214 CLEAR (SCALE 0-3) 15
DPTR FM NORMAL 42 PTCLDY (SCALE 4-7) 13
TOTAL FM JUL 1 9311 CLOUDY (SCALE 8-10) 3
DPTR FM NORMAL 616
[CDD (BASE 65) ]
TOTAL THIS MO. 0
DPTR FM NORMAL 0 [PRESSURE DATA]
TOTAL FM JAN 1 0 HIGHEST SLP 30.57 ON 5
DPTR FM NORMAL 0 LOWEST SLP 29.69 ON 26
[REMARKS]
#FINAL-03-20#