000
CXUS55 KRIW 011010
CF6BPI
PRELIMINARY LOCAL CLIMATOLOGICAL DATA (WS FORM: F-6)
STATION: BIG PINEY WY
MONTH: OCTOBER
YEAR: 2023
LATITUDE: 42 34 N
LONGITUDE: 110 6 W
TEMPERATURE IN F: :PCPN: SNOW: WIND :SUNSHINE: SKY :PK WND
================================================================================
1 2 3 4 5 6A 6B 7 8 9 10 11 12 13 14 15 16 17 18
12Z AVG MX 2MIN
DY MAX MIN AVG DEP HDD CDD WTR SNW DPTH SPD SPD DIR MIN PSBL S-S WX SPD DR
================================================================================
1 56 40 48 3 17 0 0.06 M M 9.0 25 240 M M 6 1 36 240
2 51 36 44 0 21 0 0.14 M M 6.2 25 270 M M 9 13 33 280
3 53 34 44 0 21 0 T M M 6.2 22 340 M M 8 29 310
4 54 33 44 1 21 0 0.00 M M 8.2 20 360 M M 9 31 360
5 60 36 48 5 17 0 0.00 M M 10.8 26 340 M M 1 33 340
6 60 30 45 3 20 0 0.00 M M 4.4 12 10 M M 1 16 90
7 67 24 46 4 19 0 0.00 M M 3.4 12 340 M M 0 13 340
8 71 25 48 6 17 0 0.00 M M 4.1 13 340 M M 0 16 350
9 73 24 49 8 16 0 0.00 M M 4.7 17 340 M M 0 24 320
10 68 24 46 5 19 0 0.00 M M 5.8 25 250 M M 3 34 230
11 49 34 42 2 23 0 0.10 M M 8.7 24 340 M M 6 1 32 350
12 51 35 43 3 22 0 T M M 13.1 28 340 M M 8 37 330
13 48 32 40 0 25 0 0.00 M M 7.9 15 190 M M 10 21 210
14 54 24 39 0 26 0 0.00 M M 4.3 10 330 M M 2 13 190
15 62 23 43 4 22 0 0.00 M M 2.8 10 70 M M 0 14 160
16 68 25 47 9 18 0 0.00 M M 4.2 12 340 M M 0 M M
17 69 26 48 10 17 0 0.00 M M 8.1 26 290 M M 0 8 36 280
18 67 29 48 11 17 0 0.00 M M 7.6 23 340 M M 0 29 330
19 73 31 52 15 13 0 0.00 M M 6.2 13 10 M M 0 M M
20 71 24 48 12 17 0 0.00 M M 4.6 14 350 M M 0 17 360
21 65 26 46 10 19 0 T M M 4.3 14 190 M M 2 20 250
22 66 23 45 9 20 0 T M M 7.2 37 260 M M 2 48 260
23 64 29 47 12 18 0 T M M 6.9 20 20 M M 3 3 25 30
24 57 25 41 6 24 0 0.00 M M 5.3 20 260 M M 1 25 250
25 60 20 40 6 25 0 T M M 9.2 28 250 M M 4 37 250
26 40 9 25 -9 40 0 0.02 M M 9.9 32 280 M M 6 1 41 290
27 42 8 25 -9 40 0 0.00 M M 6.5 24 260 M M 2 33 260
28 36 7 22 -11 43 0 T M M 5.7 17 10 M M 7 24 350
29 33 0 17 -16 48 0 0.00 M M 4.1 12 360 M M 1 14 180
30 42 -1 21 -11 44 0 0.00 M M 7.3 23 330 M M 0 35 330
31 54 7 31 -1 34 0 0.00 M M 5.6 17 10 M M 0 24 360
================================================================================
SM 1784 742 743 0 0.32 M 202.3 M 91
================================================================================
AV 57.5 23.9 6.5 FASTST M M 3 MAX(MPH)
MISC ----> 37 260 48 260
================================================================================
NOTES:
# LAST OF SEVERAL OCCURRENCES
COLUMN 17 PEAK WIND IN M.P.H.
PRELIMINARY LOCAL CLIMATOLOGICAL DATA (WS FORM: F-6) , PAGE 2
STATION: BIG PINEY WY
MONTH: OCTOBER
YEAR: 2023
LATITUDE: 42 34 N
LONGITUDE: 110 6 W
[TEMPERATURE DATA] [PRECIPITATION DATA] SYMBOLS USED IN COLUMN 16
AVERAGE MONTHLY: 40.7 TOTAL FOR MONTH: 0.32 1 = FOG OR MIST
DPTR FM NORMAL: 2.5 DPTR FM NORMAL: -0.30 2 = FOG REDUCING VISIBILITY
HIGHEST: 73 ON 19, 9 GRTST 24HR 0.14 ON 1- 2 TO 1/4 MILE OR LESS
LOWEST: -1 ON 30 3 = THUNDER
SNOW, ICE PELLETS, HAIL 4 = ICE PELLETS
TOTAL MONTH: M 5 = HAIL
GRTST 24HR M ON M 6 = FREEZING RAIN OR DRIZZLE
GRTST DEPTH: M ON M 7 = DUSTSTORM OR SANDSTORM:
VSBY 1/2 MILE OR LESS
8 = SMOKE OR HAZE
[NO. OF DAYS WITH] [WEATHER - DAYS WITH] 9 = BLOWING SNOW
X = TORNADO
MAX 32 OR BELOW: 0 0.01 INCH OR MORE: 4
MAX 90 OR ABOVE: 0 0.10 INCH OR MORE: 2
MIN 32 OR BELOW: 24 0.50 INCH OR MORE: 0
MIN 0 OR BELOW: 2 1.00 INCH OR MORE: 0
[HDD (BASE 65) ]
TOTAL THIS MO. 743 CLEAR (SCALE 0-3) 20
DPTR FM NORMAL -88 PTCLDY (SCALE 4-7) 7
TOTAL FM JUL 1 1287 CLOUDY (SCALE 8-10) 4
DPTR FM NORMAL -247
[CDD (BASE 65) ]
TOTAL THIS MO. 0
DPTR FM NORMAL 0 [PRESSURE DATA]
TOTAL FM JAN 1 47 HIGHEST SLP 30.60 ON 29
DPTR FM NORMAL 17 LOWEST SLP 29.43 ON 11
[REMARKS]
#FINAL-10-23#