000
CXUS54 KBRO 010900
CF6BRO
PRELIMINARY LOCAL CLIMATOLOGICAL DATA (WS FORM: F-6)
STATION: BROWNSVILLE
MONTH: JANUARY
YEAR: 2024
LATITUDE: 25 53 N
LONGITUDE: 97 26 W
TEMPERATURE IN F: :PCPN: SNOW: WIND :SUNSHINE: SKY :PK WND
================================================================================
1 2 3 4 5 6A 6B 7 8 9 10 11 12 13 14 15 16 17 18
12Z AVG MX 2MIN
DY MAX MIN AVG DEP HDD CDD WTR SNW DPTH SPD SPD DIR MIN PSBL S-S WX SPD DR
================================================================================
1 80 59 70 8 0 5 0.00 0.0 0 5.8 14 200 M M 4 12 19 190
2 79 62 71 9 0 6 T 0.0 0 7.6 21 130 M M 8 12 29 140
3 70 50 60 -2 5 0 T 0.0 0 12.4 21 330 M M 5 1 29 340
4 73 46 60 -2 5 0 T 0.0 0 8.1 18 130 M M 5 1 23 120
5 72 51 62 0 3 0 0.70 0.0 0 7.9 18 310 M M 6 1 26 330
6 75 45 60 -2 5 0 0.00 0.0 0 3.7 13 40 M M 0 1 18 40
7 76 56 66 4 0 1 0.00 0.0 0 9.1 23 140 M M 3 36 120
8 83 66 75 13 0 10 0.00 0.0 0 25.6 49 180 M M 6 18 74 170
9 69 45 57 -5 8 0 0.00 0.0 0 12.1 26 340 M M 1 39 350
10 75 46 61 -1 4 0 0.00 0.0 0 10.7 25 170 M M 3 32 190
11 82 60 71 9 0 6 0.00 0.0 0 13.2 29 170 M M 7 128 42 180
12 74 51 63 1 2 0 0.00 0.0 0 13.9 30 340 M M 4 18 49 340
13 72 51 62 0 3 0 0.00 0.0 0 7.5 17 130 M M 0 24 110
14 79 51 65 3 0 0 0.00 0.0 0 8.1 18 130 M M M 1 25 130
15 68 32 50 -12 15 0 0.07 0.0 0 13.9 23 330 M M 10 1 33 330
16 41 29 35 -28 30 0 0.00 0.0 0 14.1 28 330 M M 10 42 340
17 56 37 47 -16 18 0 0.00 0.0 0 6.0 13 320 M M 10 16 320
18 77 53 65 2 0 0 0.00 0.0 0 4.8 16 190 M M 6 8 22 180
19 65 54 60 -3 5 0 T 0.0 0 10.8 22 10 M M 8 1 36 30
20 54 44 49 -14 16 0 0.03 0.0 0 12.6 20 340 M M 10 18 32 360
21 50 46 48 -15 17 0 0.32 0.0 0 6.8 13 260 M M 10 1 16 280
22 76 49 63 0 2 0 0.34 0.0 0 9.4 22 170 M M 6 13 29 180
23 79 67 73 10 0 8 0.00 0.0 0 11.1 24 150 M M 9 1 30 150
24 77 66 72 9 0 7 0.08 0.0 0 7.4 15 150 M M 10 13 19 140
25 77 61 69 5 0 4 T 0.0 0 8.2 17 350 M M 4 1 25 340
26 81 65 73 9 0 8 0.00 0.0 0 6.4 15 350 M M 6 1 22 110
27 76 57 67 3 0 2 0.00 0.0 0 11.7 23 340 M M 4 1 32 330
28 73 48 61 -3 4 0 0.00 0.0 0 7.8 18 30 M M 0 25 30
29 74 44 59 -5 6 0 0.00 0.0 0 4.2 13 70 M M 0 19 70
30 75 51 63 -1 2 0 0.00 0.0 0 3.3 12 110 M M 0 16 70
31 77 53 65 1 0 0 0.00 0.0 0 4.7 15 100 M M 1 1 21 80
================================================================================
SM 2235 1595 150 57 1.54 0.0 288.9 M 156
================================================================================
AV 72.1 51.5 9.3 FASTST M M 5 MAX(MPH)
MISC ----> 49 180 74 170
================================================================================
NOTES:
# LAST OF SEVERAL OCCURRENCES
COLUMN 17 PEAK WIND IN M.P.H.
PRELIMINARY LOCAL CLIMATOLOGICAL DATA (WS FORM: F-6) , PAGE 2
STATION: BROWNSVILLE
MONTH: JANUARY
YEAR: 2024
LATITUDE: 25 53 N
LONGITUDE: 97 26 W
[TEMPERATURE DATA] [PRECIPITATION DATA] SYMBOLS USED IN COLUMN 16
AVERAGE MONTHLY: 61.8 TOTAL FOR MONTH: 1.54 1 = FOG OR MIST
DPTR FM NORMAL: -1.0 DPTR FM NORMAL: 0.46 2 = FOG REDUCING VISIBILITY
HIGHEST: 83 ON 8 GRTST 24HR 0.70 ON 4- 5 TO 1/4 MILE OR LESS
LOWEST: 29 ON 16 3 = THUNDER
SNOW, ICE PELLETS, HAIL 4 = ICE PELLETS
TOTAL MONTH: 0.0 INCH 5 = HAIL
GRTST 24HR 0.0 6 = FREEZING RAIN OR DRIZZLE
GRTST DEPTH: 0 7 = DUSTSTORM OR SANDSTORM:
VSBY 1/2 MILE OR LESS
8 = SMOKE OR HAZE
[NO. OF DAYS WITH] [WEATHER - DAYS WITH] 9 = BLOWING SNOW
X = TORNADO
MAX 32 OR BELOW: 0 0.01 INCH OR MORE: 6
MAX 90 OR ABOVE: 0 0.10 INCH OR MORE: 3
MIN 32 OR BELOW: 2 0.50 INCH OR MORE: 1
MIN 0 OR BELOW: 0 1.00 INCH OR MORE: 0
[HDD (BASE 65) ]
TOTAL THIS MO. 150 CLEAR (SCALE 0-3) 9
DPTR FM NORMAL 8 PTCLDY (SCALE 4-7) 14
TOTAL FM JUL 1 257 CLOUDY (SCALE 8-10) 8
DPTR FM NORMAL -56
[CDD (BASE 65) ]
TOTAL THIS MO. 57
DPTR FM NORMAL -19 [PRESSURE DATA]
TOTAL FM JAN 1 57 HIGHEST SLP 30.47 ON 16
DPTR FM NORMAL -19 LOWEST SLP 29.48 ON 8
[REMARKS]
#FINAL-01-24#