000
CXUS54 KBRO 010637
CLMBRO
CLIMATE REPORT
NATIONAL WEATHER SERVICE BROWNSVILLE, TX
137 AM CDT MON MAY 01 2023
...................................
...THE BROWNSVILLE CLIMATE SUMMARY FOR THE MONTH OF APRIL 2023...
CLIMATE NORMAL PERIOD 1991 TO 2020
CLIMATE RECORD PERIOD 1878 TO 2023
WEATHER OBSERVED NORMAL DEPART LAST YEAR`S
VALUE DATE(S) VALUE FROM VALUE DATE(S)
NORMAL
................................................................
TEMPERATURE (F)
HIGHEST 94 04/15 94 0 104 04/06
LOWEST 55 04/13 49 6 54 04/08
04/17
AVG. MAXIMUM 83.2 85.7 -2.5 88.4
AVG. MINIMUM 65.7 67.7 -2.0 71.8
MEAN 74.4 76.7 -2.3 80.1
DAYS MAX >= 90 4 5.4 -1.4 10
DAYS MAX <= 32 0 0.0 0.0 0
DAYS MIN <= 32 0 0.0 0.0 0
DAYS MIN <= 0 0 0.0 0.0 0
PRECIPITATION (INCHES)
TOTALS 5.04 1.47 3.57 3.03
DAILY AVG. 0.17 0.05 0.12 0.10
DAYS >= .01 9 4.5 4.5 5
DAYS >= .10 5 2.3 2.7 1
DAYS >= .50 4 0.7 3.3 1
DAYS >= 1.00 2 0.2 1.8 1
GREATEST
24 HR. TOTAL 1.77 04/29 TO 04/29
STORM TOTAL 1.77
(MM/DD(HH))
SNOWFALL (INCHES)
TOTALS 0.0 0.0 0.0 0.0
SINCE 7/1 0.0 0.0 0.0
DEGREE DAYS
HEATING TOTAL 8 5 3 0
SINCE 7/1 480 418 62 MM
COOLING TOTAL 297 356 -59 459
SINCE 1/1 891 776 115 MM
................................................................
WIND (MPH)
AVERAGE WIND SPEED 10.7
HIGHEST WIND SPEED/DIRECTION 39/310 DATE 04/29
HIGHEST GUST SPEED/DIRECTION 60/330 DATE 04/29
SKY COVER
POSSIBLE SUNSHINE (PERCENT) MM
AVERAGE SKY COVER 0.59
NUMBER OF DAYS FAIR 9
NUMBER OF DAYS PC 10
NUMBER OF DAYS CLOUDY 11
AVERAGE RH (PERCENT) 80
WEATHER CONDITIONS. NUMBER OF DAYS WITH
THUNDERSTORM 5 MIXED PRECIP 0
HEAVY RAIN 4 RAIN 4
LIGHT RAIN 14 FREEZING RAIN 0
LT FREEZING RAIN 0 HAIL 0
HEAVY SNOW 0 SNOW 0
LIGHT SNOW 0 SLEET 0
FOG 18 FOG W/VIS <= 1/4 MILE 2
HAZE 5
- INDICATES NEGATIVE NUMBERS.
R INDICATES RECORD WAS SET OR TIED.
MM INDICATES DATA IS MISSING.
T INDICATES TRACE AMOUNT.
$$