000
CXUS54 KBRO 030939
CLMBRO
CLIMATE REPORT
NATIONAL WEATHER SERVICE BROWNSVILLE, TX
439 AM CDT TUE OCT 03 2023
...................................
...THE BROWNSVILLE CLIMATE SUMMARY FOR THE MONTH OF SEPTEMBER 2023...
CLIMATE NORMAL PERIOD 1991 TO 2020
CLIMATE RECORD PERIOD 1878 TO 2023
WEATHER OBSERVED NORMAL DEPART LAST YEAR`S
VALUE DATE(S) VALUE FROM VALUE DATE(S)
NORMAL
................................................................
TEMPERATURE (F)
HIGHEST 102 09/08 96 6 97 09/09
09/10
LOWEST 75 09/19 63 12 65 09/30
09/20
09/27
AVG. MAXIMUM 98.8 92.2 6.6 92.4
AVG. MINIMUM 78.2 74.7 3.5 74.5
MEAN 88.5 83.4 5.1 83.4
DAYS MAX >= 90 30 21.5 8.5 25
DAYS MAX <= 32 0 0.0 0.0 0
DAYS MIN <= 32 0 0.0 0.0 MM
DAYS MIN <= 0 0 0.0 0.0 0
PRECIPITATION (INCHES)
TOTALS 0.02R 5.73 -5.71 4.56
DAILY AVG. 0.00 0.19 -0.19 0.15
DAYS >= .01 1 11.1 -10.1 15
DAYS >= .10 0 7.6 -7.6 11
DAYS >= .50 0 3.3 -3.3 3
DAYS >= 1.00 0 1.7 -1.7 0
GREATEST
24 HR. TOTAL 0.02 09/17 TO 09/17
STORM TOTAL 0.02
(MM/DD(HH))
SNOWFALL (INCHES)
TOTALS 0.0 0.0 0.0 0.0
SINCE 7/1 0.0 0.0 0.0
DEGREE DAYS
HEATING TOTAL 0 0 0 0
SINCE 7/1 0 0 0 MM
COOLING TOTAL 714 554 160 559
SINCE 1/1 4331 3822 509 MM
................................................................
WIND (MPH)
AVERAGE WIND SPEED 7.6
HIGHEST WIND SPEED/DIRECTION 24/150 DATE 09/04
HIGHEST GUST SPEED/DIRECTION 34/180 DATE 09/04
34/140 09/23
SKY COVER
POSSIBLE SUNSHINE (PERCENT) MM
AVERAGE SKY COVER 0.13
NUMBER OF DAYS FAIR 30
NUMBER OF DAYS PC 0
NUMBER OF DAYS CLOUDY 0
AVERAGE RH (PERCENT) 67
WEATHER CONDITIONS. NUMBER OF DAYS WITH
THUNDERSTORM 2 MIXED PRECIP 0
HEAVY RAIN 0 RAIN 0
LIGHT RAIN 4 FREEZING RAIN 0
LT FREEZING RAIN 0 HAIL 0
HEAVY SNOW 0 SNOW 0
LIGHT SNOW 0 SLEET 0
FOG 1 FOG W/VIS <= 1/4 MILE 0
HAZE 0
- INDICATES NEGATIVE NUMBERS.
R INDICATES RECORD WAS SET OR TIED.
MM INDICATES DATA IS MISSING.
T INDICATES TRACE AMOUNT.
$$