000
CXUS51 KBTV 010700
CF6BTV
PRELIMINARY LOCAL CLIMATOLOGICAL DATA (WS FORM: F-6)
STATION: BURLINGTON VT
MONTH: OCTOBER
YEAR: 2023
LATITUDE: 44 28 N
LONGITUDE: 73 9 W
TEMPERATURE IN F: :PCPN: SNOW: WIND :SUNSHINE: SKY :PK WND
================================================================================
1 2 3 4 5 6A 6B 7 8 9 10 11 12 13 14 15 16 17 18
12Z AVG MX 2MIN
DY MAX MIN AVG DEP HDD CDD WTR SNW DPTH SPD SPD DIR MIN PSBL S-S WX SPD DR
================================================================================
1 78 51 65 9 0 0 0.00 0.0 0 3.2 15 10 M M 2 1 18 10
2 75 49 62 6 3 0 0.00 0.0 0 1.2 7 290 M M 3 12 9 330
3 84 52 68 13 0 3 0.00 0.0 0 3.2 15 200 M M 2 18 190
4 86 57 72 17 0 7 0.00 0.0 0 3.9 10 200 M M 1 13 190
5 83 62 73 18 0 8 0.00 0.0 0 11.3 22 190 M M 4 29 200
6 75 63 69 15 0 4 T 0.0 0 8.1 21 180 M M 7 27 180
7 70 49 60 6 5 0 2.80 0.0 0 6.9 18 350 M M 9 1 22 300
8 60 49 55 2 10 0 0.15 0.0 0 11.8 24 200 M M 8 1 33 200
9 60 48 54 1 11 0 T 0.0 0 12.6 22 200 M M 8 28 210
10 62 48 55 3 10 0 0.00 0.0 0 8.3 18 200 M M 8 26 210
11 57 49 53 1 12 0 0.02 0.0 0 5.4 14 180 M M 9 19 190
12 62 42 52 0 13 0 T 0.0 0 4.6 21 330 M M 6 25 320
13 61 39 50 -1 15 0 0.00 0.0 0 5.3 15 350 M M 6 19 330
14 59 46 53 2 12 0 0.00 0.0 0 3.4 10 340 M M 9 14 360
15 54 48 51 0 14 0 0.07 0.0 0 7.2 16 360 M M 9 1 20 330
16 59 50 55 5 10 0 0.02 0.0 0 7.0 17 20 M M 9 22 20
17 56 48 52 2 13 0 T 0.0 0 2.6 8 340 M M 10 10 350
18 60 48 54 4 11 0 T 0.0 0 4.9 12 240 M M 8 16 190
19 64 48 56 7 9 0 0.00 0.0 0 8.8 20 200 M M 7 26 190
20 66 56 61 12 4 0 0.07 0.0 M 11.2 22 190 M M 7 1 29 190
21 58 49 54 6 11 0 2.33 0.0 0 5.0 17 290 M M 10 1 24 280
22 49 43 46 -2 19 0 0.14 0.0 0 7.8 18 290 M M 10 1 28 290
23 50 37 44 -4 21 0 0.01 0.0 0 4.7 12 310 M M 8 1 14 340
24 58 35 47 0 18 0 T 0.0 0 7.3 13 180 M M 8 1 21 190
25 68 57 63 16 2 0 T 0.0 0 10.8 17 210 M M 7 20 200
26 67 57 62 15 3 0 0.03 0.0 0 5.0 15 200 M M 10 1 18 210
27 73 53 63 17 2 0 T 0.0 M 8.0 15 200 M M 7 1 21 200
28 67 46 57 11 8 0 0.07 0.0 0 9.6 24 340 M M 7 1 28 330
29 46 42 44 -2 21 0 T 0.0 0 3.8 10 20 M M 8 13 10
30 43 37 40 -5 25 0 0.70 0.0 0 6.3 16 330 M M 10 18 19 340
31 43 30 37 -8 28 0 0.00 0.0 0 5.4 14 330 M M 3 19 320
================================================================================
SM 1953 1488 310 22 6.41 0.0 204.6 M 220
================================================================================
AV 63.0 48.0 6.6 FASTST M M 7 MAX(MPH)
MISC ----> # 24 200 33 200
================================================================================
NOTES:
# LAST OF SEVERAL OCCURRENCES
COLUMN 17 PEAK WIND IN M.P.H.
PRELIMINARY LOCAL CLIMATOLOGICAL DATA (WS FORM: F-6) , PAGE 2
STATION: BURLINGTON VT
MONTH: OCTOBER
YEAR: 2023
LATITUDE: 44 28 N
LONGITUDE: 73 9 W
[TEMPERATURE DATA] [PRECIPITATION DATA] SYMBOLS USED IN COLUMN 16
AVERAGE MONTHLY: 55.5 TOTAL FOR MONTH: 6.41 1 = FOG OR MIST
DPTR FM NORMAL: 5.2 DPTR FM NORMAL: 2.58 2 = FOG REDUCING VISIBILITY
HIGHEST: 86 ON 4 GRTST 24HR 2.95 ON 7- 8 TO 1/4 MILE OR LESS
LOWEST: 30 ON 31 3 = THUNDER
SNOW, ICE PELLETS, HAIL 4 = ICE PELLETS
TOTAL MONTH: 0.0 INCH 5 = HAIL
GRTST 24HR 0.0 6 = FREEZING RAIN OR DRIZZLE
GRTST DEPTH: 0 7 = DUSTSTORM OR SANDSTORM:
VSBY 1/2 MILE OR LESS
8 = SMOKE OR HAZE
[NO. OF DAYS WITH] [WEATHER - DAYS WITH] 9 = BLOWING SNOW
X = TORNADO
MAX 32 OR BELOW: 0 0.01 INCH OR MORE: 12
MAX 90 OR ABOVE: 0 0.10 INCH OR MORE: 5
MIN 32 OR BELOW: 1 0.50 INCH OR MORE: 3
MIN 0 OR BELOW: 0 1.00 INCH OR MORE: 2
[HDD (BASE 65) ]
TOTAL THIS MO. 310 CLEAR (SCALE 0-3) 4
DPTR FM NORMAL -149 PTCLDY (SCALE 4-7) 15
TOTAL FM JUL 1 391 CLOUDY (SCALE 8-10) 12
DPTR FM NORMAL -222
[CDD (BASE 65) ]
TOTAL THIS MO. 22
DPTR FM NORMAL 17 [PRESSURE DATA]
TOTAL FM JAN 1 722 HIGHEST SLP M ON M
DPTR FM NORMAL 66 LOWEST SLP 29.19 ON 21
[REMARKS]
#FINAL-10-23#