657
CXUS54 KTSA 010840
CF6BVO
PRELIMINARY LOCAL CLIMATOLOGICAL DATA (WS FORM: F-6)
STATION: BARTLESVILLE OKLAHOMA
MONTH: AUGUST
YEAR: 2020
LATITUDE: 36 45 N
LONGITUDE: 96 0 W
TEMPERATURE IN F: :PCPN: SNOW: WIND :SUNSHINE: SKY :PK WND
================================================================================
1 2 3 4 5 6A 6B 7 8 9 10 11 12 13 14 15 16 17 18
12Z AVG MX 2MIN
DY MAX MIN AVG DEP HDD CDD WTR SNW DPTH SPD SPD DIR MIN PSBL S-S WX SPD DR
================================================================================
1 87 62 75 -6 0 10 0.00 0.0 0 0.8 9 360 M M 1 1 12 360
2 87 63 75 -6 0 10 0.00 0.0 0 2.4 13 360 M M 1 1 21 10
3 83 59 71 -10 0 6 0.00 0.0 0 4.8 17 20 M M 0 25 50
4 80 55 68 -13 0 3 0.00 0.0 0 4.2 14 10 M M 0 21 80
5 86 58 72 -9 0 7 0.00 0.0 0 3.3 12 160 M M 3 15 150
6 85 62 74 -7 0 9 0.01 0.0 0 5.2 15 170 M M 3 1 20 170
7 88 70 79 -2 0 14 0.01 0.0 0 10.4 21 160 M M 4 3 38 160
8 96 75 86 5 0 21 0.00 0.0 0 10.1 20 210 M M 1 3 28 210
9 98 74 86 5 0 21 0.00 0.0 0 7.5 17 170 M M 0 24 170
10 99 70 85 4 0 20 0.04 0.0 0 6.2 28 290 M M 1 38 53 280
11 89 66 78 -3 0 13 0.12 0.0 0 2.5 15 150 M M 3 18 22 180
12 91 66 79 -2 0 14 0.00 0.0 0 5.2 16 130 M M 3 1 22 130
13 90 72 81 0 0 16 0.09 0.0 0 5.1 18 20 M M 2 3 23 20
14 94 71 83 2 0 18 0.00 0.0 0 3.8 13 160 M M 2 1 18 160
15 98 69 84 3 0 19 0.00 0.0 0 3.2 25 60 M M 1 3 36 50
16 90 64 77 -4 0 12 0.00 0.0 0 3.8 13 90 M M 0 18 110
17 94 62 78 -2 0 13 0.00 0.0 0 5.5 17 30 M M 0 18 22 30
18 90 58 74 -6 0 9 0.00 0.0 0 3.2 14 40 M M 0 20 30
19 87 54 71 -9 0 6 0.00 0.0 0 2.5 12 100 M M 0 17 100
20 89 54 72 -8 0 7 0.00 0.0 0 2.0 9 170 M M 0 18 14 170
21 91 55 73 -7 0 8 0.00 0.0 0 2.6 10 150 M M 0 1 16 150
22 92 55 74 -6 0 9 0.00 0.0 0 3.0 13 160 M M 0 1 18 150
23 94 59 77 -3 0 12 0.00 0.0 0 3.7 14 200 M M 0 1 20 160
24 95 61 78 -1 0 13 0.00 0.0 0 3.1 10 140 M M 0 1 16 130
25 96 62 79 0 0 14 0.00 0.0 0 2.1 13 140 M M 0 1 18 140
26 93 65 79 0 0 14 T 0.0 0 5.9 23 160 M M 1 1 29 170
27 91 65 78 -1 0 13 0.00 0.0 0 2.8 16 140 M M 1 13 20 140
28 100 66 83 5 0 18 0.00 0.0 0 3.0 12 150 M M 0 1 18 210
29 83 69 76 -2 0 11 T 0.0 0 6.9 18 20 M M 3 1 25 20
30 90 68 79 1 0 14 T 0.0 0 3.8 9 130 M M 5 128 14 120
31 95 73 84 6 0 19 0.08 0.0 0 7.9 23 170 M M 2 13 31 250
================================================================================
SM 2821 1982 0 393 0.35 0.0 136.5 M 37
================================================================================
AV 91.0 63.9 4.4 FASTST M M 1 MAX(MPH)
MISC ----> # 28 290 # 53 280
================================================================================
NOTES:
# LAST OF SEVERAL OCCURRENCES
COLUMN 17 PEAK WIND IN M.P.H.
PRELIMINARY LOCAL CLIMATOLOGICAL DATA (WS FORM: F-6) , PAGE 2
STATION: BARTLESVILLE OKLAHOMA
MONTH: AUGUST
YEAR: 2020
LATITUDE: 36 45 N
LONGITUDE: 96 0 W
[TEMPERATURE DATA] [PRECIPITATION DATA] SYMBOLS USED IN COLUMN 16
AVERAGE MONTHLY: 77.5 TOTAL FOR MONTH: 0.35 1 = FOG OR MIST
DPTR FM NORMAL: -2.7 DPTR FM NORMAL: -2.72 2 = FOG REDUCING VISIBILITY
HIGHEST: 100 ON 28 GRTST 24HR 0.53 ON 31- 1 TO 1/4 MILE OR LESS
LOWEST: 54 ON 20,19 3 = THUNDER
SNOW, ICE PELLETS, HAIL 4 = ICE PELLETS
TOTAL MONTH: 0.0 INCH 5 = HAIL
GRTST 24HR 0.0 6 = FREEZING RAIN OR DRIZZLE
GRTST DEPTH: 0 7 = DUSTSTORM OR SANDSTORM:
VSBY 1/2 MILE OR LESS
8 = SMOKE OR HAZE
[NO. OF DAYS WITH] [WEATHER - DAYS WITH] 9 = BLOWING SNOW
X = TORNADO
MAX 32 OR BELOW: 0 0.01 INCH OR MORE: 6
MAX 90 OR ABOVE: 20 0.10 INCH OR MORE: 1
MIN 32 OR BELOW: 0 0.50 INCH OR MORE: 0
MIN 0 OR BELOW: 0 1.00 INCH OR MORE: 0
[HDD (BASE 65) ]
TOTAL THIS MO. 0 CLEAR (SCALE 0-3) 29
DPTR FM NORMAL 0 PTCLDY (SCALE 4-7) 2
TOTAL FM JUL 1 0 CLOUDY (SCALE 8-10) 0
DPTR FM NORMAL 0
[CDD (BASE 65) ]
TOTAL THIS MO. 393
DPTR FM NORMAL -78 [PRESSURE DATA]
TOTAL FM JAN 1 1393 HIGHEST SLP 30.14 ON 17
DPTR FM NORMAL -97 LOWEST SLP 29.65 ON 31
[REMARKS]
#FINAL-08-20#