000
CXUS53 KLMK 010810
CF6BWG
PRELIMINARY LOCAL CLIMATOLOGICAL DATA (WS FORM: F-6)
STATION: BOWLING GREEN KY
MONTH: DECEMBER
YEAR: 2022
LATITUDE: 36 58 N
LONGITUDE: 86 26 W
TEMPERATURE IN F: :PCPN: SNOW: WIND :SUNSHINE: SKY :PK WND
================================================================================
1 2 3 4 5 6A 6B 7 8 9 10 11 12 13 14 15 16 17 18
12Z AVG MX 2MIN
DY MAX MIN AVG DEP HDD CDD WTR SNW DPTH SPD SPD DIR MIN PSBL S-S WX SPD DR
================================================================================
1 46 22 34 -10 31 0 0.00 0.0 0 1.8 10 80 M M 0 14 90
2 61 28 45 2 20 0 0.08 0.0 0 11.1 26 180 M M 8 38 40 190
3 61 33 47 4 18 0 0.09 0.0 0 6.9 22 200 M M 5 13 31 200
4 43 30 37 -6 28 0 0.00 0.0 0 0.7 5 90 M M 1 8 360
5 54 28 41 -2 24 0 T 0.0 0 3.2 12 180 M M 8 18 17 160
6 68 53 61 19 4 0 0.19 0.0 0 5.3 17 190 M M 10 1 25 190
7 68 53 61 19 4 0 0.68 0.0 0 3.3 14 200 M M 10 18 20 190
8 57 52 55 13 10 0 0.43 0.0 0 6.8 14 110 M M 10 1 20 110
9 57 46 52 10 13 0 0.00 0.0 0 2.3 10 70 M M 9 12 13 300
10 52 45 49 7 16 0 0.06 0.0 0 0.7 8 140 M M 10 12 12 140
11 50 44 47 6 18 0 0.00 0.0 0 4.1 10 70 M M 10 128 14 30
12 53 35 44 3 21 0 0.00 0.0 0 5.3 14 60 M M 2 18 50
13 61 32 47 6 18 0 0.00 0.0 0 7.0 16 140 M M 5 22 150
14 57 51 54 13 11 0 1.13 0.0 0 9.3 17 160 M M 10 1 26 140
15 51 41 46 6 19 0 0.00 0.0 0 10.3 20 240 M M 7 27 220
16 46 34 40 0 25 0 0.00 0.0 0 9.2 25 220 M M 0 35 220
17 45 30 38 -2 27 0 0.00 0.0 0 11.1 22 220 M M 4 31 290
18 41 25 33 -7 32 0 0.00 0.0 0 4.6 12 260 M M 3 16 230
19 43 22 33 -7 32 0 0.00 0.0 0 3.7 9 50 M M 3 12 50
20 53 29 41 1 24 0 T 0.0 0 1.6 7 10 M M 6 10 10
21 52 24 38 -2 27 0 0.00 0.0 0 2.0 9 120 M M 2 14 80
22 52 6 29 -10 36 0 0.22 1.9 0 11.1 23 300 M M 10 1 38 300
23 6 -3 2 -37 63 0 T T 2 13.8 25 270 M M 7 8 38 270
24 20 3 12 -27 53 0 0.00 0.0 2 10.2 18 240 M M 0 27 250
25 24 11 18 -21 47 0 0.00 0.0 1 6.2 15 220 M M 0 20 220
26 33 15 24 -15 41 0 T 0.6 1 5.4 16 190 M M 9 1 21 190
27 37 22 30 -8 35 0 T T 2 2.8 10 220 M M 6 18 14 230
28 57 19 38 0 27 0 0.00 0.0 T 8.2 21 180 M M 0 18 29 220
29 62 50 56 18 9 0 0.03 0.0 0 12.1 21 190 M M 8 8 30 230
30 69 55 62 24 3 0 0.14 0.0 0 9.5 23 190 M M 6 1 31 180
31 59 41 50 12 15 0 0.23 0.0 0 4.3 12 270 M M 8 12 15 260
================================================================================
SM 1538 976 751 0 3.28 2.5 193.9 M 177
================================================================================
AV 49.6 31.5 6.3 FASTST M M 6 MAX(MPH)
MISC ----> 26 180 40 190
================================================================================
NOTES:
# LAST OF SEVERAL OCCURRENCES
COLUMN 17 PEAK WIND IN M.P.H.
PRELIMINARY LOCAL CLIMATOLOGICAL DATA (WS FORM: F-6) , PAGE 2
STATION: BOWLING GREEN KY
MONTH: DECEMBER
YEAR: 2022
LATITUDE: 36 58 N
LONGITUDE: 86 26 W
[TEMPERATURE DATA] [PRECIPITATION DATA] SYMBOLS USED IN COLUMN 16
AVERAGE MONTHLY: 40.5 TOTAL FOR MONTH: 3.28 1 = FOG OR MIST
DPTR FM NORMAL: 0.0 DPTR FM NORMAL: -1.07 2 = FOG REDUCING VISIBILITY
HIGHEST: 69 ON 30 GRTST 24HR 1.13 ON 14-14 TO 1/4 MILE OR LESS
LOWEST: -3 ON 23 3 = THUNDER
SNOW, ICE PELLETS, HAIL 4 = ICE PELLETS
TOTAL MONTH: 2.5 INCHES 5 = HAIL
GRTST 24HR 1.9 ON 22-22 6 = FREEZING RAIN OR DRIZZLE
GRTST DEPTH: 2 ON 27,24 7 = DUSTSTORM OR SANDSTORM:
VSBY 1/2 MILE OR LESS
8 = SMOKE OR HAZE
[NO. OF DAYS WITH] [WEATHER - DAYS WITH] 9 = BLOWING SNOW
X = TORNADO
MAX 32 OR BELOW: 3 0.01 INCH OR MORE: 11
MAX 90 OR ABOVE: 0 0.10 INCH OR MORE: 7
MIN 32 OR BELOW: 17 0.50 INCH OR MORE: 2
MIN 0 OR BELOW: 1 1.00 INCH OR MORE: 1
[HDD (BASE 65) ]
TOTAL THIS MO. 751 CLEAR (SCALE 0-3) 9
DPTR FM NORMAL -9 PTCLDY (SCALE 4-7) 10
TOTAL FM JUL 1 1467 CLOUDY (SCALE 8-10) 12
DPTR FM NORMAL -20
[CDD (BASE 65) ]
TOTAL THIS MO. 0
DPTR FM NORMAL 0 [PRESSURE DATA]
TOTAL FM JAN 1 1884 HIGHEST SLP M ON M
DPTR FM NORMAL 208 LOWEST SLP 29.54 ON 14
[REMARKS]
#FINAL-12-22#