000
CXUS53 KLMK 010710
CF6BWG
PRELIMINARY LOCAL CLIMATOLOGICAL DATA (WS FORM: F-6)
STATION: BOWLING GREEN KY
MONTH: JUNE
YEAR: 2022
LATITUDE: 36 58 N
LONGITUDE: 86 26 W
TEMPERATURE IN F: :PCPN: SNOW: WIND :SUNSHINE: SKY :PK WND
================================================================================
1 2 3 4 5 6A 6B 7 8 9 10 11 12 13 14 15 16 17 18
12Z AVG MX 2MIN
DY MAX MIN AVG DEP HDD CDD WTR SNW DPTH SPD SPD DIR MIN PSBL S-S WX SPD DR
================================================================================
1 91 68 80 8 0 15 0.00 0.0 0 4.7 15 270 M M 1 20 270
2 83 65 74 1 0 9 0.00 0.0 0 4.1 13 300 M M 4 22 310
3 83 60 72 -1 0 7 0.00 0.0 0 3.2 13 30 M M 0 19 30
4 85 54 70 -3 0 5 0.00 0.0 0 3.4 15 90 M M 0 23 60
5 87 56 72 -2 0 7 0.00 0.0 0 3.4 12 200 M M 2 17 210
6 85 67 76 2 0 11 3.39 0.0 0 9.1 32 270 M M 5 13 46 280
7 88 69 79 5 0 14 T 0.0 0 5.0 14 220 M M 5 1 19 220
8 88 68 78 4 0 13 T 0.0 0 8.2 20 220 M M 3 30 220
9 82 63 73 -2 0 8 0.00 0.0 0 4.1 12 310 M M 0 19 320
10 81 59 70 -5 0 5 T 0.0 0 3.1 14 40 M M 2 17 50
11 85 59 72 -3 0 7 0.00 0.0 0 3.4 12 180 M M 2 1 18 170
12 90 69 80 4 0 15 0.00 0.0 0 7.3 17 190 M M 3 22 190
13 98 79 89 13 0 24 0.00 0.0 0 10.0 18 220 M M 1 24 210
14 96 81 89 13 0 24 0.00 0.0 0 6.2 13 250 M M 1 20 280
15 96 75 86 10 0 21 0.00 0.0 0 5.7 14 200 M M 0 18 18 200
16 98 80 89 13 0 24 0.00 0.0 0 6.9 17 270 M M 0 23 270
17 90 74 82 5 0 17 0.01 0.0 0 5.9 24 300 M M 2 3 43 280
18 85 61 73 -4 0 8 0.00 0.0 0 7.8 17 50 M M 0 24 60
19 84 55 70 -7 0 5 0.00 0.0 0 4.7 14 80 M M 0 21 60
20 91 55 73 -4 0 8 0.00 0.0 0 2.2 9 110 M M 0 12 100
21 97 60 79 1 0 14 0.00 0.0 0 3.0 12 270 M M 0 16 250
22 99 69 84 6 0 19 0.00 0.0 M 5.1 16 280 M M 0 138 26 290
23 92 69 81 3 0 16 0.00 0.0 0 3.5 13 40 M M 0 19 20
24 94 64 79 1 0 14 0.00 0.0 0 3.2 14 50 M M 1 19 50
25 98 68 83 5 0 18 0.00 0.0 0 4.4 15 190 M M 1 21 200
26 88 77 83 5 0 18 0.00 0.0 0 5.9 12 220 M M 1 18 40
27 87 65 76 -2 0 11 0.00 0.0 0 5.3 13 30 M M 2 20 10
28 85 60 73 -6 0 8 0.00 0.0 0 5.7 14 50 M M 0 25 70
29 93 56 75 -4 0 10 0.00 0.0 0 1.9 12 80 M M 0 16 80
30 96 64 80 1 0 15 0.00 0.0 0 5.8 21 160 M M 1 28 190
================================================================================
SM 2695 1969 0 390 3.40 0.0 152.2 M 37
================================================================================
AV 89.8 65.6 5.1 FASTST M M 1 MAX(MPH)
MISC ----> 32 270 46 280
================================================================================
NOTES:
# LAST OF SEVERAL OCCURRENCES
COLUMN 17 PEAK WIND IN M.P.H.
PRELIMINARY LOCAL CLIMATOLOGICAL DATA (WS FORM: F-6) , PAGE 2
STATION: BOWLING GREEN KY
MONTH: JUNE
YEAR: 2022
LATITUDE: 36 58 N
LONGITUDE: 86 26 W
[TEMPERATURE DATA] [PRECIPITATION DATA] SYMBOLS USED IN COLUMN 16
AVERAGE MONTHLY: 77.7 TOTAL FOR MONTH: 3.40 1 = FOG OR MIST
DPTR FM NORMAL: 1.6 DPTR FM NORMAL: -1.11 2 = FOG REDUCING VISIBILITY
HIGHEST: 99 ON 22 GRTST 24HR 3.39 ON 6- 6 TO 1/4 MILE OR LESS
LOWEST: 54 ON 4 3 = THUNDER
SNOW, ICE PELLETS, HAIL 4 = ICE PELLETS
TOTAL MONTH: 0.0 INCH 5 = HAIL
GRTST 24HR 0.0 6 = FREEZING RAIN OR DRIZZLE
GRTST DEPTH: 0 7 = DUSTSTORM OR SANDSTORM:
VSBY 1/2 MILE OR LESS
8 = SMOKE OR HAZE
[NO. OF DAYS WITH] [WEATHER - DAYS WITH] 9 = BLOWING SNOW
X = TORNADO
MAX 32 OR BELOW: 0 0.01 INCH OR MORE: 2
MAX 90 OR ABOVE: 15 0.10 INCH OR MORE: 1
MIN 32 OR BELOW: 0 0.50 INCH OR MORE: 1
MIN 0 OR BELOW: 0 1.00 INCH OR MORE: 1
[HDD (BASE 65) ]
TOTAL THIS MO. 0 CLEAR (SCALE 0-3) 27
DPTR FM NORMAL -3 PTCLDY (SCALE 4-7) 3
TOTAL FM JUL 1 3476 CLOUDY (SCALE 8-10) 0
DPTR FM NORMAL -318
[CDD (BASE 65) ]
TOTAL THIS MO. 390
DPTR FM NORMAL 54 [PRESSURE DATA]
TOTAL FM JAN 1 650 HIGHEST SLP M ON M
DPTR FM NORMAL 116 LOWEST SLP 29.77 ON 7
[REMARKS]
#FINAL-06-22#