000
CXUS51 KLWX 011134
CF6BWI
PRELIMINARY LOCAL CLIMATOLOGICAL DATA (WS FORM: F-6)
STATION: BALTIMORE MD
MONTH: MARCH
YEAR: 2020
LATITUDE: 39 10 N
LONGITUDE: 76 40 W
TEMPERATURE IN F: :PCPN: SNOW: WIND :SUNSHINE: SKY :PK WND
================================================================================
1 2 3 4 5 6A 6B 7 8 9 10 11 12 13 14 15 16 17 18
12Z AVG MX 2MIN
DY MAX MIN AVG DEP HDD CDD WTR SNW DPTH SPD SPD DIR MIN PSBL S-S WX SPD DR
================================================================================
1 51 20 36 -3 29 0 0.00 0.0 0 6.1 17 260 M M 1 21 270
2 67 27 47 8 18 0 0.08 0.0 0 7.4 29 240 M M 7 41 240
3 64 41 53 13 12 0 0.05 0.0 0 6.7 29 300 M M 7 138 42 300
4 64 43 54 14 11 0 T 0.0 0 10.9 24 280 M M 4 32 270
5 55 38 47 7 18 0 0.00 0.0 0 4.6 21 330 M M 7 28 330
6 49 30 40 0 25 0 0.16 0.0 0 5.6 23 330 M M 7 18 33 310
7 52 34 43 2 22 0 T 0.0 0 11.3 24 310 M M 4 34 310
8 62 29 46 5 19 0 0.00 0.0 0 5.1 15 240 M M 2 8 20 220
9 75 34 55 14 10 0 0.00 0.0 0 5.0 15 270 M M 5 20 270
10 73 56 65 23 0 0 0.02 0.0 0 11.2 23 230 M M 9 32 220
11 56 43 50 8 15 0 T 0.0 0 4.5 16 290 M M 7 22 320
12 62 41 52 10 13 0 0.00 0.0 0 7.0 15 90 M M 9 12 21 130
13 75 50 63 21 2 0 0.26 0.0 0 11.5 25 250 M M 8 12 35 270
14 58 41 50 7 15 0 0.12 0.0 0 8.0 18 300 M M 9 1 25 330
15 55 37 46 3 19 0 0.11 0.0 0 4.7 13 40 M M 7 1 23 30
16 54 36 45 1 20 0 0.00 0.0 0 10.0 18 110 M M 6 24 110
17 66 44 55 11 10 0 T 0.0 0 5.4 15 350 M M 8 21 330
18 57 42 50 6 15 0 0.24 0.0 0 6.3 15 110 M M 7 1 19 110
19 64 48 56 12 9 0 0.56 0.0 0 5.1 13 80 M M 9 18 14 80
20 83 53 68 23 0 3 T 0.0 0 7.7 24 240 M M 9 12 34 240
21 68 45 57 12 8 0 0.06 0.0 0 8.5 16 30 M M 9 26 10
22 52 36 44 -1 21 0 T 0.0 0 11.2 22 80 M M 7 27 120
23 48 40 44 -2 21 0 0.35 0.0 0 8.8 21 70 M M 10 1 25 80
24 58 38 48 2 17 0 0.00 0.0 0 4.2 12 360 M M 7 16 360
25 49 42 46 0 19 0 0.30 0.0 0 9.6 20 70 M M 10 1 25 70
26 62 35 49 2 16 0 0.00 0.0 0 4.8 13 200 M M 6 1 18 230
27 67 47 57 10 8 0 T 0.0 0 2.6 9 30 M M 8 14 200
28 59 50 55 8 10 0 0.65 0.0 0 6.8 17 80 M M 10 13 19 80
29 61 50 56 8 9 0 T 0.0 0 5.3 18 100 M M 10 12 21 100
30 73 53 63 15 2 0 T 0.0 0 7.9 21 330 M M 6 18 30 330
31 54 42 48 0 17 0 0.09 0.0 0 8.6 22 60 M M 9 1 27 60
================================================================================
SM 1893 1265 430 3 3.05 0.0 222.4 M 224
================================================================================
AV 61.1 40.8 7.2 FASTST M M 7 MAX(MPH)
MISC ----> # 29 240 42 300
================================================================================
NOTES:
# LAST OF SEVERAL OCCURRENCES
COLUMN 17 PEAK WIND IN M.P.H.
PRELIMINARY LOCAL CLIMATOLOGICAL DATA (WS FORM: F-6) , PAGE 2
STATION: BALTIMORE MD
MONTH: MARCH
YEAR: 2020
LATITUDE: 39 10 N
LONGITUDE: 76 40 W
[TEMPERATURE DATA] [PRECIPITATION DATA] SYMBOLS USED IN COLUMN 16
AVERAGE MONTHLY: 50.9 TOTAL FOR MONTH: 3.05 1 = FOG OR MIST
DPTR FM NORMAL: 7.3 DPTR FM NORMAL: -0.85 2 = FOG REDUCING VISIBILITY
HIGHEST: 83 ON 20 GRTST 24HR 0.76 ON 18-19 TO 1/4 MILE OR LESS
LOWEST: 20 ON 1 3 = THUNDER
SNOW, ICE PELLETS, HAIL 4 = ICE PELLETS
TOTAL MONTH: 0.0 INCH 5 = HAIL
GRTST 24HR 0.0 6 = FREEZING RAIN OR DRIZZLE
GRTST DEPTH: 0 7 = DUSTSTORM OR SANDSTORM:
VSBY 1/2 MILE OR LESS
8 = SMOKE OR HAZE
[NO. OF DAYS WITH] [WEATHER - DAYS WITH] 9 = BLOWING SNOW
X = TORNADO
MAX 32 OR BELOW: 0 0.01 INCH OR MORE: 14
MAX 90 OR ABOVE: 0 0.10 INCH OR MORE: 9
MIN 32 OR BELOW: 4 0.50 INCH OR MORE: 2
MIN 0 OR BELOW: 0 1.00 INCH OR MORE: 0
[HDD (BASE 65) ]
TOTAL THIS MO. 430 CLEAR (SCALE 0-3) 2
DPTR FM NORMAL -236 PTCLDY (SCALE 4-7) 17
TOTAL FM JUL 1 3381 CLOUDY (SCALE 8-10) 12
DPTR FM NORMAL -881
[CDD (BASE 65) ]
TOTAL THIS MO. 3
DPTR FM NORMAL 2 [PRESSURE DATA]
TOTAL FM JAN 1 3 HIGHEST SLP 30.60 ON 22
DPTR FM NORMAL 2 LOWEST SLP 29.47 ON 3
[REMARKS]
#FINAL-03-20#