527
CXUS55 KRIW 011110
CF6BYG
PRELIMINARY LOCAL CLIMATOLOGICAL DATA (WS FORM: F-6)
STATION: BUFFALO WY
MONTH: DECEMBER
YEAR: 2020
LATITUDE: 44 22 N
LONGITUDE: 106 43 W
TEMPERATURE IN F: :PCPN: SNOW: WIND :SUNSHINE: SKY :PK WND
================================================================================
1 2 3 4 5 6A 6B 7 8 9 10 11 12 13 14 15 16 17 18
12Z AVG MX 2MIN
DY MAX MIN AVG DEP HDD CDD WTR SNW DPTH SPD SPD DIR MIN PSBL S-S WX SPD DR
================================================================================
1 38 23 31 4 34 0 T M M 23.0 41 320 M M 7 1 68 320
2 36 12 24 -3 41 0 0.00 M M 6.0 20 340 M M 0 28 340
3 51 22 37 10 28 0 0.00 M M 5.5 10 240 M M 0 12 110
4 56 31 44 18 21 0 0.00 M M 7.9 23 350 M M 0 31 350
5 56 28 42 16 23 0 0.00 M M 7.4 15 150 M M 0 18 150
6 59 31 45 19 20 0 0.00 M M 5.7 13 350 M M 0 16 350
7 60 29 45 19 20 0 0.00 M M 9.1 22 170 M M 0 28 170
8 67 39 53 27 12 0 0.00 M M 6.7 13 250 M M 0 15 250
9 69 35 52 26 13 0 0.00 M M 9.9 28 330 M M 0 44 320
10 36 21 29 4 36 0 0.05 M M 6.1 21 330 M M 9 1 29 330
11 28 22 25 0 40 0 0.01 M M 10.9 22 170 M M 10 1 28 180
12 22 11 17 -8 48 0 0.04 M M 12.0 26 350 M M 8 1 36 350
13 25 10 18 -7 47 0 0.00 M M 3.6 10 240 M M 1 12 250
14 29 15 22 -3 43 0 T M M 12.0 28 340 M M 9 1 36 340
15 34 22 28 3 37 0 0.00 M M 8.0 25 350 M M 5 34 350
16 40 26 33 8 32 0 0.00 M M 7.6 28 310 M M 8 37 320
17 48 21 35 10 30 0 0.01 M M 4.4 15 340 M M 3 1 20 340
18 37 23 30 5 35 0 0.01 M M 10.6 30 330 M M 4 43 340
19 48 25 37 12 28 0 0.00 M M 11.3 31 320 M M 1 43 300
20 58 26 42 17 23 0 0.00 M M 12.7 51 280 M M 4 79 280
21 52 27 40 14 25 0 0.00 M M 10.1 26 180 M M 1 35 180
22 57 20 39 13 26 0 T M M 25.1 49 320 M M 4 12 72 320
23 23 12 18 -8 47 0 0.01 M M 16.7 46 330 M M 3 12 71 330
24 45 21 33 7 32 0 0.00 M M 6.3 20 330 M M 2 28 320
25 47 30 39 13 26 0 0.00 M M 6.9 17 140 M M 0 21 130
26 48 32 40 14 25 0 T M M 7.4 22 310 M M 3 1 31 340
27 35 23 29 3 36 0 T M M 9.0 24 350 M M 9 1 35 360
28 34 17 26 0 39 0 0.00 M M 11.4 24 160 M M 0 31 160
29 31 14 23 -3 42 0 0.00 M M 11.8 30 350 M M 1 45 330
30 38 13 26 -1 39 0 0.00 M M 6.2 20 170 M M 0 25 170
31 41 23 32 5 33 0 0.00 M M 5.2 13 260 M M 0 15 260
================================================================================
SM 1348 704 981 0 0.13 M 296.5 M 92
================================================================================
AV 43.5 22.7 9.6 FASTST M M 3 MAX(MPH)
MISC ----> 51 280 79 280
================================================================================
NOTES:
# LAST OF SEVERAL OCCURRENCES
COLUMN 17 PEAK WIND IN M.P.H.
PRELIMINARY LOCAL CLIMATOLOGICAL DATA (WS FORM: F-6) , PAGE 2
STATION: BUFFALO WY
MONTH: DECEMBER
YEAR: 2020
LATITUDE: 44 22 N
LONGITUDE: 106 43 W
[TEMPERATURE DATA] [PRECIPITATION DATA] SYMBOLS USED IN COLUMN 16
AVERAGE MONTHLY: 33.1 TOTAL FOR MONTH: 0.13 1 = FOG OR MIST
DPTR FM NORMAL: 7.2 DPTR FM NORMAL: -0.27 2 = FOG REDUCING VISIBILITY
HIGHEST: 69 ON 9 GRTST 24HR 0.05 ON 10-10 TO 1/4 MILE OR LESS
LOWEST: 10 ON 13 3 = THUNDER
SNOW, ICE PELLETS, HAIL 4 = ICE PELLETS
TOTAL MONTH: M 5 = HAIL
GRTST 24HR M ON M 6 = FREEZING RAIN OR DRIZZLE
GRTST DEPTH: M ON M 7 = DUSTSTORM OR SANDSTORM:
VSBY 1/2 MILE OR LESS
8 = SMOKE OR HAZE
[NO. OF DAYS WITH] [WEATHER - DAYS WITH] 9 = BLOWING SNOW
X = TORNADO
MAX 32 OR BELOW: 6 0.01 INCH OR MORE: 6
MAX 90 OR ABOVE: 0 0.10 INCH OR MORE: 0
MIN 32 OR BELOW: 29 0.50 INCH OR MORE: 0
MIN 0 OR BELOW: 0 1.00 INCH OR MORE: 0
[HDD (BASE 65) ]
TOTAL THIS MO. 981 CLEAR (SCALE 0-3) 19
DPTR FM NORMAL -232 PTCLDY (SCALE 4-7) 7
TOTAL FM JUL 1 2579 CLOUDY (SCALE 8-10) 5
DPTR FM NORMAL -469
[CDD (BASE 65) ]
TOTAL THIS MO. 0
DPTR FM NORMAL 0 [PRESSURE DATA]
TOTAL FM JAN 1 711 HIGHEST SLP 30.64 ON 2
DPTR FM NORMAL 219 LOWEST SLP 29.29 ON 22
[REMARKS]
#FINAL-12-20#