000
CXUS55 KPIH 031641
CF6BYI
PRELIMINARY LOCAL CLIMATOLOGICAL DATA (WS FORM: F-6)
STATION: BURLEY
MONTH: JUNE
YEAR: 2023
LATITUDE: 42 32 N
LONGITUDE: 113 46 W
TEMPERATURE IN F: :PCPN: SNOW: WIND :SUNSHINE: SKY :PK WND
================================================================================
1 2 3 4 5 6A 6B 7 8 9 10 11 12 13 14 15 16 17 18
12Z AVG MX 2MIN
DY MAX MIN AVG DEP HDD CDD WTR SNW DPTH SPD SPD DIR MIN PSBL S-S WX SPD DR
================================================================================
1 71 49 60 0 5 0 0.00 M M 7.9 23 190 M M 2 36 170
2 74 50 62 2 3 0 T M M 9.2 21 260 M M 4 34 260
3 76 45 61 1 4 0 0.00 M M 4.7 15 210 M M 1 19 210
4 78 53 66 5 0 1 T M M 7.4 21 180 M M 2 3 27 180
5 79 47 63 2 2 0 0.00 M M 3.8 10 220 M M 0 18 340
6 84 52 68 7 0 3 0.05 M M 4.9 24 220 M M 1 3 37 180
7 80 49 65 4 0 0 0.18 M M 4.4 26 160 M M 2 3 37 160
8 75 54 65 4 0 0 T M M 4.8 28 180 M M 1 3 42 170
9 72 47 60 -2 5 0 T M M 4.3 16 260 M M 1 3 23 280
10 75 48 62 0 3 0 0.00 M M 3.6 12 280 M M 0 17 300
11 82 50 66 4 0 1 M M M 5.1 20 100 M M 3 13 27 260
12 74 50 62 0 3 0 T M M 4.5 15 200 M M 2 1 21 210
13 73 57 65 3 0 0 M M M 7.3 17 190 M M 8 13 24 210
14 70 53 62 -1 3 0 T M M 12.6 22 280 M M 3 1 35 280
15 69 48 59 -4 6 0 0.00 M M 10.4 18 250 M M 1 28 270
16 72 48 60 -3 5 0 0.00 M M 6.2 13 270 M M 1 19 270
17 77 48 63 -1 2 0 0.00 M M 6.7 15 230 M M 2 22 220
18 64 44 54 -10 11 0 0.00 M M 7.3 24 270 M M 7 42 270
19 64 43 54 -10 11 0 0.00 M M 8.2 22 260 M M 3 36 290
20 62 37 50 -14 15 0 0.00 M M 7.5 20 280 M M 1 31 290
21 66 36 51 -14 14 0 0.00 M M 5.2 14 260 M M 1 23 260
22 79 37 58 -7 7 0 0.00 M M 6.2 14 50 M M 0 21 90
23 73 50 62 -3 3 0 0.00 M M 6.7 20 240 M M 0 26 260
24 80 43 62 -4 3 0 T M M 4.4 24 360 M M 2 3 40 220
25 84 54 69 3 0 4 T M M 7.5 20 230 M M 1 3 37 20
26 M 48 M M M M 0.00 M M 3.4 13 250 M M 0 17 250
27 72 53 63 -4 2 0 T M M 5.3 35 240 M M 3 45 240
28 77 46 62 -5 3 0 0.00 M M 5.2 15 240 M M 0 8 22 280
29 79 50 65 -2 0 0 0.00 M M 5.2 14 250 M M 0 19 240
30 86 55 71 3 0 6 0.00 M M 6.0 10 200 M M 0 15 280
================================================================================
SM 2167 1444 110 15 0.23 M 185.9 M 52
================================================================================
AV 74.7 48.1 6.2 FASTST M M 2 MAX(MPH)
MISC ----> 35 240 45 240
================================================================================
NOTES:
# LAST OF SEVERAL OCCURRENCES
COLUMN 17 PEAK WIND IN M.P.H.
PRELIMINARY LOCAL CLIMATOLOGICAL DATA (WS FORM: F-6) , PAGE 2
STATION: BURLEY
MONTH: JUNE
YEAR: 2023
LATITUDE: 42 32 N
LONGITUDE: 113 46 W
[TEMPERATURE DATA] [PRECIPITATION DATA] SYMBOLS USED IN COLUMN 16
AVERAGE MONTHLY: 61.4 TOTAL FOR MONTH: 0.23 1 = FOG OR MIST
DPTR FM NORMAL: -2.0 DPTR FM NORMAL: -0.55 2 = FOG REDUCING VISIBILITY
HIGHEST: 86 ON 30 GRTST 24HR 0.50 ON 11-11 TO 1/4 MILE OR LESS
LOWEST: 36 ON 21 3 = THUNDER
SNOW, ICE PELLETS, HAIL 4 = ICE PELLETS
TOTAL MONTH: M 5 = HAIL
GRTST 24HR M ON M 6 = FREEZING RAIN OR DRIZZLE
GRTST DEPTH: M ON M 7 = DUSTSTORM OR SANDSTORM:
VSBY 1/2 MILE OR LESS
8 = SMOKE OR HAZE
[NO. OF DAYS WITH] [WEATHER - DAYS WITH] 9 = BLOWING SNOW
X = TORNADO
MAX 32 OR BELOW: 0 0.01 INCH OR MORE: 2
MAX 90 OR ABOVE: 0 0.10 INCH OR MORE: 1
MIN 32 OR BELOW: 0 0.50 INCH OR MORE: 0
MIN 0 OR BELOW: 0 1.00 INCH OR MORE: 0
[HDD (BASE 65) ]
TOTAL THIS MO. 110 CLEAR (SCALE 0-3) 24
DPTR FM NORMAL 2 PTCLDY (SCALE 4-7) 5
TOTAL FM JUL 1 6761 CLOUDY (SCALE 8-10) 1
DPTR FM NORMAL 475
[CDD (BASE 65) ]
TOTAL THIS MO. 15
DPTR FM NORMAL -45 [PRESSURE DATA]
TOTAL FM JAN 1 18 HIGHEST SLP 30.18 ON 21
DPTR FM NORMAL -53 LOWEST SLP 29.58 ON 18
[REMARKS]
21ST: LOW TEMPERATURE OF 36 TIED PREVIOUS RECORD SET IN 1926.
#FINAL-06-23#