000
CXUS54 KHGX 011535
CF6BYY
PRELIMINARY LOCAL CLIMATOLOGICAL DATA (WS FORM: F-6)
STATION: Bay City
MONTH: FEBRUARY
YEAR: 2022
LATITUDE: 28 58 N
LONGITUDE: 95 52 W
TEMPERATURE IN F: :PCPN: SNOW: WIND :SUNSHINE: SKY :PK WND
================================================================================
1 2 3 4 5 6A 6B 7 8 9 10 11 12 13 14 15 16 17 18
12Z AVG MX 2MIN
DY MAX MIN AVG DEP HDD CDD WTR SNW DPTH SPD SPD DIR MIN PSBL S-S WX SPD DR
================================================================================
1 69 52 61 M 4 0 0.10 0.0 0 6.5 20 80 M M 8 12 35 50
2 75 52 64 M 1 0 T 0.0 0 6.9 13 120 M M 10 12 22 0
3 50 30 40 M 25 0 0.04 0.0 0 15.8 20 360 M M 10 1 29 350
4 35 26 31 M 34 0 0.00 0.0 0 14.4 20 350 M M 9 29 350
5 50 27 39 M 26 0 0.00 0.0 0 4.3 8 20 M M 0 M M
6 58 28 43 M 22 0 0.00 0.0 0 5.4 10 120 M M 5 17 100
7 62 43 53 M 12 0 0.00 0.0 0 6.1 14 30 M M 2 22 30
8 63 33 48 M 17 0 0.00 0.0 0 4.7 10 180 M M 0 M M
9 68 34 51 M 14 0 0.00 0.0 0 2.4 9 250 M M 0 1 16 250
10 70 35 53 M 12 0 M M M 3.0 10 150 M M 3 12 16 150
11 72 40 56 M 9 0 M M M 5.3 13 170 M M 4 12 21 210
12 65 38 52 M 13 0 M M M 12.7 31 10 M M 6 12 38 10
13 60 28 44 M 21 0 M M M 6.4 10 350 M M 0 20 340
14 65 35 50 M 15 0 0.00 0.0 0 4.2 12 170 M M 0 1 16 170
15 73 44 59 M 6 0 0.00 0.0 0 8.7 16 180 M M 5 23 180
16 75 58 67 M 0 2 0.02 0.0 0 12.3 24 170 M M 8 1 35 160
17 82 42 62 M 3 0 0.03 0.0 0 14.9 27 360 M M 5 1 35 360
18 56 35 46 M 19 0 0.00 0.0 0 10.5 20 360 M M 0 29 360
19 64 40 52 M 13 0 0.00 0.0 0 7.6 13 110 M M 1 21 80
20 69 42 56 M 9 0 0.00 0.0 0 5.8 15 140 M M 9 1 16 130
21 78 66 72 M 0 7 M 0.0 0 15.5 24 200 M M 9 1 32 190
22 76 65 71 M 0 6 M 0.0 0 10.8 16 200 M M 9 1 23 170
23 71 37 54 M 11 0 0.01 0.0 0 11.0 20 10 M M 10 1 25 10
24 45 37 41 M 24 0 T 0.0 0 10.0 16 10 M M 10 1 24 10
25 46 38 42 M 23 0 0.05 0.0 0 11.7 17 30 M M 10 22 30
26 45 41 43 M 22 0 0.03 0.0 0 9.3 14 40 M M 10 1 22 30
27 60 41 51 M 14 0 0.00 0.0 0 11.1 17 360 M M 6 1 24 10
28 65 32 49 M 16 0 0.00 0.0 0 4.5 10 190 M M 0 16 40
================================================================================
SM 1767 1119 385 15 0.28 0.0 241.8 M 149
================================================================================
AV 63.1 40.0 8.6 FASTST M M 5 MAX(MPH)
MISC ----> 31 10 38 10
================================================================================
NOTES:
# LAST OF SEVERAL OCCURRENCES
COLUMN 17 PEAK WIND IN M.P.H.
PRELIMINARY LOCAL CLIMATOLOGICAL DATA (WS FORM: F-6) , PAGE 2
STATION: Bay City
MONTH: FEBRUARY
YEAR: 2022
LATITUDE: 28 58 N
LONGITUDE: 95 52 W
[TEMPERATURE DATA] [PRECIPITATION DATA] SYMBOLS USED IN COLUMN 16
AVERAGE MONTHLY: 51.5 TOTAL FOR MONTH: 0.28 1 = FOG OR MIST
DPTR FM NORMAL: 0.0 DPTR FM NORMAL: 0.28 2 = FOG REDUCING VISIBILITY
HIGHEST: 82 ON 17 GRTST 24HR 0.10 ON 1- 1 TO 1/4 MILE OR LESS
LOWEST: 26 ON 4 3 = THUNDER
SNOW, ICE PELLETS, HAIL 4 = ICE PELLETS
TOTAL MONTH: 0.0 INCH 5 = HAIL
GRTST 24HR 0.0 6 = FREEZING RAIN OR DRIZZLE
GRTST DEPTH: 0 7 = DUSTSTORM OR SANDSTORM:
VSBY 1/2 MILE OR LESS
8 = SMOKE OR HAZE
[NO. OF DAYS WITH] [WEATHER - DAYS WITH] 9 = BLOWING SNOW
X = TORNADO
MAX 32 OR BELOW: 0 0.01 INCH OR MORE: 7
MAX 90 OR ABOVE: 0 0.10 INCH OR MORE: 0
MIN 32 OR BELOW: 6 0.50 INCH OR MORE: 0
MIN 0 OR BELOW: 0 1.00 INCH OR MORE: 0
[HDD (BASE 65) ]
TOTAL THIS MO. 385 CLEAR (SCALE 0-3) 10
DPTR FM NORMAL M PTCLDY (SCALE 4-7) 8
TOTAL FM JUL 1 965 CLOUDY (SCALE 8-10) 10
DPTR FM NORMAL M
[CDD (BASE 65) ]
TOTAL THIS MO. 15
DPTR FM NORMAL M [PRESSURE DATA]
TOTAL FM JAN 1 34 HIGHEST SLP M ON M
DPTR FM NORMAL M LOWEST SLP M ON M
[REMARKS]
#FINAL-02-22#