000
CXUS56 KTFX 011110
CF6BZN
PRELIMINARY LOCAL CLIMATOLOGICAL DATA (WS FORM: F-6)
STATION: BOZEMAN/GALLATIN FIELD MT
MONTH: JULY
YEAR: 2023
LATITUDE: 45 46 N
LONGITUDE: 111 9 W
TEMPERATURE IN F: :PCPN: SNOW: WIND :SUNSHINE: SKY :PK WND
================================================================================
1 2 3 4 5 6A 6B 7 8 9 10 11 12 13 14 15 16 17 18
12Z AVG MX 2MIN
DY MAX MIN AVG DEP HDD CDD WTR SNW DPTH SPD SPD DIR MIN PSBL S-S WX SPD DR
================================================================================
1 85 52 69 6 0 4 0.03 0.0 0 5.8 31 10 M M M 3 31 10
2 87 49 68 4 0 3 0.00 0.0 0 4.8 13 350 M M 0 8 19 360
3 78 48 63 -1 2 0 T 0.0 0 6.5 21 140 M M 3 28 140
4 70 48 59 -5 6 0 0.09 0.0 0 6.0 17 130 M M 5 13 23 160
5 77 41 59 -6 6 0 0.00 0.0 0 4.0 14 170 M M 0 17 180
6 77 48 63 -2 2 0 T 0.0 0 4.5 18 320 M M 2 25 320
7 80 43 62 -3 3 0 0.00 0.0 0 4.9 15 80 M M 0 20 130
8 84 46 65 -1 0 0 0.00 0.0 0 3.8 12 150 M M 0 16 150
9 88 50 69 3 0 4 0.00 0.0 0 6.3 21 310 M M 1 3 28 300
10 91 56 74 8 0 9 0.17 0.0 0 5.7 35 220 M M 2 13 46 250
11 85 52 69 2 0 4 T 0.0 0 6.9 21 300 M M 1 13 36 310
12 86 45 66 -1 0 1 0.00 0.0 0 4.9 12 350 M M 0 17 340
13 80 51 66 -1 0 1 T 0.0 0 6.1 21 330 M M 1 33 330
14 82 46 64 -4 1 0 0.00 0.0 0 5.4 13 260 M M 0 18 260
15 86 48 67 -1 0 2 0.00 0.0 0 5.5 14 340 M M 0 18 360
16 91 50 71 3 0 6 0.00 0.0 0 4.7 13 330 M M 0 18 330
17 91 54 73 5 0 8 0.02 0.0 0 6.7 26 240 M M 2 38 37 220
18 86 46 66 -2 0 1 0.00 0.0 0 6.0 14 340 M M 0 18 360
19 86 44 65 -4 0 0 0.00 0.0 0 4.0 15 150 M M 0 8 20 150
20 89 51 70 1 0 5 T 0.0 0 7.1 29 250 M M 1 3 44 260
21 92 49 71 2 0 6 0.06 0.0 0 4.6 22 200 M M 0 3 34 180
22 96 53 75 6 0 10 0.00 0.0 0 4.4 12 70 M M 0 17 20
23 96 52 74 5 0 9 0.00 0.0 0 3.9 22 220 M M 0 29 230
24 91 57 74 5 0 9 T 0.0 0 5.7 23 170 M M 3 29 170
25 93 52 73 4 0 8 0.00 0.0 0 6.2 20 220 M M 1 28 260
26 89 51 70 1 0 5 0.00 0.0 0 6.1 14 330 M M 0 23 320
27 89 51 70 1 0 5 0.03 0.0 0 6.3 21 350 M M 1 3 27 360
28 83 52 68 -1 0 3 T 0.0 0 6.2 22 190 M M 1 13 29 170
29 93 51 72 3 0 7 0.00 0.0 0 5.0 15 180 M M 0 21 340
30 94 58 76 7 0 11 T 0.0 0 7.3 26 180 M M 1 35 190
31 94 49 72 3 0 7 0.00 0.0 0 5.9 15 160 M M 0 20 180
================================================================================
SM 2689 1543 20 128 0.40 0.0 171.2 M 25
================================================================================
AV 86.7 49.8 5.5 FASTST M M 1 MAX(MPH)
MISC ----> 35 220 46 250
================================================================================
NOTES:
# LAST OF SEVERAL OCCURRENCES
COLUMN 17 PEAK WIND IN M.P.H.
PRELIMINARY LOCAL CLIMATOLOGICAL DATA (WS FORM: F-6) , PAGE 2
STATION: BOZEMAN/GALLATIN FIELD MT
MONTH: JULY
YEAR: 2023
LATITUDE: 45 46 N
LONGITUDE: 111 9 W
[TEMPERATURE DATA] [PRECIPITATION DATA] SYMBOLS USED IN COLUMN 16
AVERAGE MONTHLY: 68.3 TOTAL FOR MONTH: 0.40 1 = FOG OR MIST
DPTR FM NORMAL: 0.9 DPTR FM NORMAL: -0.68 2 = FOG REDUCING VISIBILITY
HIGHEST: 96 ON 23,22 GRTST 24HR 0.17 ON 10-10 TO 1/4 MILE OR LESS
LOWEST: 41 ON 5 3 = THUNDER
SNOW, ICE PELLETS, HAIL 4 = ICE PELLETS
TOTAL MONTH: 0.0 INCH 5 = HAIL
GRTST 24HR 0.0 6 = FREEZING RAIN OR DRIZZLE
GRTST DEPTH: 0 7 = DUSTSTORM OR SANDSTORM:
VSBY 1/2 MILE OR LESS
8 = SMOKE OR HAZE
[NO. OF DAYS WITH] [WEATHER - DAYS WITH] 9 = BLOWING SNOW
X = TORNADO
MAX 32 OR BELOW: 0 0.01 INCH OR MORE: 6
MAX 90 OR ABOVE: 11 0.10 INCH OR MORE: 1
MIN 32 OR BELOW: 0 0.50 INCH OR MORE: 0
MIN 0 OR BELOW: 0 1.00 INCH OR MORE: 0
[HDD (BASE 65) ]
TOTAL THIS MO. 20 CLEAR (SCALE 0-3) 29
DPTR FM NORMAL -22 PTCLDY (SCALE 4-7) 1
TOTAL FM JUL 1 20 CLOUDY (SCALE 8-10) 1
DPTR FM NORMAL -21
[CDD (BASE 65) ]
TOTAL THIS MO. 128
DPTR FM NORMAL 11 [PRESSURE DATA]
TOTAL FM JAN 1 129 HIGHEST SLP 30.21 ON 4
DPTR FM NORMAL -6 LOWEST SLP 29.71 ON 10
[REMARKS]
#FINAL-07-23#