000
CXUS55 KABQ 011010
CF6CAO
PRELIMINARY LOCAL CLIMATOLOGICAL DATA (WS FORM: F-6)
STATION: CLAYTON NM
MONTH: MAY
YEAR: 2023
LATITUDE: 36 27 N
LONGITUDE: 103 9 W
TEMPERATURE IN F: :PCPN: SNOW: WIND :SUNSHINE: SKY :PK WND
================================================================================
1 2 3 4 5 6A 6B 7 8 9 10 11 12 13 14 15 16 17 18
12Z AVG MX 2MIN
DY MAX MIN AVG DEP HDD CDD WTR SNW DPTH SPD SPD DIR MIN PSBL S-S WX SPD DR
================================================================================
1 77 42 60 4 5 0 0.00 0.0 0 15.4 29 210 M M 1 37 220
2 71 46 59 3 6 0 0.04 0.0 0 7.9 21 200 M M 2 3 26 190
3 79 49 64 7 1 0 0.03 0.0 0 12.5 28 200 M M 3 3 39 220
4 81 52 67 10 0 2 0.00 0.0 0 13.1 26 200 M M 1 36 230
5 82 53 68 11 0 3 0.00 0.0 0 14.7 37 200 M M 0 47 210
6 82 47 65 7 0 0 0.00 0.0 0 13.1 32 200 M M 0 43 200
7 85 51 68 10 0 3 0.00 0.0 0 12.0 25 210 M M 0 34 230
8 79 50 65 7 0 0 0.00 0.0 0 12.7 23 30 M M 0 32 50
9 87 49 68 9 0 3 0.00 0.0 0 11.8 24 210 M M 0 35 220
10 85 53 69 10 0 4 0.11 0.0 0 19.2 46 170 M M 3 38 71 180
11 74 50 62 2 3 0 0.00 0.0 0 19.1 35 260 M M 4 48 260
12 78 44 61 1 4 0 0.00 0.0 0 14.7 26 30 M M 1 33 20
13 62 51 57 -3 8 0 0.02 0.0 0 15.3 26 360 M M 8 36 360
14 66 52 59 -2 6 0 0.05 0.0 0 16.5 28 30 M M 10 1 36 30
15 69 47 58 -3 7 0 0.01 0.0 0 13.3 26 10 M M 4 1 35 360
16 81 47 64 2 1 0 0.00 0.0 0 11.1 21 80 M M 2 28 220
17 80 54 67 5 0 2 0.15 0.0 0 9.6 20 60 M M 3 13 25 50
18 73 51 62 0 3 0 0.51 0.0 0 8.6 22 20 M M 5 13 29 10
19 57 48 53 -10 12 0 0.06 0.0 0 13.2 28 10 M M 10 18 35 360
20 70 47 59 -4 6 0 0.00 0.0 0 11.3 25 190 M M 5 18 37 180
21 77 50 64 1 1 0 0.13 0.0 0 9.1 32 290 M M 3 3 55 280
22 78 50 64 0 1 0 0.00 0.0 0 8.3 16 80 M M 2 1 21 80
23 64 52 58 -6 7 0 0.00 0.0 0 7.1 16 60 M M 7 12 20 60
24 78 51 65 1 0 0 0.13 0.0 0 9.2 31 320 M M 7 123 42 320
25 75 50 63 -2 2 0 0.77 0.0 0 12.8 28 60 M M 2 13 36 160
26 73 53 63 -2 2 0 0.01 0.0 0 15.7 26 150 M M 4 3 35 150
27 72 56 64 -2 1 0 0.53 0.0 0 18.5 35 270 M M 4 13 52 260
28 79 53 66 0 0 1 T 0.0 0 14.9 40 210 M M 2 56 210
29 76 51 64 -2 1 0 0.00 0.0 0 10.6 22 170 M M 0 29 250
30 84 55 70 3 0 5 T 0.0 0 12.0 29 220 M M 1 3 37 220
31 73 54 64 -3 1 0 0.19 0.0 0 17.9 43 160 M M 4 13 57 160
================================================================================
SM 2347 1558 78 23 2.74 0.0 401.2 M 98
================================================================================
AV 75.7 50.3 12.9 FASTST M M 3 MAX(MPH)
MISC ----> 46 170 71 180
================================================================================
NOTES:
# LAST OF SEVERAL OCCURRENCES
COLUMN 17 PEAK WIND IN M.P.H.
PRELIMINARY LOCAL CLIMATOLOGICAL DATA (WS FORM: F-6) , PAGE 2
STATION: CLAYTON NM
MONTH: MAY
YEAR: 2023
LATITUDE: 36 27 N
LONGITUDE: 103 9 W
[TEMPERATURE DATA] [PRECIPITATION DATA] SYMBOLS USED IN COLUMN 16
AVERAGE MONTHLY: 63.0 TOTAL FOR MONTH: 2.74 1 = FOG OR MIST
DPTR FM NORMAL: 1.5 DPTR FM NORMAL: 0.89 2 = FOG REDUCING VISIBILITY
HIGHEST: 87 ON 9 GRTST 24HR 0.78 ON 24-25 TO 1/4 MILE OR LESS
LOWEST: 42 ON 1 3 = THUNDER
SNOW, ICE PELLETS, HAIL 4 = ICE PELLETS
TOTAL MONTH: 0.0 INCH 5 = HAIL
GRTST 24HR 0.0 6 = FREEZING RAIN OR DRIZZLE
GRTST DEPTH: 0 7 = DUSTSTORM OR SANDSTORM:
VSBY 1/2 MILE OR LESS
8 = SMOKE OR HAZE
[NO. OF DAYS WITH] [WEATHER - DAYS WITH] 9 = BLOWING SNOW
X = TORNADO
MAX 32 OR BELOW: 0 0.01 INCH OR MORE: 15
MAX 90 OR ABOVE: 0 0.10 INCH OR MORE: 8
MIN 32 OR BELOW: 0 0.50 INCH OR MORE: 3
MIN 0 OR BELOW: 0 1.00 INCH OR MORE: 0
[HDD (BASE 65) ]
TOTAL THIS MO. 78 CLEAR (SCALE 0-3) 17
DPTR FM NORMAL -83 PTCLDY (SCALE 4-7) 12
TOTAL FM JUL 1 4855 CLOUDY (SCALE 8-10) 2
DPTR FM NORMAL 24
[CDD (BASE 65) ]
TOTAL THIS MO. 23
DPTR FM NORMAL -30 [PRESSURE DATA]
TOTAL FM JAN 1 26 HIGHEST SLP M ON M
DPTR FM NORMAL -33 LOWEST SLP 29.54 ON 11
[REMARKS]
#FINAL-05-23#