000
CXUS55 KABQ 190127
CF6CAO
PRELIMINARY LOCAL CLIMATOLOGICAL DATA (WS FORM: F-6)
STATION: CLAYTON NM
MONTH: JANUARY
YEAR: 2021
LATITUDE: 36 27 N
LONGITUDE: 103 9 W
TEMPERATURE IN F: :PCPN: SNOW: WIND :SUNSHINE: SKY :PK WND
================================================================================
1 2 3 4 5 6A 6B 7 8 9 10 11 12 13 14 15 16 17 18
12Z AVG MX 2MIN
DY MAX MIN AVG DEP HDD CDD WTR SNW DPTH SPD SPD DIR MIN PSBL S-S WX SPD DR
================================================================================
1 43 21 32 -3 33 0 0.00 0.0 0 14.9 26 360 M M 1 36 330
2 52 22 37 2 28 0 0.00 0.0 0 8.5 20 300 M M 0 24 300
3 51 20 36 1 29 0 0.00 0.0 0 11.0 24 320 M M 0 32 320
4 52 31 42 7 23 0 0.00 0.0 0 12.0 29 320 M M 0 37 320
5 63 32 48 13 17 0 0.00 0.0 0 18.8 36 350 M M 0 47 360
6 45 26 36 1 29 0 0.00 0.0 0 19.1 38 340 M M 1 52 340
7 49 17 33 -2 32 0 0.00 0.0 0 5.9 14 70 M M 0 19 70
8 45 16 31 -4 34 0 0.00 0.0 0 7.1 15 30 M M 0 20 80
9 38 24 31 -4 34 0 0.17 1.8 0 9.7 20 40 M M 7 1 24 50
10 30 14 22 -13 43 0 0.04 0.4 2 8.0 16 20 M M 7 1 19 20
11 43 4 24 -11 41 0 0.00 0.0 0 5.2 15 230 M M 0 20 230
12 50 15 33 -2 32 0 0.00 0.0 0 7.8 17 260 M M 0 24 270
13 65 31 48 13 17 0 0.00 0.0 0 8.3 16 330 M M 0 23 300
14 52 22 37 1 28 0 0.00 0.0 0 14.8 35 20 M M 2 8 47 10
15 42 19 31 -5 34 0 0.00 0.0 0 14.7 29 340 M M 1 38 340
16 50 26 38 2 27 0 0.00 0.0 0 11.7 29 10 M M 0 39 20
17 44 22 33 -3 32 0 0.00 0.0 0 10.2 21 250 M M 0 30 250
18 50 32 41 5 24 0 T T 0 15.0 30 20 M M 5 37 360
19 38 22 30 -6 35 0 0.04 0.5 T 9.5 17 230 M M 6 1 26 230
20 55 23 39 3 26 0 0.00 0.0 0 13.7 25 230 M M 0 38 230
21 58 30 44 8 21 0 0.00 0.0 0 7.0 17 290 M M 1 23 280
22 46 20 33 -3 32 0 0.00 0.0 0 9.1 17 170 M M 0 1 21 170
23 57 27 42 6 23 0 0.00 0.0 0 15.5 26 220 M M 3 12 42 270
24 38 24 31 -5 34 0 0.00 0.0 0 9.7 22 10 M M 7 1 27 10
25 43 16 30 -6 35 0 T T 0 10.6 22 320 M M 5 128 30 340
26 25 14 20 -16 45 0 0.05 0.5 0 8.4 15 200 M M 9 1 18 190
27 43 5 24 -12 41 0 0.00 0.0 0 10.4 26 200 M M 1 1 32 200
28 53 29 41 5 24 0 0.00 0.0 0 18.9 26 250 M M 0 36 250
29 62 27 45 9 20 0 0.00 0.0 0 14.1 26 220 M M 0 36 240
30 55 32 44 8 21 0 0.00 0.0 0 18.2 44 340 M M 0 8 61 350
31 51 26 39 3 26 0 0.00 0.0 0 9.2 21 350 M M 0 29 10
================================================================================
SM 1488 689 920 0 0.30 3.2 357.0 M 56
================================================================================
AV 48.0 22.2 11.5 FASTST M M 2 MAX(MPH)
MISC ----> 44 340 61 350
================================================================================
NOTES:
# LAST OF SEVERAL OCCURRENCES
COLUMN 17 PEAK WIND IN M.P.H.
PRELIMINARY LOCAL CLIMATOLOGICAL DATA (WS FORM: F-6) , PAGE 2
STATION: CLAYTON NM
MONTH: JANUARY
YEAR: 2021
LATITUDE: 36 27 N
LONGITUDE: 103 9 W
[TEMPERATURE DATA] [PRECIPITATION DATA] SYMBOLS USED IN COLUMN 16
AVERAGE MONTHLY: 35.1 TOTAL FOR MONTH: 0.30 1 = FOG OR MIST
DPTR FM NORMAL: -0.4 DPTR FM NORMAL: -0.03 2 = FOG REDUCING VISIBILITY
HIGHEST: 65 ON 13 GRTST 24HR 0.33 ON 18-19 TO 1/4 MILE OR LESS
LOWEST: 4 ON 11 3 = THUNDER
SNOW, ICE PELLETS, HAIL 4 = ICE PELLETS
TOTAL MONTH: 3.2 INCHES 5 = HAIL
GRTST 24HR 1.8 ON 9- 9 6 = FREEZING RAIN OR DRIZZLE
GRTST DEPTH: 2 ON 10 7 = DUSTSTORM OR SANDSTORM:
VSBY 1/2 MILE OR LESS
8 = SMOKE OR HAZE
[NO. OF DAYS WITH] [WEATHER - DAYS WITH] 9 = BLOWING SNOW
X = TORNADO
MAX 32 OR BELOW: 2 0.01 INCH OR MORE: 4
MAX 90 OR ABOVE: 0 0.10 INCH OR MORE: 1
MIN 32 OR BELOW: 31 0.50 INCH OR MORE: 0
MIN 0 OR BELOW: 0 1.00 INCH OR MORE: 0
[HDD (BASE 65) ]
TOTAL THIS MO. 920 CLEAR (SCALE 0-3) 24
DPTR FM NORMAL 4 PTCLDY (SCALE 4-7) 6
TOTAL FM JUL 1 2836 CLOUDY (SCALE 8-10) 1
DPTR FM NORMAL -44
[CDD (BASE 65) ]
TOTAL THIS MO. 0
DPTR FM NORMAL 0 [PRESSURE DATA]
TOTAL FM JAN 1 0 HIGHEST SLP 30.55 ON 19
DPTR FM NORMAL 0 LOWEST SLP 29.41 ON 30
[REMARKS]
#FINAL-01-21#