000
CXUS55 KABQ 011408
CLMCAO
CLIMATE REPORT
NATIONAL WEATHER SERVICE ALBUQUERQUE NM
708 AM MST THU FEB 01 2024
...................................
...THE CLAYTON NM CLIMATE SUMMARY FOR THE MONTH OF JANUARY 2024...
CLIMATE NORMAL PERIOD 1991 TO 2020
CLIMATE RECORD PERIOD 1896 TO 2024
WEATHER OBSERVED NORMAL DEPART LAST YEAR`S
VALUE DATE(S) VALUE FROM VALUE DATE(S)
NORMAL
................................................................
TEMPERATURE (F)
RECORD
HIGH 80 01/10/1990
LOW -21 01/04/1959
HIGHEST 63 01/31 MM MM 70 01/10
LOWEST -5 01/13 20 -25 3 01/30
01/14
AVG. MAXIMUM 42.2 49.5 -7.3 46.5
AVG. MINIMUM 19.7 21.4 -1.7 22.1
MEAN 31.0 35.5 -4.5 34.3
DAYS MAX >= 90 0 0.0 0.0 0
DAYS MAX <= 32 7 3.1 3.9 4
DAYS MIN <= 32 29 27.5 1.5 26
DAYS MIN <= 0 4 0.3 3.7 0
PRECIPITATION (INCHES)
TOTALS 0.86 0.33 0.53 0.19
DAILY AVG. 0.03 0.01 0.02 0.01
DAYS >= .01 5 3.1 1.9 3
DAYS >= .10 3 0.8 2.2 1
DAYS >= .50 0 0.2 -0.2 0
DAYS >= 1.00 0 0.0 0.0 0
GREATEST
24 HR. TOTAL 0.44 01/04 TO 01/05 0.16
SNOWFALL (INCHES)
TOTALS 9.8 3.7 6.1 0.9
SINCE 7/1 13.8 14.4 -0.6 MM
DAYS >= 1.0 2 1.0 1.0 0
GREATEST
SNOW DEPTH 7R 01/08 1 01/31
24 HR TOTAL MM MM
DEGREE DAYS
HEATING TOTAL 1047 916 131 943
SINCE 7/1 2634 2880 -246 MM
COOLING TOTAL 0 0 0 0
SINCE 1/1 0 0 0 MM
................................................................
WIND (MPH)
AVERAGE WIND SPEED 11.5
HIGHEST WIND SPEED/DIRECTION 48/330 DATE 01/08
HIGHEST GUST SPEED/DIRECTION 65/320 DATE 01/08
SKY COVER
AVERAGE SKY COVER 0.21
AVERAGE RH (PERCENT) 68
WEATHER CONDITIONS. NUMBER OF DAYS WITH
THUNDERSTORM 0 MIXED PRECIP 0
HEAVY RAIN 0 RAIN 2
LIGHT RAIN 2 FREEZING RAIN 0
LT FREEZING RAIN 0 HAIL 0
HEAVY SNOW 1 SNOW 1
LIGHT SNOW 6 SLEET 0
FOG 11 FOG W/VIS <= 1/4 MILE 4
HAZE 1
- INDICATES NEGATIVE NUMBERS.
R INDICATES RECORD WAS SET OR TIED.
MM INDICATES DATA IS MISSING.
T INDICATES TRACE AMOUNT.
$$