000
CXUS55 KABQ 011409
CLMCAO
CLIMATE REPORT
NATIONAL WEATHER SERVICE ALBUQUERQUE NM
809 AM MDT SUN OCT 01 2023
...................................
...THE CLAYTON NM CLIMATE SUMMARY FOR THE MONTH OF SEPTEMBER 2023...
CLIMATE NORMAL PERIOD 1991 TO 2020
CLIMATE RECORD PERIOD 1896 TO 2023
WEATHER OBSERVED NORMAL DEPART LAST YEAR`S
VALUE DATE(S) VALUE FROM VALUE DATE(S)
NORMAL
................................................................
TEMPERATURE (F)
RECORD
HIGH 99 09/06/2020
09/05/2010
09/05/1948
LOW 26 09/29/1985
HIGHEST 98 09/07 MM MM 94 09/06
09/07
LOWEST 50 09/12 MM MM 48 09/10
AVG. MAXIMUM 84.7 80.3 4.4 85.4
AVG. MINIMUM 56.9 52.5 4.4 55.5
MEAN 70.8 66.4 4.4 70.5
DAYS MAX >= 90 7 4.6 2.4 8
DAYS MAX <= 32 0 0.0 0.0 0
DAYS MIN <= 32 0 0.1 -0.1 0
DAYS MIN <= 0 0 0.0 0.0 0
PRECIPITATION (INCHES)
TOTALS 1.57 1.75 -0.18 0.08
DAILY AVG. 0.05 0.06 -0.01 0.00
DAYS >= .01 5 6.3 -1.3 3
DAYS >= .10 2 3.2 -1.2 0
DAYS >= .50 1 1.0 0.0 0
DAYS >= 1.00 1 0.4 0.6 0
GREATEST
24 HR. TOTAL 1.00 09/30 TO 09/30 0.05
SNOWFALL (INCHES)
TOTALS 0.0 0.0 0.0 0.0
SINCE 7/1 0.0 0.0 0.0 MM
DAYS >= 1.0 0 0.0 0.0 0
GREATEST
SNOW DEPTH 0 0 MM
24 HR TOTAL MM MM
DEGREE DAYS
HEATING TOTAL 19 68 -49 16
SINCE 7/1 19 76 -57 MM
COOLING TOTAL 203 110 93 185
SINCE 1/1 1082 955 127 MM
................................................................
WIND (MPH)
AVERAGE WIND SPEED 11.2
HIGHEST WIND SPEED/DIRECTION 33/170 DATE 09/21
33/190 09/30
HIGHEST GUST SPEED/DIRECTION 47/250 DATE 09/30
SKY COVER
AVERAGE SKY COVER 0.19
AVERAGE RH (PERCENT) 51
WEATHER CONDITIONS. NUMBER OF DAYS WITH
THUNDERSTORM 4 MIXED PRECIP 0
HEAVY RAIN 2 RAIN 2
LIGHT RAIN 8 FREEZING RAIN 0
LT FREEZING RAIN 0 HAIL 0
HEAVY SNOW 0 SNOW 0
LIGHT SNOW 0 SLEET 0
FOG 6 FOG W/VIS <= 1/4 MILE 0
HAZE 6
- INDICATES NEGATIVE NUMBERS.
R INDICATES RECORD WAS SET OR TIED.
MM INDICATES DATA IS MISSING.
T INDICATES TRACE AMOUNT.
$$